{"id":39621,"date":"2024-07-22T11:34:58","date_gmt":"2024-07-22T16:34:58","guid":{"rendered":"https:\/\/mundoanimalito.com\/?page_id=39621"},"modified":"2024-09-03T16:03:04","modified_gmt":"2024-09-03T21:03:04","slug":"artero-dedales-limpiadores-para-los-oidos-de-perros-y-gatos","status":"publish","type":"page","link":"https:\/\/mundoanimalito.com\/index.php\/artero-dedales-limpiadores-para-los-oidos-de-perros-y-gatos\/","title":{"rendered":"Artero Dedales Limpiadores para los o\u00eddos de Perros y Gatos"},"content":{"rendered":"\t\t<div data-elementor-type=\"wp-page\" data-elementor-id=\"39621\" class=\"elementor elementor-39621\" data-elementor-post-type=\"page\">\n\t\t\t\t<div class=\"elementor-element elementor-element-0cf3585 e-flex e-con-boxed e-con e-parent\" data-id=\"0cf3585\" data-element_type=\"container\" data-e-type=\"container\">\n\t\t\t\t\t<div class=\"e-con-inner\">\n\t\t\t\t<div class=\"elementor-element elementor-element-f64e93c elementor-invisible elementor-widget elementor-widget-heading\" data-id=\"f64e93c\" data-element_type=\"widget\" data-e-type=\"widget\" data-settings=\"{&quot;_animation&quot;:&quot;fadeInDown&quot;}\" data-widget_type=\"heading.default\">\n\t\t\t\t<div class=\"elementor-widget-container\">\n\t\t\t\t\t<h1 class=\"elementor-heading-title elementor-size-default\">\u00bfPreocupado por la higiene auditiva de tu mascota?  Los Artero Dedales Limpiadores para O\u00eddos son la soluci\u00f3n ideal para mantener los o\u00eddos de tu perro limpios y saludables. <\/h1>\t\t\t\t<\/div>\n\t\t\t\t<\/div>\n\t\t\t\t\t<\/div>\n\t\t\t\t<\/div>\n\t\t<div class=\"elementor-element elementor-element-f53e2ec e-flex e-con-boxed e-con e-parent\" data-id=\"f53e2ec\" data-element_type=\"container\" data-e-type=\"container\">\n\t\t\t\t\t<div class=\"e-con-inner\">\n\t\t\t\t<div class=\"elementor-element elementor-element-133f09d elementor-widget elementor-widget-image\" data-id=\"133f09d\" data-element_type=\"widget\" data-e-type=\"widget\" data-widget_type=\"image.default\">\n\t\t\t\t<div class=\"elementor-widget-container\">\n\t\t\t\t\t\t\t\t\t\t\t\t\t\t\t\t<a href=\"https:\/\/amzn.to\/3WxDoKK\" target=\"_blank\">\n\t\t\t\t\t\t\t<img fetchpriority=\"high\" decoding=\"async\" width=\"664\" height=\"735\" src=\"https:\/\/mundoanimalito.com\/wp-content\/uploads\/2024\/07\/61sLw0kNuyL._AC_SL1100_.jpg\" class=\"attachment-medium_large size-medium_large wp-image-39596\" alt=\"Artero Dedales Limpiadores para los o\u00eddos de Perros y Gatos\" srcset=\"https:\/\/mundoanimalito.com\/wp-content\/uploads\/2024\/07\/61sLw0kNuyL._AC_SL1100_.jpg 664w, https:\/\/mundoanimalito.com\/wp-content\/uploads\/2024\/07\/61sLw0kNuyL._AC_SL1100_-271x300.jpg 271w\" sizes=\"(max-width: 664px) 100vw, 664px\" \/>\t\t\t\t\t\t\t\t<\/a>\n\t\t\t\t\t\t\t\t\t\t\t\t\t\t\t<\/div>\n\t\t\t\t<\/div>\n\t\t\t\t\t<\/div>\n\t\t\t\t<\/div>\n\t\t<div class=\"elementor-element elementor-element-533bc72 e-flex e-con-boxed e-con e-parent\" data-id=\"533bc72\" data-element_type=\"container\" data-e-type=\"container\">\n\t\t\t\t\t<div class=\"e-con-inner\">\n\t\t\t\t<div class=\"elementor-element elementor-element-de6ec7f elementor-align-right elementor-widget elementor-widget-button\" data-id=\"de6ec7f\" data-element_type=\"widget\" data-e-type=\"widget\" data-widget_type=\"button.default\">\n\t\t\t\t<div class=\"elementor-widget-container\">\n\t\t\t\t\t\t\t\t\t<div class=\"elementor-button-wrapper\">\n\t\t\t\t\t<a class=\"elementor-button elementor-button-link elementor-size-sm\" href=\"https:\/\/amzn.to\/3WxDoKK\" target=\"_blank\">\n\t\t\t\t\t\t<span class=\"elementor-button-content-wrapper\">\n\t\t\t\t\t\t\t\t\t<span class=\"elementor-button-text\">Compra ahora en Amazon<\/span>\n\t\t\t\t\t<\/span>\n\t\t\t\t\t<\/a>\n\t\t\t\t<\/div>\n\t\t\t\t\t\t\t\t<\/div>\n\t\t\t\t<\/div>\n\t\t\t\t\t<\/div>\n\t\t\t\t<\/div>\n\t\t<div class=\"elementor-element elementor-element-48227b9 e-flex e-con-boxed e-con e-parent\" data-id=\"48227b9\" data-element_type=\"container\" data-e-type=\"container\">\n\t\t\t\t\t<div class=\"e-con-inner\">\n\t\t\t\t<div class=\"elementor-element elementor-element-dc2d409 elementor-widget elementor-widget-text-editor\" data-id=\"dc2d409\" data-element_type=\"widget\" data-e-type=\"widget\" data-widget_type=\"text-editor.default\">\n\t\t\t\t<div class=\"elementor-widget-container\">\n\t\t\t\t\t\t\t\t\t<p><strong>\u00a1Mant\u00e9n los o\u00eddos de tu mascota limpios y sanos con Artero Dedales Limpiadores para O\u00eddos de Perros y Gatos!<\/strong><\/p>\t\t\t\t\t\t\t\t<\/div>\n\t\t\t\t<\/div>\n\t\t\t\t\t<\/div>\n\t\t\t\t<\/div>\n\t\t<div class=\"elementor-element elementor-element-fc02b0c e-flex e-con-boxed e-con e-parent\" data-id=\"fc02b0c\" data-element_type=\"container\" data-e-type=\"container\">\n\t\t\t\t\t<div class=\"e-con-inner\">\n\t\t\t\t<div class=\"elementor-element elementor-element-81e621f elementor-widget elementor-widget-text-editor\" data-id=\"81e621f\" data-element_type=\"widget\" data-e-type=\"widget\" data-widget_type=\"text-editor.default\">\n\t\t\t\t<div class=\"elementor-widget-container\">\n\t\t\t\t\t\t\t\t\t<p>\u00bfPreocupado por la higiene auditiva de tu mascota?\u00a0 Los Artero Dedales Limpiadores para O\u00eddos son la soluci\u00f3n ideal para mantener los o\u00eddos de tu perro o gato limpios y saludables. Descubre c\u00f3mo estos dedales pueden transformar el cuidado auditivo de tu mascota, ofreci\u00e9ndote una soluci\u00f3n r\u00e1pida y eficaz.\u00a0<\/p><p>\u00a0<\/p><p><strong>\ud83e\uddfcHigiene R\u00e1pida y Eficaz:\u00a0<\/strong> \u00a1Adi\u00f3s al cerumen y la suciedad! Los Artero Dedales Limpiadores eliminan de manera r\u00e1pida y efectiva el cerumen y la suciedad de la zona externa del o\u00eddo de tu mascota. Esto asegura que sus o\u00eddos est\u00e9n siempre limpios y saludables, previniendo infecciones y otros problemas auditivos.\u00a0<\/p><p>\u00a0<\/p><p>\ud83d\udc3eA<strong>pto para Todas las Razas y Edades:\u00a0<\/strong>\u00a1Versatilidad para todos! Estos dedales est\u00e1n especialmente formulados para ser seguros y efectivos en perros y gatos de todas las razas y edades. Ya sea que tengas un cachorro, un gato adulto o una mascota mayor, los dedales Artero son perfectos para mantener sus o\u00eddos limpios.\u00a0<\/p><p>\u00a0<\/p><p>\ud83c\udf38<strong>Uso Sencillo y Desechable:<\/strong>\u00a0 \u00a1F\u00e1cil y conveniente! Cada pack contiene 50 dedales de un solo uso, lo que hace que la limpieza de los o\u00eddos de tu mascota sea simple y pr\u00e1ctica. Solo necesitas introducir el dedo en el dedal y limpiar en forma circular. Despu\u00e9s, des\u00e9chalo f\u00e1cilmente en la papelera. \u00a1Higiene asegurada con cada uso!\u00a0<\/p><p>\u00a0<\/p><p><strong>\ud83d\udee1\ufe0fF\u00f3rmula Suave y Segura:\u00a0 <\/strong>\u00a1Cuida a tu mascota con suavidad! \ud83c\udf3c Las f\u00f3rmulas de los dedales Artero est\u00e1n dise\u00f1adas para ser suaves y seguras, eliminando la suciedad sin causar irritaci\u00f3n. Mant\u00e9n los o\u00eddos de tu mascota limpios y c\u00f3modos, sin preocuparte por efectos negativos.<\/p><p>\u00a0<\/p><p><strong>No esperes m\u00e1s para mejorar la higiene auditiva de tu mascota. Mant\u00e9n sus o\u00eddos limpios y saludables con Artero Dedales Limpiadores para O\u00eddos de Perros y Gatos. Compra ahora en Amazon y disfruta de todos estos beneficios. \u00a1Tu mascota y t\u00fa lo merecen!\u00a0<\/strong><\/p><p><strong>\u00a1Compra ahora en Amazon y mejora la higiene auditiva de tu mascota!<\/strong><\/p>\t\t\t\t\t\t\t\t<\/div>\n\t\t\t\t<\/div>\n\t\t\t\t\t<\/div>\n\t\t\t\t<\/div>\n\t\t<div class=\"elementor-element elementor-element-2aad10b e-flex e-con-boxed e-con e-parent\" data-id=\"2aad10b\" data-element_type=\"container\" data-e-type=\"container\">\n\t\t\t\t\t<div class=\"e-con-inner\">\n\t\t\t\t<div class=\"elementor-element elementor-element-9a290fa elementor-align-right elementor-widget elementor-widget-button\" data-id=\"9a290fa\" data-element_type=\"widget\" data-e-type=\"widget\" data-widget_type=\"button.default\">\n\t\t\t\t<div class=\"elementor-widget-container\">\n\t\t\t\t\t\t\t\t\t<div class=\"elementor-button-wrapper\">\n\t\t\t\t\t<a class=\"elementor-button elementor-button-link elementor-size-sm\" href=\"https:\/\/amzn.to\/3WxDoKK\" target=\"_blank\">\n\t\t\t\t\t\t<span class=\"elementor-button-content-wrapper\">\n\t\t\t\t\t\t\t\t\t<span class=\"elementor-button-text\">Compra ahora en Amazon<\/span>\n\t\t\t\t\t<\/span>\n\t\t\t\t\t<\/a>\n\t\t\t\t<\/div>\n\t\t\t\t\t\t\t\t<\/div>\n\t\t\t\t<\/div>\n\t\t\t\t\t<\/div>\n\t\t\t\t<\/div>\n\t\t<div class=\"elementor-element elementor-element-36d93d4 e-flex e-con-boxed e-con e-parent\" data-id=\"36d93d4\" data-element_type=\"container\" data-e-type=\"container\">\n\t\t\t\t\t<div class=\"e-con-inner\">\n\t\t\t\t<div class=\"elementor-element elementor-element-f8f48fb elementor-widget elementor-widget-image\" data-id=\"f8f48fb\" data-element_type=\"widget\" data-e-type=\"widget\" data-widget_type=\"image.default\">\n\t\t\t\t<div class=\"elementor-widget-container\">\n\t\t\t\t\t\t\t\t\t\t\t\t\t\t\t<img decoding=\"async\" width=\"768\" height=\"609\" src=\"https:\/\/mundoanimalito.com\/wp-content\/uploads\/2024\/07\/611Ao8i4j1L._AC_SL1500_-768x609.jpg\" class=\"attachment-medium_large size-medium_large wp-image-39714\" alt=\"Artero Dedales Limpiadores para los o\u00eddos de Perros y Gatos\" srcset=\"https:\/\/mundoanimalito.com\/wp-content\/uploads\/2024\/07\/611Ao8i4j1L._AC_SL1500_-768x609.jpg 768w, https:\/\/mundoanimalito.com\/wp-content\/uploads\/2024\/07\/611Ao8i4j1L._AC_SL1500_-300x238.jpg 300w, https:\/\/mundoanimalito.com\/wp-content\/uploads\/2024\/07\/611Ao8i4j1L._AC_SL1500_-1024x812.jpg 1024w, https:\/\/mundoanimalito.com\/wp-content\/uploads\/2024\/07\/611Ao8i4j1L._AC_SL1500_.jpg 1500w\" sizes=\"(max-width: 768px) 100vw, 768px\" \/>\t\t\t\t\t\t\t\t\t\t\t\t\t\t\t<\/div>\n\t\t\t\t<\/div>\n\t\t\t\t\t<\/div>\n\t\t\t\t<\/div>\n\t\t<div class=\"elementor-element elementor-element-60f8e87 e-flex e-con-boxed e-con e-parent\" data-id=\"60f8e87\" data-element_type=\"container\" data-e-type=\"container\">\n\t\t\t\t\t<div class=\"e-con-inner\">\n\t\t\t\t<div class=\"elementor-element elementor-element-537eaa3 elementor-widget elementor-widget-text-editor\" data-id=\"537eaa3\" data-element_type=\"widget\" data-e-type=\"widget\" data-widget_type=\"text-editor.default\">\n\t\t\t\t<div class=\"elementor-widget-container\">\n\t\t\t\t\t\t\t\t\t<p><strong>\u00bfPor Qu\u00e9 Elegir Artero Dedales Limpiadores?\u00a0<\/strong><\/p><p>\u00a0<\/p><p>Artero es una empresa espa\u00f1ola con m\u00e1s de 100 a\u00f1os de experiencia en el cuidado profesional de mascotas. Sus productos est\u00e1n garantizados para ofrecer la mejor calidad y efectividad, asegurando que tu mascota reciba el mejor cuidado posible. \u00a1Conf\u00eda en la experiencia y el compromiso de Artero! \ud83c\uddea\ud83c\uddf8<\/p>\t\t\t\t\t\t\t\t<\/div>\n\t\t\t\t<\/div>\n\t\t\t\t\t<\/div>\n\t\t\t\t<\/div>\n\t\t<div class=\"elementor-element elementor-element-47e435d e-flex e-con-boxed e-con e-parent\" data-id=\"47e435d\" data-element_type=\"container\" data-e-type=\"container\">\n\t\t\t\t\t<div class=\"e-con-inner\">\n\t\t\t\t<div class=\"elementor-element elementor-element-5b281b9 elementor-align-right elementor-widget elementor-widget-button\" data-id=\"5b281b9\" data-element_type=\"widget\" data-e-type=\"widget\" data-widget_type=\"button.default\">\n\t\t\t\t<div class=\"elementor-widget-container\">\n\t\t\t\t\t\t\t\t\t<div class=\"elementor-button-wrapper\">\n\t\t\t\t\t<a class=\"elementor-button elementor-button-link elementor-size-sm\" href=\"https:\/\/amzn.to\/3WxDoKK\" target=\"_blank\">\n\t\t\t\t\t\t<span class=\"elementor-button-content-wrapper\">\n\t\t\t\t\t\t\t\t\t<span class=\"elementor-button-text\">Compra ahora en Amazon<\/span>\n\t\t\t\t\t<\/span>\n\t\t\t\t\t<\/a>\n\t\t\t\t<\/div>\n\t\t\t\t\t\t\t\t<\/div>\n\t\t\t\t<\/div>\n\t\t\t\t\t<\/div>\n\t\t\t\t<\/div>\n\t\t\t\t<\/div>\n\t\t","protected":false},"excerpt":{"rendered":"<p>\u00bfPreocupado por la higiene auditiva de tu mascota? Los Artero Dedales Limpiadores para O\u00eddos son la soluci\u00f3n ideal para mantener los o\u00eddos de tu perro limpios y saludables. Compra ahora en Amazon \u00a1Mant\u00e9n los o\u00eddos de tu mascota limpios y sanos con Artero Dedales Limpiadores para O\u00eddos de Perros y Gatos! \u00bfPreocupado por la higiene [&hellip;]<\/p>\n","protected":false},"author":1,"featured_media":0,"parent":0,"menu_order":0,"comment_status":"closed","ping_status":"closed","template":"","meta":{"site-sidebar-layout":"no-sidebar","site-content-layout":"page-builder","ast-site-content-layout":"full-width-container","site-content-style":"default","site-sidebar-style":"default","ast-global-header-display":"","ast-banner-title-visibility":"","ast-main-header-display":"","ast-hfb-above-header-display":"","ast-hfb-below-header-display":"","ast-hfb-mobile-header-display":"","site-post-title":"disabled","ast-breadcrumbs-content":"","ast-featured-img":"disabled","footer-sml-layout":"","ast-disable-related-posts":"","theme-transparent-header-meta":"","adv-header-id-meta":"","stick-header-meta":"","header-above-stick-meta":"","header-main-stick-meta":"","header-below-stick-meta":"","astra-migrate-meta-layouts":"set","ast-page-background-enabled":"default","ast-page-background-meta":{"desktop":{"background-color":"var(--ast-global-color-4)","background-image":"","background-repeat":"repeat","background-position":"center center","background-size":"auto","background-attachment":"scroll","background-type":"","background-media":"","overlay-type":"","overlay-color":"","overlay-opacity":"","overlay-gradient":""},"tablet":{"background-color":"","background-image":"","background-repeat":"repeat","background-position":"center center","background-size":"auto","background-attachment":"scroll","background-type":"","background-media":"","overlay-type":"","overlay-color":"","overlay-opacity":"","overlay-gradient":""},"mobile":{"background-color":"","background-image":"","background-repeat":"repeat","background-position":"center center","background-size":"auto","background-attachment":"scroll","background-type":"","background-media":"","overlay-type":"","overlay-color":"","overlay-opacity":"","overlay-gradient":""}},"ast-content-background-meta":{"desktop":{"background-color":"var(--ast-global-color-5)","background-image":"","background-repeat":"repeat","background-position":"center center","background-size":"auto","background-attachment":"scroll","background-type":"","background-media":"","overlay-type":"","overlay-color":"","overlay-opacity":"","overlay-gradient":""},"tablet":{"background-color":"var(--ast-global-color-5)","background-image":"","background-repeat":"repeat","background-position":"center center","background-size":"auto","background-attachment":"scroll","background-type":"","background-media":"","overlay-type":"","overlay-color":"","overlay-opacity":"","overlay-gradient":""},"mobile":{"background-color":"var(--ast-global-color-5)","background-image":"","background-repeat":"repeat","background-position":"center center","background-size":"auto","background-attachment":"scroll","background-type":"","background-media":"","overlay-type":"","overlay-color":"","overlay-opacity":"","overlay-gradient":""}},"footnotes":""},"class_list":["post-39621","page","type-page","status-publish","hentry"],"yoast_head":"<!-- This site is optimized with the Yoast SEO plugin v27.4 - https:\/\/yoast.com\/product\/yoast-seo-wordpress\/ -->\n<title>Artero Dedales Limpiadores para los o\u00eddos de Perros y Gatos | Mundo Animalito<\/title>\n<meta name=\"description\" content=\"\u00bfPreocupado por la higiene auditiva de tu mascota? Los Artero Dedales Limpiadores para O\u00eddos son la soluci\u00f3n ideal para mantener los o\u00eddos de tu perro limpios y saludables.\" \/>\n<meta name=\"robots\" content=\"index, follow, max-snippet:-1, max-image-preview:large, max-video-preview:-1\" \/>\n<link rel=\"canonical\" href=\"https:\/\/mundoanimalito.com\/index.php\/artero-dedales-limpiadores-para-los-oidos-de-perros-y-gatos\/\" \/>\n<meta property=\"og:locale\" content=\"es_ES\" \/>\n<meta property=\"og:type\" content=\"article\" \/>\n<meta property=\"og:title\" content=\"Artero Dedales Limpiadores para los o\u00eddos de Perros y Gatos | Mundo Animalito\" \/>\n<meta property=\"og:description\" content=\"\u00bfPreocupado por la higiene auditiva de tu mascota? Los Artero Dedales Limpiadores para O\u00eddos son la soluci\u00f3n ideal para mantener los o\u00eddos de tu perro limpios y saludables.\" \/>\n<meta property=\"og:url\" content=\"https:\/\/mundoanimalito.com\/index.php\/artero-dedales-limpiadores-para-los-oidos-de-perros-y-gatos\/\" \/>\n<meta property=\"og:site_name\" content=\"Mundo Animalito\" \/>\n<meta property=\"article:publisher\" content=\"https:\/\/www.facebook.com\/mundoanimalito77\" \/>\n<meta property=\"article:modified_time\" content=\"2024-09-03T21:03:04+00:00\" \/>\n<meta property=\"og:image\" content=\"https:\/\/mundoanimalito.com\/wp-content\/uploads\/2024\/07\/61sLw0kNuyL._AC_SL1100_.jpg\" \/>\n<meta name=\"twitter:card\" content=\"summary_large_image\" \/>\n<meta name=\"twitter:label1\" content=\"Tiempo de lectura\" \/>\n\t<meta name=\"twitter:data1\" content=\"3 minutos\" \/>\n<script type=\"application\/ld+json\" class=\"yoast-schema-graph\">{\"@context\":\"https:\\\/\\\/schema.org\",\"@graph\":[{\"@type\":\"WebPage\",\"@id\":\"https:\\\/\\\/mundoanimalito.com\\\/index.php\\\/artero-dedales-limpiadores-para-los-oidos-de-perros-y-gatos\\\/\",\"url\":\"https:\\\/\\\/mundoanimalito.com\\\/index.php\\\/artero-dedales-limpiadores-para-los-oidos-de-perros-y-gatos\\\/\",\"name\":\"Artero Dedales Limpiadores para los o\u00eddos de Perros y Gatos | Mundo Animalito\",\"isPartOf\":{\"@id\":\"https:\\\/\\\/mundoanimalito.com\\\/#website\"},\"primaryImageOfPage\":{\"@id\":\"https:\\\/\\\/mundoanimalito.com\\\/index.php\\\/artero-dedales-limpiadores-para-los-oidos-de-perros-y-gatos\\\/#primaryimage\"},\"image\":{\"@id\":\"https:\\\/\\\/mundoanimalito.com\\\/index.php\\\/artero-dedales-limpiadores-para-los-oidos-de-perros-y-gatos\\\/#primaryimage\"},\"thumbnailUrl\":\"https:\\\/\\\/mundoanimalito.com\\\/wp-content\\\/uploads\\\/2024\\\/07\\\/61sLw0kNuyL._AC_SL1100_.jpg\",\"datePublished\":\"2024-07-22T16:34:58+00:00\",\"dateModified\":\"2024-09-03T21:03:04+00:00\",\"description\":\"\u00bfPreocupado por la higiene auditiva de tu mascota? Los Artero Dedales Limpiadores para O\u00eddos son la soluci\u00f3n ideal para mantener los o\u00eddos de tu perro limpios y saludables.\",\"breadcrumb\":{\"@id\":\"https:\\\/\\\/mundoanimalito.com\\\/index.php\\\/artero-dedales-limpiadores-para-los-oidos-de-perros-y-gatos\\\/#breadcrumb\"},\"inLanguage\":\"es\",\"potentialAction\":[{\"@type\":\"ReadAction\",\"target\":[\"https:\\\/\\\/mundoanimalito.com\\\/index.php\\\/artero-dedales-limpiadores-para-los-oidos-de-perros-y-gatos\\\/\"]}]},{\"@type\":\"ImageObject\",\"inLanguage\":\"es\",\"@id\":\"https:\\\/\\\/mundoanimalito.com\\\/index.php\\\/artero-dedales-limpiadores-para-los-oidos-de-perros-y-gatos\\\/#primaryimage\",\"url\":\"https:\\\/\\\/mundoanimalito.com\\\/wp-content\\\/uploads\\\/2024\\\/07\\\/61sLw0kNuyL._AC_SL1100_.jpg\",\"contentUrl\":\"https:\\\/\\\/mundoanimalito.com\\\/wp-content\\\/uploads\\\/2024\\\/07\\\/61sLw0kNuyL._AC_SL1100_.jpg\",\"width\":664,\"height\":735,\"caption\":\"Artero Dedales Limpiadores para los o\u00eddos de Perros y Gatos\"},{\"@type\":\"BreadcrumbList\",\"@id\":\"https:\\\/\\\/mundoanimalito.com\\\/index.php\\\/artero-dedales-limpiadores-para-los-oidos-de-perros-y-gatos\\\/#breadcrumb\",\"itemListElement\":[{\"@type\":\"ListItem\",\"position\":1,\"name\":\"Portada\",\"item\":\"https:\\\/\\\/mundoanimalito.com\\\/\"},{\"@type\":\"ListItem\",\"position\":2,\"name\":\"Artero Dedales Limpiadores para los o\u00eddos de Perros y Gatos\"}]},{\"@type\":\"WebSite\",\"@id\":\"https:\\\/\\\/mundoanimalito.com\\\/#website\",\"url\":\"https:\\\/\\\/mundoanimalito.com\\\/\",\"name\":\"Mundo Animalito\",\"description\":\"Datos y curiosidades de los animales, encuentra ac\u00e1 todo para tu mascota\",\"publisher\":{\"@id\":\"https:\\\/\\\/mundoanimalito.com\\\/#organization\"},\"potentialAction\":[{\"@type\":\"SearchAction\",\"target\":{\"@type\":\"EntryPoint\",\"urlTemplate\":\"https:\\\/\\\/mundoanimalito.com\\\/?s={search_term_string}\"},\"query-input\":{\"@type\":\"PropertyValueSpecification\",\"valueRequired\":true,\"valueName\":\"search_term_string\"}}],\"inLanguage\":\"es\"},{\"@type\":\"Organization\",\"@id\":\"https:\\\/\\\/mundoanimalito.com\\\/#organization\",\"name\":\"Mundo Animalito\",\"url\":\"https:\\\/\\\/mundoanimalito.com\\\/\",\"logo\":{\"@type\":\"ImageObject\",\"inLanguage\":\"es\",\"@id\":\"https:\\\/\\\/mundoanimalito.com\\\/#\\\/schema\\\/logo\\\/image\\\/\",\"url\":\"https:\\\/\\\/mundoanimalito.com\\\/wp-content\\\/uploads\\\/2023\\\/10\\\/cropped-cropped-LOGO-OFICIAL-ULTIMA-VERSION-1.jpg\",\"contentUrl\":\"https:\\\/\\\/mundoanimalito.com\\\/wp-content\\\/uploads\\\/2023\\\/10\\\/cropped-cropped-LOGO-OFICIAL-ULTIMA-VERSION-1.jpg\",\"width\":374,\"height\":425,\"caption\":\"Mundo Animalito\"},\"image\":{\"@id\":\"https:\\\/\\\/mundoanimalito.com\\\/#\\\/schema\\\/logo\\\/image\\\/\"},\"sameAs\":[\"https:\\\/\\\/www.facebook.com\\\/mundoanimalito77\",\"https:\\\/\\\/www.instagram.com\\\/mundoanimalito77\\\/\",\"https:\\\/\\\/www.tiktok.com\\\/@mundoanimalito77\",\"https:\\\/\\\/www.youtube.com\\\/channel\\\/UCLo2JhNUNtHVraDt5aHadew\"]}]}<\/script>\n<!-- \/ Yoast SEO plugin. -->","yoast_head_json":{"title":"Artero Dedales Limpiadores para los o\u00eddos de Perros y Gatos | Mundo Animalito","description":"\u00bfPreocupado por la higiene auditiva de tu mascota? Los Artero Dedales Limpiadores para O\u00eddos son la soluci\u00f3n ideal para mantener los o\u00eddos de tu perro limpios y saludables.","robots":{"index":"index","follow":"follow","max-snippet":"max-snippet:-1","max-image-preview":"max-image-preview:large","max-video-preview":"max-video-preview:-1"},"canonical":"https:\/\/mundoanimalito.com\/index.php\/artero-dedales-limpiadores-para-los-oidos-de-perros-y-gatos\/","og_locale":"es_ES","og_type":"article","og_title":"Artero Dedales Limpiadores para los o\u00eddos de Perros y Gatos | Mundo Animalito","og_description":"\u00bfPreocupado por la higiene auditiva de tu mascota? Los Artero Dedales Limpiadores para O\u00eddos son la soluci\u00f3n ideal para mantener los o\u00eddos de tu perro limpios y saludables.","og_url":"https:\/\/mundoanimalito.com\/index.php\/artero-dedales-limpiadores-para-los-oidos-de-perros-y-gatos\/","og_site_name":"Mundo Animalito","article_publisher":"https:\/\/www.facebook.com\/mundoanimalito77","article_modified_time":"2024-09-03T21:03:04+00:00","og_image":[{"url":"https:\/\/mundoanimalito.com\/wp-content\/uploads\/2024\/07\/61sLw0kNuyL._AC_SL1100_.jpg","type":"","width":"","height":""}],"twitter_card":"summary_large_image","twitter_misc":{"Tiempo de lectura":"3 minutos"},"schema":{"@context":"https:\/\/schema.org","@graph":[{"@type":"WebPage","@id":"https:\/\/mundoanimalito.com\/index.php\/artero-dedales-limpiadores-para-los-oidos-de-perros-y-gatos\/","url":"https:\/\/mundoanimalito.com\/index.php\/artero-dedales-limpiadores-para-los-oidos-de-perros-y-gatos\/","name":"Artero Dedales Limpiadores para los o\u00eddos de Perros y Gatos | Mundo Animalito","isPartOf":{"@id":"https:\/\/mundoanimalito.com\/#website"},"primaryImageOfPage":{"@id":"https:\/\/mundoanimalito.com\/index.php\/artero-dedales-limpiadores-para-los-oidos-de-perros-y-gatos\/#primaryimage"},"image":{"@id":"https:\/\/mundoanimalito.com\/index.php\/artero-dedales-limpiadores-para-los-oidos-de-perros-y-gatos\/#primaryimage"},"thumbnailUrl":"https:\/\/mundoanimalito.com\/wp-content\/uploads\/2024\/07\/61sLw0kNuyL._AC_SL1100_.jpg","datePublished":"2024-07-22T16:34:58+00:00","dateModified":"2024-09-03T21:03:04+00:00","description":"\u00bfPreocupado por la higiene auditiva de tu mascota? Los Artero Dedales Limpiadores para O\u00eddos son la soluci\u00f3n ideal para mantener los o\u00eddos de tu perro limpios y saludables.","breadcrumb":{"@id":"https:\/\/mundoanimalito.com\/index.php\/artero-dedales-limpiadores-para-los-oidos-de-perros-y-gatos\/#breadcrumb"},"inLanguage":"es","potentialAction":[{"@type":"ReadAction","target":["https:\/\/mundoanimalito.com\/index.php\/artero-dedales-limpiadores-para-los-oidos-de-perros-y-gatos\/"]}]},{"@type":"ImageObject","inLanguage":"es","@id":"https:\/\/mundoanimalito.com\/index.php\/artero-dedales-limpiadores-para-los-oidos-de-perros-y-gatos\/#primaryimage","url":"https:\/\/mundoanimalito.com\/wp-content\/uploads\/2024\/07\/61sLw0kNuyL._AC_SL1100_.jpg","contentUrl":"https:\/\/mundoanimalito.com\/wp-content\/uploads\/2024\/07\/61sLw0kNuyL._AC_SL1100_.jpg","width":664,"height":735,"caption":"Artero Dedales Limpiadores para los o\u00eddos de Perros y Gatos"},{"@type":"BreadcrumbList","@id":"https:\/\/mundoanimalito.com\/index.php\/artero-dedales-limpiadores-para-los-oidos-de-perros-y-gatos\/#breadcrumb","itemListElement":[{"@type":"ListItem","position":1,"name":"Portada","item":"https:\/\/mundoanimalito.com\/"},{"@type":"ListItem","position":2,"name":"Artero Dedales Limpiadores para los o\u00eddos de Perros y Gatos"}]},{"@type":"WebSite","@id":"https:\/\/mundoanimalito.com\/#website","url":"https:\/\/mundoanimalito.com\/","name":"Mundo Animalito","description":"Datos y curiosidades de los animales, encuentra ac\u00e1 todo para tu mascota","publisher":{"@id":"https:\/\/mundoanimalito.com\/#organization"},"potentialAction":[{"@type":"SearchAction","target":{"@type":"EntryPoint","urlTemplate":"https:\/\/mundoanimalito.com\/?s={search_term_string}"},"query-input":{"@type":"PropertyValueSpecification","valueRequired":true,"valueName":"search_term_string"}}],"inLanguage":"es"},{"@type":"Organization","@id":"https:\/\/mundoanimalito.com\/#organization","name":"Mundo Animalito","url":"https:\/\/mundoanimalito.com\/","logo":{"@type":"ImageObject","inLanguage":"es","@id":"https:\/\/mundoanimalito.com\/#\/schema\/logo\/image\/","url":"https:\/\/mundoanimalito.com\/wp-content\/uploads\/2023\/10\/cropped-cropped-LOGO-OFICIAL-ULTIMA-VERSION-1.jpg","contentUrl":"https:\/\/mundoanimalito.com\/wp-content\/uploads\/2023\/10\/cropped-cropped-LOGO-OFICIAL-ULTIMA-VERSION-1.jpg","width":374,"height":425,"caption":"Mundo Animalito"},"image":{"@id":"https:\/\/mundoanimalito.com\/#\/schema\/logo\/image\/"},"sameAs":["https:\/\/www.facebook.com\/mundoanimalito77","https:\/\/www.instagram.com\/mundoanimalito77\/","https:\/\/www.tiktok.com\/@mundoanimalito77","https:\/\/www.youtube.com\/channel\/UCLo2JhNUNtHVraDt5aHadew"]}]}},"_links":{"self":[{"href":"https:\/\/mundoanimalito.com\/index.php\/wp-json\/wp\/v2\/pages\/39621","targetHints":{"allow":["GET"]}}],"collection":[{"href":"https:\/\/mundoanimalito.com\/index.php\/wp-json\/wp\/v2\/pages"}],"about":[{"href":"https:\/\/mundoanimalito.com\/index.php\/wp-json\/wp\/v2\/types\/page"}],"author":[{"embeddable":true,"href":"https:\/\/mundoanimalito.com\/index.php\/wp-json\/wp\/v2\/users\/1"}],"replies":[{"embeddable":true,"href":"https:\/\/mundoanimalito.com\/index.php\/wp-json\/wp\/v2\/comments?post=39621"}],"version-history":[{"count":0,"href":"https:\/\/mundoanimalito.com\/index.php\/wp-json\/wp\/v2\/pages\/39621\/revisions"}],"wp:attachment":[{"href":"https:\/\/mundoanimalito.com\/index.php\/wp-json\/wp\/v2\/media?parent=39621"}],"curies":[{"name":"wp","href":"https:\/\/api.w.org\/{rel}","templated":true}]}}