{"id":32428,"date":"2024-05-20T08:56:42","date_gmt":"2024-05-20T13:56:42","guid":{"rendered":"https:\/\/mundoanimalito.com\/?page_id=32428"},"modified":"2024-09-23T09:15:01","modified_gmt":"2024-09-23T14:15:01","slug":"trixie-manta-para-perros-mascotas-manta-sofa-suave-manta-para-mascotas-perros","status":"publish","type":"page","link":"https:\/\/mundoanimalito.com\/index.php\/trixie-manta-para-perros-mascotas-manta-sofa-suave-manta-para-mascotas-perros\/","title":{"rendered":"Trixie Manta para Perros Mascotas &#8211; Manta Sofa Suave Manta para Mascotas Perros\u00a0"},"content":{"rendered":"\t\t<div data-elementor-type=\"wp-page\" data-elementor-id=\"32428\" class=\"elementor elementor-32428\" data-elementor-post-type=\"page\">\n\t\t\t\t<div class=\"elementor-element elementor-element-8dd1ca1 e-flex e-con-boxed e-con e-parent\" data-id=\"8dd1ca1\" data-element_type=\"container\" data-e-type=\"container\">\n\t\t\t\t\t<div class=\"e-con-inner\">\n\t\t\t\t<div class=\"elementor-element elementor-element-6b0d62b elementor-invisible elementor-widget elementor-widget-heading\" data-id=\"6b0d62b\" data-element_type=\"widget\" data-e-type=\"widget\" data-settings=\"{&quot;_animation&quot;:&quot;fadeInDown&quot;}\" data-widget_type=\"heading.default\">\n\t\t\t\t<div class=\"elementor-widget-container\">\n\t\t\t\t\t<h2 class=\"elementor-heading-title elementor-size-default\">\u00bfQuieres ofrecerle a tu perro el lugar m\u00e1s c\u00e1lido y acogedor para descansar? La Manta Trixie para Perros es la elecci\u00f3n perfecta para mantener a tu mascota c\u00f3moda y feliz en cualquier lugar de tu hogar. Dise\u00f1ada con materiales de alta calidad,  manta suave y de c\u00e1lida <\/h2>\t\t\t\t<\/div>\n\t\t\t\t<\/div>\n\t\t\t\t\t<\/div>\n\t\t\t\t<\/div>\n\t\t<div class=\"elementor-element elementor-element-dba3899 e-flex e-con-boxed e-con e-parent\" data-id=\"dba3899\" data-element_type=\"container\" data-e-type=\"container\">\n\t\t\t\t\t<div class=\"e-con-inner\">\n\t\t<div class=\"elementor-element elementor-element-ff5c6a8 e-con-full e-flex e-con e-child\" data-id=\"ff5c6a8\" data-element_type=\"container\" data-e-type=\"container\">\n\t\t\t\t<div class=\"elementor-element elementor-element-833d302 elementor-widget elementor-widget-image\" data-id=\"833d302\" data-element_type=\"widget\" data-e-type=\"widget\" data-widget_type=\"image.default\">\n\t\t\t\t<div class=\"elementor-widget-container\">\n\t\t\t\t\t\t\t\t\t\t\t\t\t\t\t\t<a href=\"https:\/\/amzn.to\/3KbhbLq\" target=\"_blank\">\n\t\t\t\t\t\t\t<img fetchpriority=\"high\" decoding=\"async\" width=\"1024\" height=\"593\" src=\"https:\/\/mundoanimalito.com\/wp-content\/uploads\/2024\/05\/000-4-1024x593.jpg\" class=\"attachment-large size-large wp-image-32403\" alt=\"Trixie Manta para Perros Mascotas - Manta Sofa Suave Manta para Mascotas Perros Gatos C\u00e1lida Protecci\u00f3n Manta Beany 100x70 cm Beige\" srcset=\"https:\/\/mundoanimalito.com\/wp-content\/uploads\/2024\/05\/000-4-1024x593.jpg 1024w, https:\/\/mundoanimalito.com\/wp-content\/uploads\/2024\/05\/000-4-300x174.jpg 300w, https:\/\/mundoanimalito.com\/wp-content\/uploads\/2024\/05\/000-4-768x445.jpg 768w, https:\/\/mundoanimalito.com\/wp-content\/uploads\/2024\/05\/000-4.jpg 1465w\" sizes=\"(max-width: 1024px) 100vw, 1024px\" \/>\t\t\t\t\t\t\t\t<\/a>\n\t\t\t\t\t\t\t\t\t\t\t\t\t\t\t<\/div>\n\t\t\t\t<\/div>\n\t\t\t\t<\/div>\n\t\t<div class=\"elementor-element elementor-element-76faaea e-con-full e-flex e-con e-child\" data-id=\"76faaea\" data-element_type=\"container\" data-e-type=\"container\">\n\t\t\t\t<div class=\"elementor-element elementor-element-1632464 elementor-widget elementor-widget-text-editor\" data-id=\"1632464\" data-element_type=\"widget\" data-e-type=\"widget\" data-widget_type=\"text-editor.default\">\n\t\t\t\t<div class=\"elementor-widget-container\">\n\t\t\t\t\t\t\t\t\t<p>\ud83d\udc3e <strong>Confort y Bienestar Inigualables:<\/strong> Fabricada con forro polar de alta calidad, la Manta Trixie ofrece una calidez y suavidad excepcionales, brindando a tu perro un lugar perfecto para descansar y relajarse.<\/p><p>\u00a0<\/p><p>\ud83c\udf1f <strong>Versatilidad en Uso:<\/strong> Esta manta es ideal para utilizar en la cama de tu perro, en el sof\u00e1, en el coche, en la caseta o en el transport\u00edn. Sin importar d\u00f3nde est\u00e9 tu mascota, siempre tendr\u00e1 un lugar c\u00f3modo y acogedor.<\/p><p>\u00a0<\/p><p>\ud83c\udfe0 <strong>Protecci\u00f3n para tus Muebles:<\/strong> Adem\u00e1s de proporcionar confort a tu mascota, la Manta Trixie tambi\u00e9n protege tus muebles del pelo y las garras, manteniendo tu hogar limpio y ordenado.<\/p>\t\t\t\t\t\t\t\t<\/div>\n\t\t\t\t<\/div>\n\t\t\t\t<\/div>\n\t\t\t\t\t<\/div>\n\t\t\t\t<\/div>\n\t\t<div class=\"elementor-element elementor-element-ab7d84f e-flex e-con-boxed e-con e-parent\" data-id=\"ab7d84f\" data-element_type=\"container\" data-e-type=\"container\">\n\t\t\t\t\t<div class=\"e-con-inner\">\n\t\t\t\t<div class=\"elementor-element elementor-element-39527c3 elementor-widget elementor-widget-text-editor\" data-id=\"39527c3\" data-element_type=\"widget\" data-e-type=\"widget\" data-widget_type=\"text-editor.default\">\n\t\t\t\t<div class=\"elementor-widget-container\">\n\t\t\t\t\t\t\t\t\t<p>\ud83e\uddf3 <strong>Ligera y F\u00e1cil de Transportar:<\/strong> Su dise\u00f1o ligero permite llevarla a cualquier parte, ya sea en viajes o salidas al parque, asegurando que tu perro siempre tenga un lugar c\u00e1lido para descansar.<\/p><p>\u00a0<\/p><p>\ud83d\udca4 <strong>Calidez en Cualquier \u00c9poca del A\u00f1o:<\/strong> Perfecta para las noches fr\u00edas de invierno y tambi\u00e9n para agregar una capa extra de confort durante las otras estaciones, garantizando que tu perro est\u00e9 siempre a gusto.<\/p><p>\u00a0<\/p><p>No esperes m\u00e1s y proporciona a tu mascota el confort que se merece con la Manta Trixie. \u00a1Compra ahora y disfruta de la satisfacci\u00f3n de ver a tu perro relajado y feliz!<\/p>\t\t\t\t\t\t\t\t<\/div>\n\t\t\t\t<\/div>\n\t\t\t\t<div class=\"elementor-element elementor-element-4d3f737 elementor-align-right elementor-widget elementor-widget-button\" data-id=\"4d3f737\" data-element_type=\"widget\" data-e-type=\"widget\" data-widget_type=\"button.default\">\n\t\t\t\t<div class=\"elementor-widget-container\">\n\t\t\t\t\t\t\t\t\t<div class=\"elementor-button-wrapper\">\n\t\t\t\t\t<a class=\"elementor-button elementor-button-link elementor-size-sm\" href=\"https:\/\/amzn.to\/3KbhbLq\" target=\"_blank\">\n\t\t\t\t\t\t<span class=\"elementor-button-content-wrapper\">\n\t\t\t\t\t\t\t\t\t<span class=\"elementor-button-text\">Compra ahora en Amazon<\/span>\n\t\t\t\t\t<\/span>\n\t\t\t\t\t<\/a>\n\t\t\t\t<\/div>\n\t\t\t\t\t\t\t\t<\/div>\n\t\t\t\t<\/div>\n\t\t\t\t\t<\/div>\n\t\t\t\t<\/div>\n\t\t<div class=\"elementor-element elementor-element-14a554b e-flex e-con-boxed e-con e-parent\" data-id=\"14a554b\" data-element_type=\"container\" data-e-type=\"container\">\n\t\t\t\t\t<div class=\"e-con-inner\">\n\t\t\t\t<div class=\"elementor-element elementor-element-b868223 elementor-arrows-position-inside elementor-pagination-position-outside elementor-widget elementor-widget-image-carousel\" data-id=\"b868223\" data-element_type=\"widget\" data-e-type=\"widget\" data-settings=\"{&quot;slides_to_show&quot;:&quot;1&quot;,&quot;navigation&quot;:&quot;both&quot;,&quot;autoplay&quot;:&quot;yes&quot;,&quot;pause_on_hover&quot;:&quot;yes&quot;,&quot;pause_on_interaction&quot;:&quot;yes&quot;,&quot;autoplay_speed&quot;:5000,&quot;infinite&quot;:&quot;yes&quot;,&quot;effect&quot;:&quot;slide&quot;,&quot;speed&quot;:500}\" data-widget_type=\"image-carousel.default\">\n\t\t\t\t<div class=\"elementor-widget-container\">\n\t\t\t\t\t\t\t<div class=\"elementor-image-carousel-wrapper swiper\" role=\"region\" aria-roledescription=\"carousel\" aria-label=\"Carrusel de im\u00e1genes\" dir=\"ltr\">\n\t\t\t<div class=\"elementor-image-carousel swiper-wrapper\" aria-live=\"off\">\n\t\t\t\t\t\t\t\t<div class=\"swiper-slide\" role=\"group\" aria-roledescription=\"slide\" aria-label=\"1 de 2\"><figure class=\"swiper-slide-inner\"><img decoding=\"async\" class=\"swiper-slide-image\" src=\"https:\/\/mundoanimalito.com\/wp-content\/uploads\/2024\/05\/71qHbDiivoS._AC_SL1500_-768x768.jpg\" alt=\"Trixie Manta para Perros Mascotas - Manta Sofa Suave Manta para Mascotas Perros Gatos C\u00e1lida Protecci\u00f3n Manta Beany 100x70 cm Beige\" \/><\/figure><\/div><div class=\"swiper-slide\" role=\"group\" aria-roledescription=\"slide\" aria-label=\"2 de 2\"><figure class=\"swiper-slide-inner\"><img decoding=\"async\" class=\"swiper-slide-image\" src=\"https:\/\/mundoanimalito.com\/wp-content\/uploads\/2024\/05\/61s997MGKUL._AC_SL1000_-768x202.jpg\" alt=\"Trixie Manta para Perros Mascotas - Manta Sofa Suave Manta para Mascotas Perros Gatos C\u00e1lida Protecci\u00f3n Manta Beany 100x70 cm Beige\" \/><\/figure><\/div>\t\t\t<\/div>\n\t\t\t\t\t\t\t\t\t\t\t\t<div class=\"elementor-swiper-button elementor-swiper-button-prev\" role=\"button\" tabindex=\"0\">\n\t\t\t\t\t\t<i aria-hidden=\"true\" class=\"eicon-chevron-left\"><\/i>\t\t\t\t\t<\/div>\n\t\t\t\t\t<div class=\"elementor-swiper-button elementor-swiper-button-next\" role=\"button\" tabindex=\"0\">\n\t\t\t\t\t\t<i aria-hidden=\"true\" class=\"eicon-chevron-right\"><\/i>\t\t\t\t\t<\/div>\n\t\t\t\t\n\t\t\t\t\t\t\t\t\t<div class=\"swiper-pagination\"><\/div>\n\t\t\t\t\t\t\t\t\t<\/div>\n\t\t\t\t\t\t<\/div>\n\t\t\t\t<\/div>\n\t\t\t\t\t<\/div>\n\t\t\t\t<\/div>\n\t\t<div class=\"elementor-element elementor-element-2436e13 e-flex e-con-boxed e-con e-parent\" data-id=\"2436e13\" data-element_type=\"container\" data-e-type=\"container\">\n\t\t\t\t\t<div class=\"e-con-inner\">\n\t\t\t\t<div class=\"elementor-element elementor-element-df1fba3 elementor-align-right elementor-widget elementor-widget-button\" data-id=\"df1fba3\" data-element_type=\"widget\" data-e-type=\"widget\" data-widget_type=\"button.default\">\n\t\t\t\t<div class=\"elementor-widget-container\">\n\t\t\t\t\t\t\t\t\t<div class=\"elementor-button-wrapper\">\n\t\t\t\t\t<a class=\"elementor-button elementor-button-link elementor-size-sm\" href=\"https:\/\/amzn.to\/3KbhbLq\" target=\"_blank\">\n\t\t\t\t\t\t<span class=\"elementor-button-content-wrapper\">\n\t\t\t\t\t\t\t\t\t<span class=\"elementor-button-text\">Compra ahora en Amazon<\/span>\n\t\t\t\t\t<\/span>\n\t\t\t\t\t<\/a>\n\t\t\t\t<\/div>\n\t\t\t\t\t\t\t\t<\/div>\n\t\t\t\t<\/div>\n\t\t\t\t\t<\/div>\n\t\t\t\t<\/div>\n\t\t\t\t<\/div>\n\t\t","protected":false},"excerpt":{"rendered":"<p>\u00bfQuieres ofrecerle a tu perro el lugar m\u00e1s c\u00e1lido y acogedor para descansar? La Manta Trixie para Perros es la elecci\u00f3n perfecta para mantener a tu mascota c\u00f3moda y feliz en cualquier lugar de tu hogar. Dise\u00f1ada con materiales de alta calidad, manta suave y de c\u00e1lida \ud83d\udc3e Confort y Bienestar Inigualables: Fabricada con forro [&hellip;]<\/p>\n","protected":false},"author":1,"featured_media":0,"parent":0,"menu_order":0,"comment_status":"closed","ping_status":"closed","template":"","meta":{"site-sidebar-layout":"no-sidebar","site-content-layout":"page-builder","ast-site-content-layout":"full-width-container","site-content-style":"default","site-sidebar-style":"default","ast-global-header-display":"","ast-banner-title-visibility":"","ast-main-header-display":"","ast-hfb-above-header-display":"","ast-hfb-below-header-display":"","ast-hfb-mobile-header-display":"","site-post-title":"disabled","ast-breadcrumbs-content":"","ast-featured-img":"disabled","footer-sml-layout":"","ast-disable-related-posts":"","theme-transparent-header-meta":"","adv-header-id-meta":"","stick-header-meta":"","header-above-stick-meta":"","header-main-stick-meta":"","header-below-stick-meta":"","astra-migrate-meta-layouts":"set","ast-page-background-enabled":"default","ast-page-background-meta":{"desktop":{"background-color":"var(--ast-global-color-4)","background-image":"","background-repeat":"repeat","background-position":"center center","background-size":"auto","background-attachment":"scroll","background-type":"","background-media":"","overlay-type":"","overlay-color":"","overlay-opacity":"","overlay-gradient":""},"tablet":{"background-color":"","background-image":"","background-repeat":"repeat","background-position":"center center","background-size":"auto","background-attachment":"scroll","background-type":"","background-media":"","overlay-type":"","overlay-color":"","overlay-opacity":"","overlay-gradient":""},"mobile":{"background-color":"","background-image":"","background-repeat":"repeat","background-position":"center center","background-size":"auto","background-attachment":"scroll","background-type":"","background-media":"","overlay-type":"","overlay-color":"","overlay-opacity":"","overlay-gradient":""}},"ast-content-background-meta":{"desktop":{"background-color":"var(--ast-global-color-5)","background-image":"","background-repeat":"repeat","background-position":"center center","background-size":"auto","background-attachment":"scroll","background-type":"","background-media":"","overlay-type":"","overlay-color":"","overlay-opacity":"","overlay-gradient":""},"tablet":{"background-color":"var(--ast-global-color-5)","background-image":"","background-repeat":"repeat","background-position":"center center","background-size":"auto","background-attachment":"scroll","background-type":"","background-media":"","overlay-type":"","overlay-color":"","overlay-opacity":"","overlay-gradient":""},"mobile":{"background-color":"var(--ast-global-color-5)","background-image":"","background-repeat":"repeat","background-position":"center center","background-size":"auto","background-attachment":"scroll","background-type":"","background-media":"","overlay-type":"","overlay-color":"","overlay-opacity":"","overlay-gradient":""}},"footnotes":""},"class_list":["post-32428","page","type-page","status-publish","hentry"],"yoast_head":"<!-- This site is optimized with the Yoast SEO plugin v27.5 - https:\/\/yoast.com\/product\/yoast-seo-wordpress\/ -->\n<title>Trixie Manta para Perros Mascotas | Mundo Animalito<\/title>\n<meta name=\"description\" content=\"Trixie Manta para Perros Mascotas - Manta Sofa Suave Manta para Mascotas Perros Gatos C\u00e1lida Protecci\u00f3n Manta Beany 100x70 cm Beige\" \/>\n<meta name=\"robots\" content=\"index, follow, max-snippet:-1, max-image-preview:large, max-video-preview:-1\" \/>\n<link rel=\"canonical\" href=\"https:\/\/mundoanimalito.com\/index.php\/trixie-manta-para-perros-mascotas-manta-sofa-suave-manta-para-mascotas-perros\/\" \/>\n<meta property=\"og:locale\" content=\"es_ES\" \/>\n<meta property=\"og:type\" content=\"article\" \/>\n<meta property=\"og:title\" content=\"Trixie Manta para Perros Mascotas | Mundo Animalito\" \/>\n<meta property=\"og:description\" content=\"Trixie Manta para Perros Mascotas - Manta Sofa Suave Manta para Mascotas Perros Gatos C\u00e1lida Protecci\u00f3n Manta Beany 100x70 cm Beige\" \/>\n<meta property=\"og:url\" content=\"https:\/\/mundoanimalito.com\/index.php\/trixie-manta-para-perros-mascotas-manta-sofa-suave-manta-para-mascotas-perros\/\" \/>\n<meta property=\"og:site_name\" content=\"Mundo Animalito\" \/>\n<meta property=\"article:publisher\" content=\"https:\/\/www.facebook.com\/mundoanimalito77\" \/>\n<meta property=\"article:modified_time\" content=\"2024-09-23T14:15:01+00:00\" \/>\n<meta property=\"og:image\" content=\"https:\/\/mundoanimalito.com\/wp-content\/uploads\/2024\/05\/000-4-1024x593.jpg\" \/>\n<meta name=\"twitter:card\" content=\"summary_large_image\" \/>\n<meta name=\"twitter:label1\" content=\"Tiempo de lectura\" \/>\n\t<meta name=\"twitter:data1\" content=\"2 minutos\" \/>\n<script type=\"application\/ld+json\" class=\"yoast-schema-graph\">{\"@context\":\"https:\\\/\\\/schema.org\",\"@graph\":[{\"@type\":\"WebPage\",\"@id\":\"https:\\\/\\\/mundoanimalito.com\\\/index.php\\\/trixie-manta-para-perros-mascotas-manta-sofa-suave-manta-para-mascotas-perros\\\/\",\"url\":\"https:\\\/\\\/mundoanimalito.com\\\/index.php\\\/trixie-manta-para-perros-mascotas-manta-sofa-suave-manta-para-mascotas-perros\\\/\",\"name\":\"Trixie Manta para Perros Mascotas | Mundo Animalito\",\"isPartOf\":{\"@id\":\"https:\\\/\\\/mundoanimalito.com\\\/#website\"},\"primaryImageOfPage\":{\"@id\":\"https:\\\/\\\/mundoanimalito.com\\\/index.php\\\/trixie-manta-para-perros-mascotas-manta-sofa-suave-manta-para-mascotas-perros\\\/#primaryimage\"},\"image\":{\"@id\":\"https:\\\/\\\/mundoanimalito.com\\\/index.php\\\/trixie-manta-para-perros-mascotas-manta-sofa-suave-manta-para-mascotas-perros\\\/#primaryimage\"},\"thumbnailUrl\":\"https:\\\/\\\/mundoanimalito.com\\\/wp-content\\\/uploads\\\/2024\\\/05\\\/000-4-1024x593.jpg\",\"datePublished\":\"2024-05-20T13:56:42+00:00\",\"dateModified\":\"2024-09-23T14:15:01+00:00\",\"description\":\"Trixie Manta para Perros Mascotas - Manta Sofa Suave Manta para Mascotas Perros Gatos C\u00e1lida Protecci\u00f3n Manta Beany 100x70 cm Beige\",\"breadcrumb\":{\"@id\":\"https:\\\/\\\/mundoanimalito.com\\\/index.php\\\/trixie-manta-para-perros-mascotas-manta-sofa-suave-manta-para-mascotas-perros\\\/#breadcrumb\"},\"inLanguage\":\"es\",\"potentialAction\":[{\"@type\":\"ReadAction\",\"target\":[\"https:\\\/\\\/mundoanimalito.com\\\/index.php\\\/trixie-manta-para-perros-mascotas-manta-sofa-suave-manta-para-mascotas-perros\\\/\"]}]},{\"@type\":\"ImageObject\",\"inLanguage\":\"es\",\"@id\":\"https:\\\/\\\/mundoanimalito.com\\\/index.php\\\/trixie-manta-para-perros-mascotas-manta-sofa-suave-manta-para-mascotas-perros\\\/#primaryimage\",\"url\":\"https:\\\/\\\/mundoanimalito.com\\\/wp-content\\\/uploads\\\/2024\\\/05\\\/000-4.jpg\",\"contentUrl\":\"https:\\\/\\\/mundoanimalito.com\\\/wp-content\\\/uploads\\\/2024\\\/05\\\/000-4.jpg\",\"width\":1465,\"height\":848,\"caption\":\"Trixie Manta para Perros Mascotas - Manta Sofa Suave Manta para Mascotas Perros Gatos C\u00e1lida Protecci\u00f3n Manta Beany 100x70 cm Beige\"},{\"@type\":\"BreadcrumbList\",\"@id\":\"https:\\\/\\\/mundoanimalito.com\\\/index.php\\\/trixie-manta-para-perros-mascotas-manta-sofa-suave-manta-para-mascotas-perros\\\/#breadcrumb\",\"itemListElement\":[{\"@type\":\"ListItem\",\"position\":1,\"name\":\"Portada\",\"item\":\"https:\\\/\\\/mundoanimalito.com\\\/\"},{\"@type\":\"ListItem\",\"position\":2,\"name\":\"Trixie Manta para Perros Mascotas &#8211; Manta Sofa Suave Manta para Mascotas Perros\u00a0\"}]},{\"@type\":\"WebSite\",\"@id\":\"https:\\\/\\\/mundoanimalito.com\\\/#website\",\"url\":\"https:\\\/\\\/mundoanimalito.com\\\/\",\"name\":\"Mundo Animalito\",\"description\":\"Datos y curiosidades de los animales, encuentra ac\u00e1 todo para tu mascota\",\"publisher\":{\"@id\":\"https:\\\/\\\/mundoanimalito.com\\\/#organization\"},\"potentialAction\":[{\"@type\":\"SearchAction\",\"target\":{\"@type\":\"EntryPoint\",\"urlTemplate\":\"https:\\\/\\\/mundoanimalito.com\\\/?s={search_term_string}\"},\"query-input\":{\"@type\":\"PropertyValueSpecification\",\"valueRequired\":true,\"valueName\":\"search_term_string\"}}],\"inLanguage\":\"es\"},{\"@type\":\"Organization\",\"@id\":\"https:\\\/\\\/mundoanimalito.com\\\/#organization\",\"name\":\"Mundo Animalito\",\"url\":\"https:\\\/\\\/mundoanimalito.com\\\/\",\"logo\":{\"@type\":\"ImageObject\",\"inLanguage\":\"es\",\"@id\":\"https:\\\/\\\/mundoanimalito.com\\\/#\\\/schema\\\/logo\\\/image\\\/\",\"url\":\"https:\\\/\\\/mundoanimalito.com\\\/wp-content\\\/uploads\\\/2023\\\/10\\\/cropped-cropped-LOGO-OFICIAL-ULTIMA-VERSION-1.jpg\",\"contentUrl\":\"https:\\\/\\\/mundoanimalito.com\\\/wp-content\\\/uploads\\\/2023\\\/10\\\/cropped-cropped-LOGO-OFICIAL-ULTIMA-VERSION-1.jpg\",\"width\":374,\"height\":425,\"caption\":\"Mundo Animalito\"},\"image\":{\"@id\":\"https:\\\/\\\/mundoanimalito.com\\\/#\\\/schema\\\/logo\\\/image\\\/\"},\"sameAs\":[\"https:\\\/\\\/www.facebook.com\\\/mundoanimalito77\",\"https:\\\/\\\/www.instagram.com\\\/mundoanimalito77\\\/\",\"https:\\\/\\\/www.tiktok.com\\\/@mundoanimalito77\",\"https:\\\/\\\/www.youtube.com\\\/channel\\\/UCLo2JhNUNtHVraDt5aHadew\"]}]}<\/script>\n<!-- \/ Yoast SEO plugin. -->","yoast_head_json":{"title":"Trixie Manta para Perros Mascotas | Mundo Animalito","description":"Trixie Manta para Perros Mascotas - Manta Sofa Suave Manta para Mascotas Perros Gatos C\u00e1lida Protecci\u00f3n Manta Beany 100x70 cm Beige","robots":{"index":"index","follow":"follow","max-snippet":"max-snippet:-1","max-image-preview":"max-image-preview:large","max-video-preview":"max-video-preview:-1"},"canonical":"https:\/\/mundoanimalito.com\/index.php\/trixie-manta-para-perros-mascotas-manta-sofa-suave-manta-para-mascotas-perros\/","og_locale":"es_ES","og_type":"article","og_title":"Trixie Manta para Perros Mascotas | Mundo Animalito","og_description":"Trixie Manta para Perros Mascotas - Manta Sofa Suave Manta para Mascotas Perros Gatos C\u00e1lida Protecci\u00f3n Manta Beany 100x70 cm Beige","og_url":"https:\/\/mundoanimalito.com\/index.php\/trixie-manta-para-perros-mascotas-manta-sofa-suave-manta-para-mascotas-perros\/","og_site_name":"Mundo Animalito","article_publisher":"https:\/\/www.facebook.com\/mundoanimalito77","article_modified_time":"2024-09-23T14:15:01+00:00","og_image":[{"url":"https:\/\/mundoanimalito.com\/wp-content\/uploads\/2024\/05\/000-4-1024x593.jpg","type":"","width":"","height":""}],"twitter_card":"summary_large_image","twitter_misc":{"Tiempo de lectura":"2 minutos"},"schema":{"@context":"https:\/\/schema.org","@graph":[{"@type":"WebPage","@id":"https:\/\/mundoanimalito.com\/index.php\/trixie-manta-para-perros-mascotas-manta-sofa-suave-manta-para-mascotas-perros\/","url":"https:\/\/mundoanimalito.com\/index.php\/trixie-manta-para-perros-mascotas-manta-sofa-suave-manta-para-mascotas-perros\/","name":"Trixie Manta para Perros Mascotas | Mundo Animalito","isPartOf":{"@id":"https:\/\/mundoanimalito.com\/#website"},"primaryImageOfPage":{"@id":"https:\/\/mundoanimalito.com\/index.php\/trixie-manta-para-perros-mascotas-manta-sofa-suave-manta-para-mascotas-perros\/#primaryimage"},"image":{"@id":"https:\/\/mundoanimalito.com\/index.php\/trixie-manta-para-perros-mascotas-manta-sofa-suave-manta-para-mascotas-perros\/#primaryimage"},"thumbnailUrl":"https:\/\/mundoanimalito.com\/wp-content\/uploads\/2024\/05\/000-4-1024x593.jpg","datePublished":"2024-05-20T13:56:42+00:00","dateModified":"2024-09-23T14:15:01+00:00","description":"Trixie Manta para Perros Mascotas - Manta Sofa Suave Manta para Mascotas Perros Gatos C\u00e1lida Protecci\u00f3n Manta Beany 100x70 cm Beige","breadcrumb":{"@id":"https:\/\/mundoanimalito.com\/index.php\/trixie-manta-para-perros-mascotas-manta-sofa-suave-manta-para-mascotas-perros\/#breadcrumb"},"inLanguage":"es","potentialAction":[{"@type":"ReadAction","target":["https:\/\/mundoanimalito.com\/index.php\/trixie-manta-para-perros-mascotas-manta-sofa-suave-manta-para-mascotas-perros\/"]}]},{"@type":"ImageObject","inLanguage":"es","@id":"https:\/\/mundoanimalito.com\/index.php\/trixie-manta-para-perros-mascotas-manta-sofa-suave-manta-para-mascotas-perros\/#primaryimage","url":"https:\/\/mundoanimalito.com\/wp-content\/uploads\/2024\/05\/000-4.jpg","contentUrl":"https:\/\/mundoanimalito.com\/wp-content\/uploads\/2024\/05\/000-4.jpg","width":1465,"height":848,"caption":"Trixie Manta para Perros Mascotas - Manta Sofa Suave Manta para Mascotas Perros Gatos C\u00e1lida Protecci\u00f3n Manta Beany 100x70 cm Beige"},{"@type":"BreadcrumbList","@id":"https:\/\/mundoanimalito.com\/index.php\/trixie-manta-para-perros-mascotas-manta-sofa-suave-manta-para-mascotas-perros\/#breadcrumb","itemListElement":[{"@type":"ListItem","position":1,"name":"Portada","item":"https:\/\/mundoanimalito.com\/"},{"@type":"ListItem","position":2,"name":"Trixie Manta para Perros Mascotas &#8211; Manta Sofa Suave Manta para Mascotas Perros\u00a0"}]},{"@type":"WebSite","@id":"https:\/\/mundoanimalito.com\/#website","url":"https:\/\/mundoanimalito.com\/","name":"Mundo Animalito","description":"Datos y curiosidades de los animales, encuentra ac\u00e1 todo para tu mascota","publisher":{"@id":"https:\/\/mundoanimalito.com\/#organization"},"potentialAction":[{"@type":"SearchAction","target":{"@type":"EntryPoint","urlTemplate":"https:\/\/mundoanimalito.com\/?s={search_term_string}"},"query-input":{"@type":"PropertyValueSpecification","valueRequired":true,"valueName":"search_term_string"}}],"inLanguage":"es"},{"@type":"Organization","@id":"https:\/\/mundoanimalito.com\/#organization","name":"Mundo Animalito","url":"https:\/\/mundoanimalito.com\/","logo":{"@type":"ImageObject","inLanguage":"es","@id":"https:\/\/mundoanimalito.com\/#\/schema\/logo\/image\/","url":"https:\/\/mundoanimalito.com\/wp-content\/uploads\/2023\/10\/cropped-cropped-LOGO-OFICIAL-ULTIMA-VERSION-1.jpg","contentUrl":"https:\/\/mundoanimalito.com\/wp-content\/uploads\/2023\/10\/cropped-cropped-LOGO-OFICIAL-ULTIMA-VERSION-1.jpg","width":374,"height":425,"caption":"Mundo Animalito"},"image":{"@id":"https:\/\/mundoanimalito.com\/#\/schema\/logo\/image\/"},"sameAs":["https:\/\/www.facebook.com\/mundoanimalito77","https:\/\/www.instagram.com\/mundoanimalito77\/","https:\/\/www.tiktok.com\/@mundoanimalito77","https:\/\/www.youtube.com\/channel\/UCLo2JhNUNtHVraDt5aHadew"]}]}},"_links":{"self":[{"href":"https:\/\/mundoanimalito.com\/index.php\/wp-json\/wp\/v2\/pages\/32428","targetHints":{"allow":["GET"]}}],"collection":[{"href":"https:\/\/mundoanimalito.com\/index.php\/wp-json\/wp\/v2\/pages"}],"about":[{"href":"https:\/\/mundoanimalito.com\/index.php\/wp-json\/wp\/v2\/types\/page"}],"author":[{"embeddable":true,"href":"https:\/\/mundoanimalito.com\/index.php\/wp-json\/wp\/v2\/users\/1"}],"replies":[{"embeddable":true,"href":"https:\/\/mundoanimalito.com\/index.php\/wp-json\/wp\/v2\/comments?post=32428"}],"version-history":[{"count":0,"href":"https:\/\/mundoanimalito.com\/index.php\/wp-json\/wp\/v2\/pages\/32428\/revisions"}],"wp:attachment":[{"href":"https:\/\/mundoanimalito.com\/index.php\/wp-json\/wp\/v2\/media?parent=32428"}],"curies":[{"name":"wp","href":"https:\/\/api.w.org\/{rel}","templated":true}]}}