{"id":29083,"date":"2024-04-25T14:22:20","date_gmt":"2024-04-25T19:22:20","guid":{"rendered":"https:\/\/mundoanimalito.com\/?page_id=29083"},"modified":"2024-09-18T14:02:53","modified_gmt":"2024-09-18T19:02:53","slug":"nobleza-recogedor-cacas-perros-plegable-de-66-cm-de-largo-para-quitar-caca-para-jardin-al-aire-libre-interior","status":"publish","type":"page","link":"https:\/\/mundoanimalito.com\/index.php\/nobleza-recogedor-cacas-perros-plegable-de-66-cm-de-largo-para-quitar-caca-para-jardin-al-aire-libre-interior\/","title":{"rendered":"Nobleza recogedor cacas Perros, Plegable de 66 cm de Largo para Quitar Caca para jard\u00edn al Aire Libre\/Interior"},"content":{"rendered":"\t\t<div data-elementor-type=\"wp-page\" data-elementor-id=\"29083\" class=\"elementor elementor-29083\" data-elementor-post-type=\"page\">\n\t\t\t\t<div class=\"elementor-element elementor-element-f3c6bd3 e-flex e-con-boxed e-con e-parent\" data-id=\"f3c6bd3\" data-element_type=\"container\" data-e-type=\"container\">\n\t\t\t\t\t<div class=\"e-con-inner\">\n\t\t\t\t<div class=\"elementor-element elementor-element-c91a7ae elementor-invisible elementor-widget elementor-widget-heading\" data-id=\"c91a7ae\" data-element_type=\"widget\" data-e-type=\"widget\" data-settings=\"{&quot;_animation&quot;:&quot;fadeInDown&quot;}\" data-widget_type=\"heading.default\">\n\t\t\t\t<div class=\"elementor-widget-container\">\n\t\t\t\t\t<h2 class=\"elementor-heading-title elementor-size-default\">\u00bfEst\u00e1s cansado de recoger los desechos de tu perro con las manos desnudas? Con el Nobleza Recogedor de Cacas para Perros, decir adi\u00f3s a esta tarea desagradable es m\u00e1s f\u00e1cil que nunca. <\/h2>\t\t\t\t<\/div>\n\t\t\t\t<\/div>\n\t\t\t\t\t<\/div>\n\t\t\t\t<\/div>\n\t\t<div class=\"elementor-element elementor-element-b043698 e-flex e-con-boxed e-con e-parent\" data-id=\"b043698\" data-element_type=\"container\" data-e-type=\"container\">\n\t\t\t\t\t<div class=\"e-con-inner\">\n\t\t<div class=\"elementor-element elementor-element-19d3042 e-con-full e-flex e-con e-child\" data-id=\"19d3042\" data-element_type=\"container\" data-e-type=\"container\">\n\t\t\t\t<div class=\"elementor-element elementor-element-00a2277 elementor-widget elementor-widget-image\" data-id=\"00a2277\" data-element_type=\"widget\" data-e-type=\"widget\" data-widget_type=\"image.default\">\n\t\t\t\t<div class=\"elementor-widget-container\">\n\t\t\t\t\t\t\t\t\t\t\t\t\t\t\t\t<a href=\"https:\/\/amzn.to\/3xPmXzr\" target=\"_blank\">\n\t\t\t\t\t\t\t<img fetchpriority=\"high\" decoding=\"async\" width=\"953\" height=\"1024\" src=\"https:\/\/mundoanimalito.com\/wp-content\/uploads\/2024\/04\/0000-13-953x1024.jpg\" class=\"attachment-large size-large wp-image-29058\" alt=\"Nobleza recogedor cacas Perros, Plegable de 66 cm de Largo para Quitar Caca para jard\u00edn al Aire Libre\/Interior de Perros, residuos de Animales\" srcset=\"https:\/\/mundoanimalito.com\/wp-content\/uploads\/2024\/04\/0000-13-953x1024.jpg 953w, https:\/\/mundoanimalito.com\/wp-content\/uploads\/2024\/04\/0000-13-279x300.jpg 279w, https:\/\/mundoanimalito.com\/wp-content\/uploads\/2024\/04\/0000-13-768x826.jpg 768w, https:\/\/mundoanimalito.com\/wp-content\/uploads\/2024\/04\/0000-13.jpg 1346w\" sizes=\"(max-width: 953px) 100vw, 953px\" \/>\t\t\t\t\t\t\t\t<\/a>\n\t\t\t\t\t\t\t\t\t\t\t\t\t\t\t<\/div>\n\t\t\t\t<\/div>\n\t\t\t\t<\/div>\n\t\t<div class=\"elementor-element elementor-element-f37cbcb e-con-full e-flex e-con e-child\" data-id=\"f37cbcb\" data-element_type=\"container\" data-e-type=\"container\">\n\t\t\t\t<div class=\"elementor-element elementor-element-c97fe98 elementor-widget elementor-widget-text-editor\" data-id=\"c97fe98\" data-element_type=\"widget\" data-e-type=\"widget\" data-widget_type=\"text-editor.default\">\n\t\t\t\t<div class=\"elementor-widget-container\">\n\t\t\t\t\t\t\t\t\t<p>\ud83d\udc3e <strong>Port\u00e1til y Conveniente:<\/strong> Con su dise\u00f1o plegable de 66 cm de largo, este recogedor es ligero y f\u00e1cil de transportar. \u00a1Ll\u00e9valo contigo mientras paseas a tu perro y mant\u00e9n tu entorno limpio dondequiera que vayas!<\/p><p>\u00a0<\/p><p>\ud83c\udf1f <strong>Calidad Excepcional:<\/strong> Fabricado con pl\u00e1stico antiadherente de alta calidad, este recogedor garantiza una limpieza efectiva sin dejar residuos. Controlado por dos resortes de alta tensi\u00f3n, asegura un agarre firme para recoger los desechos de tu perro sin esfuerzo.<\/p><p>\u00a0<\/p><p>\ud83d\udc4d <strong>F\u00e1cil de Usar:<\/strong> Olv\u00eddate de recoger los desechos de tu perro con las manos desnudas. Simplemente cubre las mand\u00edbulas con una bolsa de pl\u00e1stico y recoge los desechos sin ensuciarte las manos. \u00a1Una soluci\u00f3n higi\u00e9nica y conveniente para ti y tu mascota!<\/p><p>\u00a0<\/p><p>\ud83c\udf3f <strong>Vers\u00e1til y Pr\u00e1ctico:<\/strong> Este recogedor es ideal para todo tipo de superficies, incluyendo pasto, concreto, tierra y m\u00e1s. No solo es perfecto para recoger cacas, sino tambi\u00e9n para otros desechos y trabajos de jardiner\u00eda. \u00a1Mant\u00e9n tu espacio limpio y ordenado en todo momento!<\/p><p>\u00a0<\/p><p>Desde Nobleza, nos esforzamos por superar las expectativas de las mascotas y sus due\u00f1os con nuestros productos de alta calidad. Cubrimos una amplia gama de necesidades, desde suministros para mascotas hasta art\u00edculos de cuidado y adiestramiento. \u00a1Descubre c\u00f3mo nuestros productos pueden mejorar la calidad de vida de tu mascota y la tuya!<\/p>\t\t\t\t\t\t\t\t<\/div>\n\t\t\t\t<\/div>\n\t\t\t\t<div class=\"elementor-element elementor-element-640366e elementor-align-right elementor-widget elementor-widget-button\" data-id=\"640366e\" data-element_type=\"widget\" data-e-type=\"widget\" data-widget_type=\"button.default\">\n\t\t\t\t<div class=\"elementor-widget-container\">\n\t\t\t\t\t\t\t\t\t<div class=\"elementor-button-wrapper\">\n\t\t\t\t\t<a class=\"elementor-button elementor-button-link elementor-size-sm\" href=\"https:\/\/amzn.to\/3xPmXzr\" target=\"_blank\">\n\t\t\t\t\t\t<span class=\"elementor-button-content-wrapper\">\n\t\t\t\t\t\t\t\t\t<span class=\"elementor-button-text\">Compra ahora en Amazon<\/span>\n\t\t\t\t\t<\/span>\n\t\t\t\t\t<\/a>\n\t\t\t\t<\/div>\n\t\t\t\t\t\t\t\t<\/div>\n\t\t\t\t<\/div>\n\t\t\t\t<\/div>\n\t\t\t\t\t<\/div>\n\t\t\t\t<\/div>\n\t\t<div class=\"elementor-element elementor-element-8099c71 e-flex e-con-boxed e-con e-parent\" data-id=\"8099c71\" data-element_type=\"container\" data-e-type=\"container\">\n\t\t\t\t\t<div class=\"e-con-inner\">\n\t\t\t\t<div class=\"elementor-element elementor-element-514d52c elementor-arrows-position-inside elementor-pagination-position-outside elementor-widget elementor-widget-image-carousel\" data-id=\"514d52c\" data-element_type=\"widget\" data-e-type=\"widget\" data-settings=\"{&quot;slides_to_show&quot;:&quot;1&quot;,&quot;navigation&quot;:&quot;both&quot;,&quot;autoplay&quot;:&quot;yes&quot;,&quot;pause_on_hover&quot;:&quot;yes&quot;,&quot;pause_on_interaction&quot;:&quot;yes&quot;,&quot;autoplay_speed&quot;:5000,&quot;infinite&quot;:&quot;yes&quot;,&quot;effect&quot;:&quot;slide&quot;,&quot;speed&quot;:500}\" data-widget_type=\"image-carousel.default\">\n\t\t\t\t<div class=\"elementor-widget-container\">\n\t\t\t\t\t\t\t<div class=\"elementor-image-carousel-wrapper swiper\" role=\"region\" aria-roledescription=\"carousel\" aria-label=\"Carrusel de im\u00e1genes\" dir=\"ltr\">\n\t\t\t<div class=\"elementor-image-carousel swiper-wrapper\" aria-live=\"off\">\n\t\t\t\t\t\t\t\t<div class=\"swiper-slide\" role=\"group\" aria-roledescription=\"slide\" aria-label=\"1 de 5\"><figure class=\"swiper-slide-inner\"><img decoding=\"async\" class=\"swiper-slide-image\" src=\"https:\/\/mundoanimalito.com\/wp-content\/uploads\/2024\/04\/717cN5MCvvL._AC_SL1500_-768x767.jpg\" alt=\"Nobleza recogedor cacas Perros, Plegable de 66 cm de Largo para Quitar Caca para jard\u00edn al Aire Libre\/Interior de Perros, residuos de Animales\" \/><\/figure><\/div><div class=\"swiper-slide\" role=\"group\" aria-roledescription=\"slide\" aria-label=\"2 de 5\"><figure class=\"swiper-slide-inner\"><img decoding=\"async\" class=\"swiper-slide-image\" src=\"https:\/\/mundoanimalito.com\/wp-content\/uploads\/2024\/04\/71EcxPFGaL._AC_SL1500_-768x767.jpg\" alt=\"Nobleza recogedor cacas Perros, Plegable de 66 cm de Largo para Quitar Caca para jard\u00edn al Aire Libre\/Interior de Perros, residuos de Animales\" \/><\/figure><\/div><div class=\"swiper-slide\" role=\"group\" aria-roledescription=\"slide\" aria-label=\"3 de 5\"><figure class=\"swiper-slide-inner\"><img decoding=\"async\" class=\"swiper-slide-image\" src=\"https:\/\/mundoanimalito.com\/wp-content\/uploads\/2024\/04\/71DCXnL39L._AC_SL1500_-768x768.jpg\" alt=\"Nobleza recogedor cacas Perros, Plegable de 66 cm de Largo para Quitar Caca para jard\u00edn al Aire Libre\/Interior de Perros, residuos de Animales\" \/><\/figure><\/div><div class=\"swiper-slide\" role=\"group\" aria-roledescription=\"slide\" aria-label=\"4 de 5\"><figure class=\"swiper-slide-inner\"><img decoding=\"async\" class=\"swiper-slide-image\" src=\"https:\/\/mundoanimalito.com\/wp-content\/uploads\/2024\/04\/71oTAq0cS-L._AC_SL1500_-768x767.jpg\" alt=\"Nobleza recogedor cacas Perros, Plegable de 66 cm de Largo para Quitar Caca para jard\u00edn al Aire Libre\/Interior de Perros, residuos de Animales\" \/><\/figure><\/div><div class=\"swiper-slide\" role=\"group\" aria-roledescription=\"slide\" aria-label=\"5 de 5\"><figure class=\"swiper-slide-inner\"><img decoding=\"async\" class=\"swiper-slide-image\" src=\"https:\/\/mundoanimalito.com\/wp-content\/uploads\/2024\/04\/71S7k9Gs5VL._AC_SL1500_-768x752.jpg\" alt=\"Nobleza recogedor cacas Perros, Plegable de 66 cm de Largo para Quitar Caca para jard\u00edn al Aire Libre\/Interior de Perros, residuos de Animales\" \/><\/figure><\/div>\t\t\t<\/div>\n\t\t\t\t\t\t\t\t\t\t\t\t<div class=\"elementor-swiper-button elementor-swiper-button-prev\" role=\"button\" tabindex=\"0\">\n\t\t\t\t\t\t<i aria-hidden=\"true\" class=\"eicon-chevron-left\"><\/i>\t\t\t\t\t<\/div>\n\t\t\t\t\t<div class=\"elementor-swiper-button elementor-swiper-button-next\" role=\"button\" tabindex=\"0\">\n\t\t\t\t\t\t<i aria-hidden=\"true\" class=\"eicon-chevron-right\"><\/i>\t\t\t\t\t<\/div>\n\t\t\t\t\n\t\t\t\t\t\t\t\t\t<div class=\"swiper-pagination\"><\/div>\n\t\t\t\t\t\t\t\t\t<\/div>\n\t\t\t\t\t\t<\/div>\n\t\t\t\t<\/div>\n\t\t\t\t\t<\/div>\n\t\t\t\t<\/div>\n\t\t<div class=\"elementor-element elementor-element-ca25c31 e-flex e-con-boxed e-con e-parent\" data-id=\"ca25c31\" data-element_type=\"container\" data-e-type=\"container\">\n\t\t\t\t\t<div class=\"e-con-inner\">\n\t\t\t\t<div class=\"elementor-element elementor-element-ff1430a elementor-align-right elementor-widget elementor-widget-button\" data-id=\"ff1430a\" data-element_type=\"widget\" data-e-type=\"widget\" data-widget_type=\"button.default\">\n\t\t\t\t<div class=\"elementor-widget-container\">\n\t\t\t\t\t\t\t\t\t<div class=\"elementor-button-wrapper\">\n\t\t\t\t\t<a class=\"elementor-button elementor-button-link elementor-size-sm\" href=\"https:\/\/amzn.to\/3xPmXzr\" target=\"_blank\">\n\t\t\t\t\t\t<span class=\"elementor-button-content-wrapper\">\n\t\t\t\t\t\t\t\t\t<span class=\"elementor-button-text\">Compra ahora en Amazon<\/span>\n\t\t\t\t\t<\/span>\n\t\t\t\t\t<\/a>\n\t\t\t\t<\/div>\n\t\t\t\t\t\t\t\t<\/div>\n\t\t\t\t<\/div>\n\t\t\t\t\t<\/div>\n\t\t\t\t<\/div>\n\t\t\t\t<\/div>\n\t\t","protected":false},"excerpt":{"rendered":"<p>\u00bfEst\u00e1s cansado de recoger los desechos de tu perro con las manos desnudas? Con el Nobleza Recogedor de Cacas para Perros, decir adi\u00f3s a esta tarea desagradable es m\u00e1s f\u00e1cil que nunca. \ud83d\udc3e Port\u00e1til y Conveniente: Con su dise\u00f1o plegable de 66 cm de largo, este recogedor es ligero y f\u00e1cil de transportar. \u00a1Ll\u00e9valo contigo [&hellip;]<\/p>\n","protected":false},"author":1,"featured_media":0,"parent":0,"menu_order":0,"comment_status":"closed","ping_status":"closed","template":"","meta":{"site-sidebar-layout":"no-sidebar","site-content-layout":"page-builder","ast-site-content-layout":"full-width-container","site-content-style":"default","site-sidebar-style":"default","ast-global-header-display":"","ast-banner-title-visibility":"","ast-main-header-display":"","ast-hfb-above-header-display":"","ast-hfb-below-header-display":"","ast-hfb-mobile-header-display":"","site-post-title":"disabled","ast-breadcrumbs-content":"","ast-featured-img":"disabled","footer-sml-layout":"","ast-disable-related-posts":"","theme-transparent-header-meta":"","adv-header-id-meta":"","stick-header-meta":"","header-above-stick-meta":"","header-main-stick-meta":"","header-below-stick-meta":"","astra-migrate-meta-layouts":"set","ast-page-background-enabled":"default","ast-page-background-meta":{"desktop":{"background-color":"var(--ast-global-color-4)","background-image":"","background-repeat":"repeat","background-position":"center center","background-size":"auto","background-attachment":"scroll","background-type":"","background-media":"","overlay-type":"","overlay-color":"","overlay-opacity":"","overlay-gradient":""},"tablet":{"background-color":"","background-image":"","background-repeat":"repeat","background-position":"center center","background-size":"auto","background-attachment":"scroll","background-type":"","background-media":"","overlay-type":"","overlay-color":"","overlay-opacity":"","overlay-gradient":""},"mobile":{"background-color":"","background-image":"","background-repeat":"repeat","background-position":"center center","background-size":"auto","background-attachment":"scroll","background-type":"","background-media":"","overlay-type":"","overlay-color":"","overlay-opacity":"","overlay-gradient":""}},"ast-content-background-meta":{"desktop":{"background-color":"var(--ast-global-color-5)","background-image":"","background-repeat":"repeat","background-position":"center center","background-size":"auto","background-attachment":"scroll","background-type":"","background-media":"","overlay-type":"","overlay-color":"","overlay-opacity":"","overlay-gradient":""},"tablet":{"background-color":"var(--ast-global-color-5)","background-image":"","background-repeat":"repeat","background-position":"center center","background-size":"auto","background-attachment":"scroll","background-type":"","background-media":"","overlay-type":"","overlay-color":"","overlay-opacity":"","overlay-gradient":""},"mobile":{"background-color":"var(--ast-global-color-5)","background-image":"","background-repeat":"repeat","background-position":"center center","background-size":"auto","background-attachment":"scroll","background-type":"","background-media":"","overlay-type":"","overlay-color":"","overlay-opacity":"","overlay-gradient":""}},"footnotes":""},"class_list":["post-29083","page","type-page","status-publish","hentry"],"yoast_head":"<!-- This site is optimized with the Yoast SEO plugin v27.4 - https:\/\/yoast.com\/product\/yoast-seo-wordpress\/ -->\n<title>Nobleza recogedor cacas Perros<\/title>\n<meta name=\"description\" content=\"Nobleza recogedor cacas Perros, Plegable de 66 cm de Largo para Quitar Caca para jard\u00edn al Aire Libre\/Interior de Perros, residuos de Animales\" \/>\n<meta name=\"robots\" content=\"index, follow, max-snippet:-1, max-image-preview:large, max-video-preview:-1\" \/>\n<link rel=\"canonical\" href=\"https:\/\/mundoanimalito.com\/index.php\/nobleza-recogedor-cacas-perros-plegable-de-66-cm-de-largo-para-quitar-caca-para-jardin-al-aire-libre-interior\/\" \/>\n<meta property=\"og:locale\" content=\"es_ES\" \/>\n<meta property=\"og:type\" content=\"article\" \/>\n<meta property=\"og:title\" content=\"Nobleza recogedor cacas Perros\" \/>\n<meta property=\"og:description\" content=\"Nobleza recogedor cacas Perros, Plegable de 66 cm de Largo para Quitar Caca para jard\u00edn al Aire Libre\/Interior de Perros, residuos de Animales\" \/>\n<meta property=\"og:url\" content=\"https:\/\/mundoanimalito.com\/index.php\/nobleza-recogedor-cacas-perros-plegable-de-66-cm-de-largo-para-quitar-caca-para-jardin-al-aire-libre-interior\/\" \/>\n<meta property=\"og:site_name\" content=\"Mundo Animalito\" \/>\n<meta property=\"article:publisher\" content=\"https:\/\/www.facebook.com\/mundoanimalito77\" \/>\n<meta property=\"article:modified_time\" content=\"2024-09-18T19:02:53+00:00\" \/>\n<meta property=\"og:image\" content=\"https:\/\/mundoanimalito.com\/wp-content\/uploads\/2024\/04\/0000-13-953x1024.jpg\" \/>\n<meta name=\"twitter:card\" content=\"summary_large_image\" \/>\n<meta name=\"twitter:label1\" content=\"Tiempo de lectura\" \/>\n\t<meta name=\"twitter:data1\" content=\"3 minutos\" \/>\n<script type=\"application\/ld+json\" class=\"yoast-schema-graph\">{\"@context\":\"https:\\\/\\\/schema.org\",\"@graph\":[{\"@type\":\"WebPage\",\"@id\":\"https:\\\/\\\/mundoanimalito.com\\\/index.php\\\/nobleza-recogedor-cacas-perros-plegable-de-66-cm-de-largo-para-quitar-caca-para-jardin-al-aire-libre-interior\\\/\",\"url\":\"https:\\\/\\\/mundoanimalito.com\\\/index.php\\\/nobleza-recogedor-cacas-perros-plegable-de-66-cm-de-largo-para-quitar-caca-para-jardin-al-aire-libre-interior\\\/\",\"name\":\"Nobleza recogedor cacas Perros\",\"isPartOf\":{\"@id\":\"https:\\\/\\\/mundoanimalito.com\\\/#website\"},\"primaryImageOfPage\":{\"@id\":\"https:\\\/\\\/mundoanimalito.com\\\/index.php\\\/nobleza-recogedor-cacas-perros-plegable-de-66-cm-de-largo-para-quitar-caca-para-jardin-al-aire-libre-interior\\\/#primaryimage\"},\"image\":{\"@id\":\"https:\\\/\\\/mundoanimalito.com\\\/index.php\\\/nobleza-recogedor-cacas-perros-plegable-de-66-cm-de-largo-para-quitar-caca-para-jardin-al-aire-libre-interior\\\/#primaryimage\"},\"thumbnailUrl\":\"https:\\\/\\\/mundoanimalito.com\\\/wp-content\\\/uploads\\\/2024\\\/04\\\/0000-13-953x1024.jpg\",\"datePublished\":\"2024-04-25T19:22:20+00:00\",\"dateModified\":\"2024-09-18T19:02:53+00:00\",\"description\":\"Nobleza recogedor cacas Perros, Plegable de 66 cm de Largo para Quitar Caca para jard\u00edn al Aire Libre\\\/Interior de Perros, residuos de Animales\",\"breadcrumb\":{\"@id\":\"https:\\\/\\\/mundoanimalito.com\\\/index.php\\\/nobleza-recogedor-cacas-perros-plegable-de-66-cm-de-largo-para-quitar-caca-para-jardin-al-aire-libre-interior\\\/#breadcrumb\"},\"inLanguage\":\"es\",\"potentialAction\":[{\"@type\":\"ReadAction\",\"target\":[\"https:\\\/\\\/mundoanimalito.com\\\/index.php\\\/nobleza-recogedor-cacas-perros-plegable-de-66-cm-de-largo-para-quitar-caca-para-jardin-al-aire-libre-interior\\\/\"]}]},{\"@type\":\"ImageObject\",\"inLanguage\":\"es\",\"@id\":\"https:\\\/\\\/mundoanimalito.com\\\/index.php\\\/nobleza-recogedor-cacas-perros-plegable-de-66-cm-de-largo-para-quitar-caca-para-jardin-al-aire-libre-interior\\\/#primaryimage\",\"url\":\"https:\\\/\\\/mundoanimalito.com\\\/wp-content\\\/uploads\\\/2024\\\/04\\\/0000-13.jpg\",\"contentUrl\":\"https:\\\/\\\/mundoanimalito.com\\\/wp-content\\\/uploads\\\/2024\\\/04\\\/0000-13.jpg\",\"width\":1346,\"height\":1447,\"caption\":\"Nobleza recogedor cacas Perros, Plegable de 66 cm de Largo para Quitar Caca para jard\u00edn al Aire Libre\\\/Interior de Perros, residuos de Animales\"},{\"@type\":\"BreadcrumbList\",\"@id\":\"https:\\\/\\\/mundoanimalito.com\\\/index.php\\\/nobleza-recogedor-cacas-perros-plegable-de-66-cm-de-largo-para-quitar-caca-para-jardin-al-aire-libre-interior\\\/#breadcrumb\",\"itemListElement\":[{\"@type\":\"ListItem\",\"position\":1,\"name\":\"Portada\",\"item\":\"https:\\\/\\\/mundoanimalito.com\\\/\"},{\"@type\":\"ListItem\",\"position\":2,\"name\":\"Nobleza recogedor cacas Perros, Plegable de 66 cm de Largo para Quitar Caca para jard\u00edn al Aire Libre\\\/Interior\"}]},{\"@type\":\"WebSite\",\"@id\":\"https:\\\/\\\/mundoanimalito.com\\\/#website\",\"url\":\"https:\\\/\\\/mundoanimalito.com\\\/\",\"name\":\"Mundo Animalito\",\"description\":\"Datos y curiosidades de los animales, encuentra ac\u00e1 todo para tu mascota\",\"publisher\":{\"@id\":\"https:\\\/\\\/mundoanimalito.com\\\/#organization\"},\"potentialAction\":[{\"@type\":\"SearchAction\",\"target\":{\"@type\":\"EntryPoint\",\"urlTemplate\":\"https:\\\/\\\/mundoanimalito.com\\\/?s={search_term_string}\"},\"query-input\":{\"@type\":\"PropertyValueSpecification\",\"valueRequired\":true,\"valueName\":\"search_term_string\"}}],\"inLanguage\":\"es\"},{\"@type\":\"Organization\",\"@id\":\"https:\\\/\\\/mundoanimalito.com\\\/#organization\",\"name\":\"Mundo Animalito\",\"url\":\"https:\\\/\\\/mundoanimalito.com\\\/\",\"logo\":{\"@type\":\"ImageObject\",\"inLanguage\":\"es\",\"@id\":\"https:\\\/\\\/mundoanimalito.com\\\/#\\\/schema\\\/logo\\\/image\\\/\",\"url\":\"https:\\\/\\\/mundoanimalito.com\\\/wp-content\\\/uploads\\\/2023\\\/10\\\/cropped-cropped-LOGO-OFICIAL-ULTIMA-VERSION-1.jpg\",\"contentUrl\":\"https:\\\/\\\/mundoanimalito.com\\\/wp-content\\\/uploads\\\/2023\\\/10\\\/cropped-cropped-LOGO-OFICIAL-ULTIMA-VERSION-1.jpg\",\"width\":374,\"height\":425,\"caption\":\"Mundo Animalito\"},\"image\":{\"@id\":\"https:\\\/\\\/mundoanimalito.com\\\/#\\\/schema\\\/logo\\\/image\\\/\"},\"sameAs\":[\"https:\\\/\\\/www.facebook.com\\\/mundoanimalito77\",\"https:\\\/\\\/www.instagram.com\\\/mundoanimalito77\\\/\",\"https:\\\/\\\/www.tiktok.com\\\/@mundoanimalito77\",\"https:\\\/\\\/www.youtube.com\\\/channel\\\/UCLo2JhNUNtHVraDt5aHadew\"]}]}<\/script>\n<!-- \/ Yoast SEO plugin. -->","yoast_head_json":{"title":"Nobleza recogedor cacas Perros","description":"Nobleza recogedor cacas Perros, Plegable de 66 cm de Largo para Quitar Caca para jard\u00edn al Aire Libre\/Interior de Perros, residuos de Animales","robots":{"index":"index","follow":"follow","max-snippet":"max-snippet:-1","max-image-preview":"max-image-preview:large","max-video-preview":"max-video-preview:-1"},"canonical":"https:\/\/mundoanimalito.com\/index.php\/nobleza-recogedor-cacas-perros-plegable-de-66-cm-de-largo-para-quitar-caca-para-jardin-al-aire-libre-interior\/","og_locale":"es_ES","og_type":"article","og_title":"Nobleza recogedor cacas Perros","og_description":"Nobleza recogedor cacas Perros, Plegable de 66 cm de Largo para Quitar Caca para jard\u00edn al Aire Libre\/Interior de Perros, residuos de Animales","og_url":"https:\/\/mundoanimalito.com\/index.php\/nobleza-recogedor-cacas-perros-plegable-de-66-cm-de-largo-para-quitar-caca-para-jardin-al-aire-libre-interior\/","og_site_name":"Mundo Animalito","article_publisher":"https:\/\/www.facebook.com\/mundoanimalito77","article_modified_time":"2024-09-18T19:02:53+00:00","og_image":[{"url":"https:\/\/mundoanimalito.com\/wp-content\/uploads\/2024\/04\/0000-13-953x1024.jpg","type":"","width":"","height":""}],"twitter_card":"summary_large_image","twitter_misc":{"Tiempo de lectura":"3 minutos"},"schema":{"@context":"https:\/\/schema.org","@graph":[{"@type":"WebPage","@id":"https:\/\/mundoanimalito.com\/index.php\/nobleza-recogedor-cacas-perros-plegable-de-66-cm-de-largo-para-quitar-caca-para-jardin-al-aire-libre-interior\/","url":"https:\/\/mundoanimalito.com\/index.php\/nobleza-recogedor-cacas-perros-plegable-de-66-cm-de-largo-para-quitar-caca-para-jardin-al-aire-libre-interior\/","name":"Nobleza recogedor cacas Perros","isPartOf":{"@id":"https:\/\/mundoanimalito.com\/#website"},"primaryImageOfPage":{"@id":"https:\/\/mundoanimalito.com\/index.php\/nobleza-recogedor-cacas-perros-plegable-de-66-cm-de-largo-para-quitar-caca-para-jardin-al-aire-libre-interior\/#primaryimage"},"image":{"@id":"https:\/\/mundoanimalito.com\/index.php\/nobleza-recogedor-cacas-perros-plegable-de-66-cm-de-largo-para-quitar-caca-para-jardin-al-aire-libre-interior\/#primaryimage"},"thumbnailUrl":"https:\/\/mundoanimalito.com\/wp-content\/uploads\/2024\/04\/0000-13-953x1024.jpg","datePublished":"2024-04-25T19:22:20+00:00","dateModified":"2024-09-18T19:02:53+00:00","description":"Nobleza recogedor cacas Perros, Plegable de 66 cm de Largo para Quitar Caca para jard\u00edn al Aire Libre\/Interior de Perros, residuos de Animales","breadcrumb":{"@id":"https:\/\/mundoanimalito.com\/index.php\/nobleza-recogedor-cacas-perros-plegable-de-66-cm-de-largo-para-quitar-caca-para-jardin-al-aire-libre-interior\/#breadcrumb"},"inLanguage":"es","potentialAction":[{"@type":"ReadAction","target":["https:\/\/mundoanimalito.com\/index.php\/nobleza-recogedor-cacas-perros-plegable-de-66-cm-de-largo-para-quitar-caca-para-jardin-al-aire-libre-interior\/"]}]},{"@type":"ImageObject","inLanguage":"es","@id":"https:\/\/mundoanimalito.com\/index.php\/nobleza-recogedor-cacas-perros-plegable-de-66-cm-de-largo-para-quitar-caca-para-jardin-al-aire-libre-interior\/#primaryimage","url":"https:\/\/mundoanimalito.com\/wp-content\/uploads\/2024\/04\/0000-13.jpg","contentUrl":"https:\/\/mundoanimalito.com\/wp-content\/uploads\/2024\/04\/0000-13.jpg","width":1346,"height":1447,"caption":"Nobleza recogedor cacas Perros, Plegable de 66 cm de Largo para Quitar Caca para jard\u00edn al Aire Libre\/Interior de Perros, residuos de Animales"},{"@type":"BreadcrumbList","@id":"https:\/\/mundoanimalito.com\/index.php\/nobleza-recogedor-cacas-perros-plegable-de-66-cm-de-largo-para-quitar-caca-para-jardin-al-aire-libre-interior\/#breadcrumb","itemListElement":[{"@type":"ListItem","position":1,"name":"Portada","item":"https:\/\/mundoanimalito.com\/"},{"@type":"ListItem","position":2,"name":"Nobleza recogedor cacas Perros, Plegable de 66 cm de Largo para Quitar Caca para jard\u00edn al Aire Libre\/Interior"}]},{"@type":"WebSite","@id":"https:\/\/mundoanimalito.com\/#website","url":"https:\/\/mundoanimalito.com\/","name":"Mundo Animalito","description":"Datos y curiosidades de los animales, encuentra ac\u00e1 todo para tu mascota","publisher":{"@id":"https:\/\/mundoanimalito.com\/#organization"},"potentialAction":[{"@type":"SearchAction","target":{"@type":"EntryPoint","urlTemplate":"https:\/\/mundoanimalito.com\/?s={search_term_string}"},"query-input":{"@type":"PropertyValueSpecification","valueRequired":true,"valueName":"search_term_string"}}],"inLanguage":"es"},{"@type":"Organization","@id":"https:\/\/mundoanimalito.com\/#organization","name":"Mundo Animalito","url":"https:\/\/mundoanimalito.com\/","logo":{"@type":"ImageObject","inLanguage":"es","@id":"https:\/\/mundoanimalito.com\/#\/schema\/logo\/image\/","url":"https:\/\/mundoanimalito.com\/wp-content\/uploads\/2023\/10\/cropped-cropped-LOGO-OFICIAL-ULTIMA-VERSION-1.jpg","contentUrl":"https:\/\/mundoanimalito.com\/wp-content\/uploads\/2023\/10\/cropped-cropped-LOGO-OFICIAL-ULTIMA-VERSION-1.jpg","width":374,"height":425,"caption":"Mundo Animalito"},"image":{"@id":"https:\/\/mundoanimalito.com\/#\/schema\/logo\/image\/"},"sameAs":["https:\/\/www.facebook.com\/mundoanimalito77","https:\/\/www.instagram.com\/mundoanimalito77\/","https:\/\/www.tiktok.com\/@mundoanimalito77","https:\/\/www.youtube.com\/channel\/UCLo2JhNUNtHVraDt5aHadew"]}]}},"_links":{"self":[{"href":"https:\/\/mundoanimalito.com\/index.php\/wp-json\/wp\/v2\/pages\/29083","targetHints":{"allow":["GET"]}}],"collection":[{"href":"https:\/\/mundoanimalito.com\/index.php\/wp-json\/wp\/v2\/pages"}],"about":[{"href":"https:\/\/mundoanimalito.com\/index.php\/wp-json\/wp\/v2\/types\/page"}],"author":[{"embeddable":true,"href":"https:\/\/mundoanimalito.com\/index.php\/wp-json\/wp\/v2\/users\/1"}],"replies":[{"embeddable":true,"href":"https:\/\/mundoanimalito.com\/index.php\/wp-json\/wp\/v2\/comments?post=29083"}],"version-history":[{"count":0,"href":"https:\/\/mundoanimalito.com\/index.php\/wp-json\/wp\/v2\/pages\/29083\/revisions"}],"wp:attachment":[{"href":"https:\/\/mundoanimalito.com\/index.php\/wp-json\/wp\/v2\/media?parent=29083"}],"curies":[{"name":"wp","href":"https:\/\/api.w.org\/{rel}","templated":true}]}}