{"id":24826,"date":"2024-04-17T18:42:55","date_gmt":"2024-04-17T23:42:55","guid":{"rendered":"https:\/\/mundoanimalito.com\/?page_id=24826"},"modified":"2024-09-04T17:03:49","modified_gmt":"2024-09-04T22:03:49","slug":"eagloo-arnes-perro-grande-mediano-antiescape-arnes-antitirones-perro","status":"publish","type":"page","link":"https:\/\/mundoanimalito.com\/index.php\/eagloo-arnes-perro-grande-mediano-antiescape-arnes-antitirones-perro\/","title":{"rendered":"Eagloo Arnes Perro Grande Mediano antiescape, Arnes Antitirones Perro"},"content":{"rendered":"\t\t<div data-elementor-type=\"wp-page\" data-elementor-id=\"24826\" class=\"elementor elementor-24826\" data-elementor-post-type=\"page\">\n\t\t\t\t<div class=\"elementor-element elementor-element-5ba261d e-flex e-con-boxed e-con e-parent\" data-id=\"5ba261d\" data-element_type=\"container\" data-e-type=\"container\">\n\t\t\t\t\t<div class=\"e-con-inner\">\n\t\t\t\t<div class=\"elementor-element elementor-element-e8a01a0 elementor-invisible elementor-widget elementor-widget-heading\" data-id=\"e8a01a0\" data-element_type=\"widget\" data-e-type=\"widget\" data-settings=\"{&quot;_animation&quot;:&quot;fadeInDown&quot;}\" data-widget_type=\"heading.default\">\n\t\t\t\t<div class=\"elementor-widget-container\">\n\t\t\t\t\t<h2 class=\"elementor-heading-title elementor-size-default\">\u00bfEst\u00e1s cansado de los tirones y de que tu perro se escape durante los paseos? \u00a1El Arn\u00e9s Eagloo es la soluci\u00f3n que estabas buscando para disfrutar de paseos sin estr\u00e9s y llenos de aventuras con tu amigo peludo!<\/h2>\t\t\t\t<\/div>\n\t\t\t\t<\/div>\n\t\t\t\t\t<\/div>\n\t\t\t\t<\/div>\n\t\t<div class=\"elementor-element elementor-element-c7da914 e-flex e-con-boxed e-con e-parent\" data-id=\"c7da914\" data-element_type=\"container\" data-e-type=\"container\">\n\t\t\t\t\t<div class=\"e-con-inner\">\n\t\t<div class=\"elementor-element elementor-element-b7ba059 e-con-full e-flex e-con e-child\" data-id=\"b7ba059\" data-element_type=\"container\" data-e-type=\"container\">\n\t\t\t\t<div class=\"elementor-element elementor-element-17a8b6d elementor-widget elementor-widget-image\" data-id=\"17a8b6d\" data-element_type=\"widget\" data-e-type=\"widget\" data-widget_type=\"image.default\">\n\t\t\t\t<div class=\"elementor-widget-container\">\n\t\t\t\t\t\t\t\t\t\t\t\t\t\t\t\t<a href=\"https:\/\/amzn.to\/49P94ik\" target=\"_blank\">\n\t\t\t\t\t\t\t<img fetchpriority=\"high\" decoding=\"async\" width=\"902\" height=\"1024\" src=\"https:\/\/mundoanimalito.com\/wp-content\/uploads\/2024\/04\/712yOtMPqZL._AC_SL1500_-902x1024.jpg\" class=\"attachment-large size-large wp-image-24807\" alt=\"Eagloo Arnes Perro Grande Mediano antiescape, Arnes Antitirones Perro, Chaleco Acolchado Ajustable, Correa al Cuello y Pecho y Transpirable con Cinta Reflectante,Ejercer Correr Coche,L\/Negro\" srcset=\"https:\/\/mundoanimalito.com\/wp-content\/uploads\/2024\/04\/712yOtMPqZL._AC_SL1500_-902x1024.jpg 902w, https:\/\/mundoanimalito.com\/wp-content\/uploads\/2024\/04\/712yOtMPqZL._AC_SL1500_-264x300.jpg 264w, https:\/\/mundoanimalito.com\/wp-content\/uploads\/2024\/04\/712yOtMPqZL._AC_SL1500_-768x872.jpg 768w, https:\/\/mundoanimalito.com\/wp-content\/uploads\/2024\/04\/712yOtMPqZL._AC_SL1500_.jpg 1321w\" sizes=\"(max-width: 902px) 100vw, 902px\" \/>\t\t\t\t\t\t\t\t<\/a>\n\t\t\t\t\t\t\t\t\t\t\t\t\t\t\t<\/div>\n\t\t\t\t<\/div>\n\t\t\t\t<\/div>\n\t\t<div class=\"elementor-element elementor-element-b7f4c58 e-con-full e-flex e-con e-child\" data-id=\"b7f4c58\" data-element_type=\"container\" data-e-type=\"container\">\n\t\t\t\t<div class=\"elementor-element elementor-element-a5dadc2 elementor-widget elementor-widget-text-editor\" data-id=\"a5dadc2\" data-element_type=\"widget\" data-e-type=\"widget\" data-widget_type=\"text-editor.default\">\n\t\t\t\t<div class=\"elementor-widget-container\">\n\t\t\t\t\t\t\t\t\t<p><strong>\ud83d\udc36 Comodidad sin Presi\u00f3n en el Cuello:<\/strong> Con un dise\u00f1o ergon\u00f3mico y cintas ajustables, nuestro arn\u00e9s proporciona la m\u00e1xima comodidad al distribuir la presi\u00f3n de manera uniforme en el pecho y el cuello de tu perro. \u00a1Tu amigo peludo podr\u00e1 disfrutar de cada paseo sin sentir ninguna molestia!\u00a0<\/p><p>\u00a0<\/p><p><strong>\ud83c\udfde\ufe0f Alta Calidad y F\u00e1cil de Poner:<\/strong> Fabricado con material Oxford resistente al desgaste y forro interior transpirable, nuestro arn\u00e9s garantiza durabilidad y confort. Adem\u00e1s, su dise\u00f1o ergon\u00f3mico facilita poner y quitar el arn\u00e9s, \u00a1sin complicaciones ni estr\u00e9s para ti o tu perro!\u00a0<\/p><p>\u00a0<\/p><p><strong>\ud83d\udeb6\u200d\u2642\ufe0f Dise\u00f1o Anti-Tirones:<\/strong> Equipado con 2 anillos de aleaci\u00f3n de zinc en el pecho y la espalda, nuestro arn\u00e9s te ofrece control total sobre los paseos de tu perro. Con el anillo en el pecho, puedes guiar a tu perro sin estr\u00e9s en el cuello ni riesgo de estrangulamiento. \u00a1Disfruta de paseos m\u00e1s seguros y relajados!\u00a0<\/p><p>\u00a0<\/p><p><strong>\ud83c\udf19 Cinta Reflectante para una Mayor Seguridad:<\/strong> Nuestro arn\u00e9s cuenta con cintas reflectantes que garantizan una buena visibilidad por la noche, reduciendo as\u00ed el riesgo de accidentes y protegiendo la seguridad de tu perro en todo momento.\u00a0<\/p><p>\u00a0<\/p><p>Descubre la libertad de explorar juntos sin preocupaciones ni tirones. \u00a1Haz clic en \u00abComprar Ahora\u00bb y lleva a casa el Arn\u00e9s Eagloo para disfrutar de paseos seguros y placenteros con tu mejor amigo!<\/p>\t\t\t\t\t\t\t\t<\/div>\n\t\t\t\t<\/div>\n\t\t\t\t<div class=\"elementor-element elementor-element-661f1c5 elementor-align-right elementor-widget elementor-widget-button\" data-id=\"661f1c5\" data-element_type=\"widget\" data-e-type=\"widget\" data-widget_type=\"button.default\">\n\t\t\t\t<div class=\"elementor-widget-container\">\n\t\t\t\t\t\t\t\t\t<div class=\"elementor-button-wrapper\">\n\t\t\t\t\t<a class=\"elementor-button elementor-button-link elementor-size-sm\" href=\"https:\/\/amzn.to\/49P94ik\" target=\"_blank\">\n\t\t\t\t\t\t<span class=\"elementor-button-content-wrapper\">\n\t\t\t\t\t\t\t\t\t<span class=\"elementor-button-text\">Compra ahora en Amazon<\/span>\n\t\t\t\t\t<\/span>\n\t\t\t\t\t<\/a>\n\t\t\t\t<\/div>\n\t\t\t\t\t\t\t\t<\/div>\n\t\t\t\t<\/div>\n\t\t\t\t<\/div>\n\t\t\t\t\t<\/div>\n\t\t\t\t<\/div>\n\t\t<div class=\"elementor-element elementor-element-1dac69f e-flex e-con-boxed e-con e-parent\" data-id=\"1dac69f\" data-element_type=\"container\" data-e-type=\"container\">\n\t\t\t\t\t<div class=\"e-con-inner\">\n\t\t\t\t<div class=\"elementor-element elementor-element-8de3cb3 elementor-arrows-position-inside elementor-pagination-position-outside elementor-widget elementor-widget-image-carousel\" data-id=\"8de3cb3\" data-element_type=\"widget\" data-e-type=\"widget\" data-settings=\"{&quot;slides_to_show&quot;:&quot;1&quot;,&quot;navigation&quot;:&quot;both&quot;,&quot;autoplay&quot;:&quot;yes&quot;,&quot;pause_on_hover&quot;:&quot;yes&quot;,&quot;pause_on_interaction&quot;:&quot;yes&quot;,&quot;autoplay_speed&quot;:5000,&quot;infinite&quot;:&quot;yes&quot;,&quot;effect&quot;:&quot;slide&quot;,&quot;speed&quot;:500}\" data-widget_type=\"image-carousel.default\">\n\t\t\t\t<div class=\"elementor-widget-container\">\n\t\t\t\t\t\t\t<div class=\"elementor-image-carousel-wrapper swiper\" role=\"region\" aria-roledescription=\"carousel\" aria-label=\"Carrusel de im\u00e1genes\" dir=\"ltr\">\n\t\t\t<div class=\"elementor-image-carousel swiper-wrapper\" aria-live=\"off\">\n\t\t\t\t\t\t\t\t<div class=\"swiper-slide\" role=\"group\" aria-roledescription=\"slide\" aria-label=\"1 de 4\"><figure class=\"swiper-slide-inner\"><img decoding=\"async\" class=\"swiper-slide-image\" src=\"https:\/\/mundoanimalito.com\/wp-content\/uploads\/2024\/04\/71SyTQIYHBL._AC_SL1500_-768x768.jpg\" alt=\"Eagloo Arnes Perro Grande Mediano antiescape, Arnes Antitirones Perro, Chaleco Acolchado Ajustable, Correa al Cuello y Pecho y Transpirable con Cinta Reflectante,Ejercer Correr Coche,L\/Negro\" \/><\/figure><\/div><div class=\"swiper-slide\" role=\"group\" aria-roledescription=\"slide\" aria-label=\"2 de 4\"><figure class=\"swiper-slide-inner\"><img decoding=\"async\" class=\"swiper-slide-image\" src=\"https:\/\/mundoanimalito.com\/wp-content\/uploads\/2024\/04\/61mE5MWeeiL._AC_SL1500_-768x642.jpg\" alt=\"Eagloo Arnes Perro Grande Mediano antiescape, Arnes Antitirones Perro, Chaleco Acolchado Ajustable, Correa al Cuello y Pecho y Transpirable con Cinta Reflectante,Ejercer Correr Coche,L\/Negro\" \/><\/figure><\/div><div class=\"swiper-slide\" role=\"group\" aria-roledescription=\"slide\" aria-label=\"3 de 4\"><figure class=\"swiper-slide-inner\"><img decoding=\"async\" class=\"swiper-slide-image\" src=\"https:\/\/mundoanimalito.com\/wp-content\/uploads\/2024\/04\/71KstGkpjfL._AC_SL1500_-768x768.jpg\" alt=\"Eagloo Arnes Perro Grande Mediano antiescape, Arnes Antitirones Perro, Chaleco Acolchado Ajustable, Correa al Cuello y Pecho y Transpirable con Cinta Reflectante,Ejercer Correr Coche,L\/Negro\" \/><\/figure><\/div><div class=\"swiper-slide\" role=\"group\" aria-roledescription=\"slide\" aria-label=\"4 de 4\"><figure class=\"swiper-slide-inner\"><img decoding=\"async\" class=\"swiper-slide-image\" src=\"https:\/\/mundoanimalito.com\/wp-content\/uploads\/2024\/04\/71aeHdfQX1L._AC_SL1500_-768x768.jpg\" alt=\"Eagloo Arnes Perro Grande Mediano antiescape, Arnes Antitirones Perro, Chaleco Acolchado Ajustable, Correa al Cuello y Pecho y Transpirable con Cinta Reflectante,Ejercer Correr Coche,L\/Negro\" \/><\/figure><\/div>\t\t\t<\/div>\n\t\t\t\t\t\t\t\t\t\t\t\t<div class=\"elementor-swiper-button elementor-swiper-button-prev\" role=\"button\" tabindex=\"0\">\n\t\t\t\t\t\t<i aria-hidden=\"true\" class=\"eicon-chevron-left\"><\/i>\t\t\t\t\t<\/div>\n\t\t\t\t\t<div class=\"elementor-swiper-button elementor-swiper-button-next\" role=\"button\" tabindex=\"0\">\n\t\t\t\t\t\t<i aria-hidden=\"true\" class=\"eicon-chevron-right\"><\/i>\t\t\t\t\t<\/div>\n\t\t\t\t\n\t\t\t\t\t\t\t\t\t<div class=\"swiper-pagination\"><\/div>\n\t\t\t\t\t\t\t\t\t<\/div>\n\t\t\t\t\t\t<\/div>\n\t\t\t\t<\/div>\n\t\t\t\t\t<\/div>\n\t\t\t\t<\/div>\n\t\t<div class=\"elementor-element elementor-element-9a4097c e-flex e-con-boxed e-con e-parent\" data-id=\"9a4097c\" data-element_type=\"container\" data-e-type=\"container\">\n\t\t\t\t\t<div class=\"e-con-inner\">\n\t\t\t\t<div class=\"elementor-element elementor-element-20bd45a elementor-align-right elementor-widget elementor-widget-button\" data-id=\"20bd45a\" data-element_type=\"widget\" data-e-type=\"widget\" data-widget_type=\"button.default\">\n\t\t\t\t<div class=\"elementor-widget-container\">\n\t\t\t\t\t\t\t\t\t<div class=\"elementor-button-wrapper\">\n\t\t\t\t\t<a class=\"elementor-button elementor-button-link elementor-size-sm\" href=\"https:\/\/amzn.to\/49P94ik\" target=\"_blank\">\n\t\t\t\t\t\t<span class=\"elementor-button-content-wrapper\">\n\t\t\t\t\t\t\t\t\t<span class=\"elementor-button-text\">Compra ahora en Amazon<\/span>\n\t\t\t\t\t<\/span>\n\t\t\t\t\t<\/a>\n\t\t\t\t<\/div>\n\t\t\t\t\t\t\t\t<\/div>\n\t\t\t\t<\/div>\n\t\t\t\t\t<\/div>\n\t\t\t\t<\/div>\n\t\t\t\t<\/div>\n\t\t","protected":false},"excerpt":{"rendered":"<p>\u00bfEst\u00e1s cansado de los tirones y de que tu perro se escape durante los paseos? \u00a1El Arn\u00e9s Eagloo es la soluci\u00f3n que estabas buscando para disfrutar de paseos sin estr\u00e9s y llenos de aventuras con tu amigo peludo! \ud83d\udc36 Comodidad sin Presi\u00f3n en el Cuello: Con un dise\u00f1o ergon\u00f3mico y cintas ajustables, nuestro arn\u00e9s proporciona [&hellip;]<\/p>\n","protected":false},"author":1,"featured_media":0,"parent":0,"menu_order":0,"comment_status":"closed","ping_status":"closed","template":"","meta":{"site-sidebar-layout":"no-sidebar","site-content-layout":"page-builder","ast-site-content-layout":"full-width-container","site-content-style":"default","site-sidebar-style":"default","ast-global-header-display":"","ast-banner-title-visibility":"","ast-main-header-display":"","ast-hfb-above-header-display":"","ast-hfb-below-header-display":"","ast-hfb-mobile-header-display":"","site-post-title":"disabled","ast-breadcrumbs-content":"","ast-featured-img":"disabled","footer-sml-layout":"","ast-disable-related-posts":"","theme-transparent-header-meta":"","adv-header-id-meta":"","stick-header-meta":"","header-above-stick-meta":"","header-main-stick-meta":"","header-below-stick-meta":"","astra-migrate-meta-layouts":"set","ast-page-background-enabled":"default","ast-page-background-meta":{"desktop":{"background-color":"var(--ast-global-color-4)","background-image":"","background-repeat":"repeat","background-position":"center center","background-size":"auto","background-attachment":"scroll","background-type":"","background-media":"","overlay-type":"","overlay-color":"","overlay-opacity":"","overlay-gradient":""},"tablet":{"background-color":"","background-image":"","background-repeat":"repeat","background-position":"center center","background-size":"auto","background-attachment":"scroll","background-type":"","background-media":"","overlay-type":"","overlay-color":"","overlay-opacity":"","overlay-gradient":""},"mobile":{"background-color":"","background-image":"","background-repeat":"repeat","background-position":"center center","background-size":"auto","background-attachment":"scroll","background-type":"","background-media":"","overlay-type":"","overlay-color":"","overlay-opacity":"","overlay-gradient":""}},"ast-content-background-meta":{"desktop":{"background-color":"var(--ast-global-color-5)","background-image":"","background-repeat":"repeat","background-position":"center center","background-size":"auto","background-attachment":"scroll","background-type":"","background-media":"","overlay-type":"","overlay-color":"","overlay-opacity":"","overlay-gradient":""},"tablet":{"background-color":"var(--ast-global-color-5)","background-image":"","background-repeat":"repeat","background-position":"center center","background-size":"auto","background-attachment":"scroll","background-type":"","background-media":"","overlay-type":"","overlay-color":"","overlay-opacity":"","overlay-gradient":""},"mobile":{"background-color":"var(--ast-global-color-5)","background-image":"","background-repeat":"repeat","background-position":"center center","background-size":"auto","background-attachment":"scroll","background-type":"","background-media":"","overlay-type":"","overlay-color":"","overlay-opacity":"","overlay-gradient":""}},"footnotes":""},"class_list":["post-24826","page","type-page","status-publish","hentry"],"yoast_head":"<!-- This site is optimized with the Yoast SEO plugin v27.4 - https:\/\/yoast.com\/product\/yoast-seo-wordpress\/ -->\n<title>Eagloo Arnes Perro Grande Mediano | Mundo Animalito<\/title>\n<meta name=\"description\" content=\"Eagloo Arnes Perro Grande Mediano, Arnes Antitirones Perro Antiescape, Chaleco Acolchado Ajustable, Anillos de Pecho y Espalda, Transpirable con Cinta Reflectante, Ejercer Correr, L Negro\" \/>\n<meta name=\"robots\" content=\"index, follow, max-snippet:-1, max-image-preview:large, max-video-preview:-1\" \/>\n<link rel=\"canonical\" href=\"https:\/\/mundoanimalito.com\/index.php\/eagloo-arnes-perro-grande-mediano-antiescape-arnes-antitirones-perro\/\" \/>\n<meta property=\"og:locale\" content=\"es_ES\" \/>\n<meta property=\"og:type\" content=\"article\" \/>\n<meta property=\"og:title\" content=\"Eagloo Arnes Perro Grande Mediano | Mundo Animalito\" \/>\n<meta property=\"og:description\" content=\"Eagloo Arnes Perro Grande Mediano, Arnes Antitirones Perro Antiescape, Chaleco Acolchado Ajustable, Anillos de Pecho y Espalda, Transpirable con Cinta Reflectante, Ejercer Correr, L Negro\" \/>\n<meta property=\"og:url\" content=\"https:\/\/mundoanimalito.com\/index.php\/eagloo-arnes-perro-grande-mediano-antiescape-arnes-antitirones-perro\/\" \/>\n<meta property=\"og:site_name\" content=\"Mundo Animalito\" \/>\n<meta property=\"article:publisher\" content=\"https:\/\/www.facebook.com\/mundoanimalito77\" \/>\n<meta property=\"article:modified_time\" content=\"2024-09-04T22:03:49+00:00\" \/>\n<meta property=\"og:image\" content=\"https:\/\/mundoanimalito.com\/wp-content\/uploads\/2024\/04\/712yOtMPqZL._AC_SL1500_-902x1024.jpg\" \/>\n<meta name=\"twitter:card\" content=\"summary_large_image\" \/>\n<meta name=\"twitter:label1\" content=\"Tiempo de lectura\" \/>\n\t<meta name=\"twitter:data1\" content=\"3 minutos\" \/>\n<script type=\"application\/ld+json\" class=\"yoast-schema-graph\">{\"@context\":\"https:\\\/\\\/schema.org\",\"@graph\":[{\"@type\":\"WebPage\",\"@id\":\"https:\\\/\\\/mundoanimalito.com\\\/index.php\\\/eagloo-arnes-perro-grande-mediano-antiescape-arnes-antitirones-perro\\\/\",\"url\":\"https:\\\/\\\/mundoanimalito.com\\\/index.php\\\/eagloo-arnes-perro-grande-mediano-antiescape-arnes-antitirones-perro\\\/\",\"name\":\"Eagloo Arnes Perro Grande Mediano | Mundo Animalito\",\"isPartOf\":{\"@id\":\"https:\\\/\\\/mundoanimalito.com\\\/#website\"},\"primaryImageOfPage\":{\"@id\":\"https:\\\/\\\/mundoanimalito.com\\\/index.php\\\/eagloo-arnes-perro-grande-mediano-antiescape-arnes-antitirones-perro\\\/#primaryimage\"},\"image\":{\"@id\":\"https:\\\/\\\/mundoanimalito.com\\\/index.php\\\/eagloo-arnes-perro-grande-mediano-antiescape-arnes-antitirones-perro\\\/#primaryimage\"},\"thumbnailUrl\":\"https:\\\/\\\/mundoanimalito.com\\\/wp-content\\\/uploads\\\/2024\\\/04\\\/712yOtMPqZL._AC_SL1500_-902x1024.jpg\",\"datePublished\":\"2024-04-17T23:42:55+00:00\",\"dateModified\":\"2024-09-04T22:03:49+00:00\",\"description\":\"Eagloo Arnes Perro Grande Mediano, Arnes Antitirones Perro Antiescape, Chaleco Acolchado Ajustable, Anillos de Pecho y Espalda, Transpirable con Cinta Reflectante, Ejercer Correr, L Negro\",\"breadcrumb\":{\"@id\":\"https:\\\/\\\/mundoanimalito.com\\\/index.php\\\/eagloo-arnes-perro-grande-mediano-antiescape-arnes-antitirones-perro\\\/#breadcrumb\"},\"inLanguage\":\"es\",\"potentialAction\":[{\"@type\":\"ReadAction\",\"target\":[\"https:\\\/\\\/mundoanimalito.com\\\/index.php\\\/eagloo-arnes-perro-grande-mediano-antiescape-arnes-antitirones-perro\\\/\"]}]},{\"@type\":\"ImageObject\",\"inLanguage\":\"es\",\"@id\":\"https:\\\/\\\/mundoanimalito.com\\\/index.php\\\/eagloo-arnes-perro-grande-mediano-antiescape-arnes-antitirones-perro\\\/#primaryimage\",\"url\":\"https:\\\/\\\/mundoanimalito.com\\\/wp-content\\\/uploads\\\/2024\\\/04\\\/712yOtMPqZL._AC_SL1500_.jpg\",\"contentUrl\":\"https:\\\/\\\/mundoanimalito.com\\\/wp-content\\\/uploads\\\/2024\\\/04\\\/712yOtMPqZL._AC_SL1500_.jpg\",\"width\":1321,\"height\":1500,\"caption\":\"Eagloo Arnes Perro Grande Mediano antiescape, Arnes Antitirones Perro, Chaleco Acolchado Ajustable, Correa al Cuello y Pecho y Transpirable con Cinta Reflectante,Ejercer Correr Coche,L\\\/Negro\"},{\"@type\":\"BreadcrumbList\",\"@id\":\"https:\\\/\\\/mundoanimalito.com\\\/index.php\\\/eagloo-arnes-perro-grande-mediano-antiescape-arnes-antitirones-perro\\\/#breadcrumb\",\"itemListElement\":[{\"@type\":\"ListItem\",\"position\":1,\"name\":\"Portada\",\"item\":\"https:\\\/\\\/mundoanimalito.com\\\/\"},{\"@type\":\"ListItem\",\"position\":2,\"name\":\"Eagloo Arnes Perro Grande Mediano antiescape, Arnes Antitirones Perro\"}]},{\"@type\":\"WebSite\",\"@id\":\"https:\\\/\\\/mundoanimalito.com\\\/#website\",\"url\":\"https:\\\/\\\/mundoanimalito.com\\\/\",\"name\":\"Mundo Animalito\",\"description\":\"Datos y curiosidades de los animales, encuentra ac\u00e1 todo para tu mascota\",\"publisher\":{\"@id\":\"https:\\\/\\\/mundoanimalito.com\\\/#organization\"},\"potentialAction\":[{\"@type\":\"SearchAction\",\"target\":{\"@type\":\"EntryPoint\",\"urlTemplate\":\"https:\\\/\\\/mundoanimalito.com\\\/?s={search_term_string}\"},\"query-input\":{\"@type\":\"PropertyValueSpecification\",\"valueRequired\":true,\"valueName\":\"search_term_string\"}}],\"inLanguage\":\"es\"},{\"@type\":\"Organization\",\"@id\":\"https:\\\/\\\/mundoanimalito.com\\\/#organization\",\"name\":\"Mundo Animalito\",\"url\":\"https:\\\/\\\/mundoanimalito.com\\\/\",\"logo\":{\"@type\":\"ImageObject\",\"inLanguage\":\"es\",\"@id\":\"https:\\\/\\\/mundoanimalito.com\\\/#\\\/schema\\\/logo\\\/image\\\/\",\"url\":\"https:\\\/\\\/mundoanimalito.com\\\/wp-content\\\/uploads\\\/2023\\\/10\\\/cropped-cropped-LOGO-OFICIAL-ULTIMA-VERSION-1.jpg\",\"contentUrl\":\"https:\\\/\\\/mundoanimalito.com\\\/wp-content\\\/uploads\\\/2023\\\/10\\\/cropped-cropped-LOGO-OFICIAL-ULTIMA-VERSION-1.jpg\",\"width\":374,\"height\":425,\"caption\":\"Mundo Animalito\"},\"image\":{\"@id\":\"https:\\\/\\\/mundoanimalito.com\\\/#\\\/schema\\\/logo\\\/image\\\/\"},\"sameAs\":[\"https:\\\/\\\/www.facebook.com\\\/mundoanimalito77\",\"https:\\\/\\\/www.instagram.com\\\/mundoanimalito77\\\/\",\"https:\\\/\\\/www.tiktok.com\\\/@mundoanimalito77\",\"https:\\\/\\\/www.youtube.com\\\/channel\\\/UCLo2JhNUNtHVraDt5aHadew\"]}]}<\/script>\n<!-- \/ Yoast SEO plugin. -->","yoast_head_json":{"title":"Eagloo Arnes Perro Grande Mediano | Mundo Animalito","description":"Eagloo Arnes Perro Grande Mediano, Arnes Antitirones Perro Antiescape, Chaleco Acolchado Ajustable, Anillos de Pecho y Espalda, Transpirable con Cinta Reflectante, Ejercer Correr, L Negro","robots":{"index":"index","follow":"follow","max-snippet":"max-snippet:-1","max-image-preview":"max-image-preview:large","max-video-preview":"max-video-preview:-1"},"canonical":"https:\/\/mundoanimalito.com\/index.php\/eagloo-arnes-perro-grande-mediano-antiescape-arnes-antitirones-perro\/","og_locale":"es_ES","og_type":"article","og_title":"Eagloo Arnes Perro Grande Mediano | Mundo Animalito","og_description":"Eagloo Arnes Perro Grande Mediano, Arnes Antitirones Perro Antiescape, Chaleco Acolchado Ajustable, Anillos de Pecho y Espalda, Transpirable con Cinta Reflectante, Ejercer Correr, L Negro","og_url":"https:\/\/mundoanimalito.com\/index.php\/eagloo-arnes-perro-grande-mediano-antiescape-arnes-antitirones-perro\/","og_site_name":"Mundo Animalito","article_publisher":"https:\/\/www.facebook.com\/mundoanimalito77","article_modified_time":"2024-09-04T22:03:49+00:00","og_image":[{"url":"https:\/\/mundoanimalito.com\/wp-content\/uploads\/2024\/04\/712yOtMPqZL._AC_SL1500_-902x1024.jpg","type":"","width":"","height":""}],"twitter_card":"summary_large_image","twitter_misc":{"Tiempo de lectura":"3 minutos"},"schema":{"@context":"https:\/\/schema.org","@graph":[{"@type":"WebPage","@id":"https:\/\/mundoanimalito.com\/index.php\/eagloo-arnes-perro-grande-mediano-antiescape-arnes-antitirones-perro\/","url":"https:\/\/mundoanimalito.com\/index.php\/eagloo-arnes-perro-grande-mediano-antiescape-arnes-antitirones-perro\/","name":"Eagloo Arnes Perro Grande Mediano | Mundo Animalito","isPartOf":{"@id":"https:\/\/mundoanimalito.com\/#website"},"primaryImageOfPage":{"@id":"https:\/\/mundoanimalito.com\/index.php\/eagloo-arnes-perro-grande-mediano-antiescape-arnes-antitirones-perro\/#primaryimage"},"image":{"@id":"https:\/\/mundoanimalito.com\/index.php\/eagloo-arnes-perro-grande-mediano-antiescape-arnes-antitirones-perro\/#primaryimage"},"thumbnailUrl":"https:\/\/mundoanimalito.com\/wp-content\/uploads\/2024\/04\/712yOtMPqZL._AC_SL1500_-902x1024.jpg","datePublished":"2024-04-17T23:42:55+00:00","dateModified":"2024-09-04T22:03:49+00:00","description":"Eagloo Arnes Perro Grande Mediano, Arnes Antitirones Perro Antiescape, Chaleco Acolchado Ajustable, Anillos de Pecho y Espalda, Transpirable con Cinta Reflectante, Ejercer Correr, L Negro","breadcrumb":{"@id":"https:\/\/mundoanimalito.com\/index.php\/eagloo-arnes-perro-grande-mediano-antiescape-arnes-antitirones-perro\/#breadcrumb"},"inLanguage":"es","potentialAction":[{"@type":"ReadAction","target":["https:\/\/mundoanimalito.com\/index.php\/eagloo-arnes-perro-grande-mediano-antiescape-arnes-antitirones-perro\/"]}]},{"@type":"ImageObject","inLanguage":"es","@id":"https:\/\/mundoanimalito.com\/index.php\/eagloo-arnes-perro-grande-mediano-antiescape-arnes-antitirones-perro\/#primaryimage","url":"https:\/\/mundoanimalito.com\/wp-content\/uploads\/2024\/04\/712yOtMPqZL._AC_SL1500_.jpg","contentUrl":"https:\/\/mundoanimalito.com\/wp-content\/uploads\/2024\/04\/712yOtMPqZL._AC_SL1500_.jpg","width":1321,"height":1500,"caption":"Eagloo Arnes Perro Grande Mediano antiescape, Arnes Antitirones Perro, Chaleco Acolchado Ajustable, Correa al Cuello y Pecho y Transpirable con Cinta Reflectante,Ejercer Correr Coche,L\/Negro"},{"@type":"BreadcrumbList","@id":"https:\/\/mundoanimalito.com\/index.php\/eagloo-arnes-perro-grande-mediano-antiescape-arnes-antitirones-perro\/#breadcrumb","itemListElement":[{"@type":"ListItem","position":1,"name":"Portada","item":"https:\/\/mundoanimalito.com\/"},{"@type":"ListItem","position":2,"name":"Eagloo Arnes Perro Grande Mediano antiescape, Arnes Antitirones Perro"}]},{"@type":"WebSite","@id":"https:\/\/mundoanimalito.com\/#website","url":"https:\/\/mundoanimalito.com\/","name":"Mundo Animalito","description":"Datos y curiosidades de los animales, encuentra ac\u00e1 todo para tu mascota","publisher":{"@id":"https:\/\/mundoanimalito.com\/#organization"},"potentialAction":[{"@type":"SearchAction","target":{"@type":"EntryPoint","urlTemplate":"https:\/\/mundoanimalito.com\/?s={search_term_string}"},"query-input":{"@type":"PropertyValueSpecification","valueRequired":true,"valueName":"search_term_string"}}],"inLanguage":"es"},{"@type":"Organization","@id":"https:\/\/mundoanimalito.com\/#organization","name":"Mundo Animalito","url":"https:\/\/mundoanimalito.com\/","logo":{"@type":"ImageObject","inLanguage":"es","@id":"https:\/\/mundoanimalito.com\/#\/schema\/logo\/image\/","url":"https:\/\/mundoanimalito.com\/wp-content\/uploads\/2023\/10\/cropped-cropped-LOGO-OFICIAL-ULTIMA-VERSION-1.jpg","contentUrl":"https:\/\/mundoanimalito.com\/wp-content\/uploads\/2023\/10\/cropped-cropped-LOGO-OFICIAL-ULTIMA-VERSION-1.jpg","width":374,"height":425,"caption":"Mundo Animalito"},"image":{"@id":"https:\/\/mundoanimalito.com\/#\/schema\/logo\/image\/"},"sameAs":["https:\/\/www.facebook.com\/mundoanimalito77","https:\/\/www.instagram.com\/mundoanimalito77\/","https:\/\/www.tiktok.com\/@mundoanimalito77","https:\/\/www.youtube.com\/channel\/UCLo2JhNUNtHVraDt5aHadew"]}]}},"_links":{"self":[{"href":"https:\/\/mundoanimalito.com\/index.php\/wp-json\/wp\/v2\/pages\/24826","targetHints":{"allow":["GET"]}}],"collection":[{"href":"https:\/\/mundoanimalito.com\/index.php\/wp-json\/wp\/v2\/pages"}],"about":[{"href":"https:\/\/mundoanimalito.com\/index.php\/wp-json\/wp\/v2\/types\/page"}],"author":[{"embeddable":true,"href":"https:\/\/mundoanimalito.com\/index.php\/wp-json\/wp\/v2\/users\/1"}],"replies":[{"embeddable":true,"href":"https:\/\/mundoanimalito.com\/index.php\/wp-json\/wp\/v2\/comments?post=24826"}],"version-history":[{"count":0,"href":"https:\/\/mundoanimalito.com\/index.php\/wp-json\/wp\/v2\/pages\/24826\/revisions"}],"wp:attachment":[{"href":"https:\/\/mundoanimalito.com\/index.php\/wp-json\/wp\/v2\/media?parent=24826"}],"curies":[{"name":"wp","href":"https:\/\/api.w.org\/{rel}","templated":true}]}}