{"id":23608,"date":"2024-04-16T18:34:04","date_gmt":"2024-04-16T23:34:04","guid":{"rendered":"https:\/\/mundoanimalito.com\/?page_id=23608"},"modified":"2024-09-04T17:34:58","modified_gmt":"2024-09-04T22:34:58","slug":"faroro-4l-comedero-gato-automatico","status":"publish","type":"page","link":"https:\/\/mundoanimalito.com\/index.php\/faroro-4l-comedero-gato-automatico\/","title":{"rendered":"Faroro 4L Comedero Gato Automatico"},"content":{"rendered":"\t\t<div data-elementor-type=\"wp-page\" data-elementor-id=\"23608\" class=\"elementor elementor-23608\" data-elementor-post-type=\"page\">\n\t\t\t\t<div class=\"elementor-element elementor-element-068e3c9 e-flex e-con-boxed e-con e-parent\" data-id=\"068e3c9\" data-element_type=\"container\" data-e-type=\"container\">\n\t\t\t\t\t<div class=\"e-con-inner\">\n\t\t\t\t<div class=\"elementor-element elementor-element-5828013 elementor-invisible elementor-widget elementor-widget-heading\" data-id=\"5828013\" data-element_type=\"widget\" data-e-type=\"widget\" data-settings=\"{&quot;_animation&quot;:&quot;fadeInDown&quot;}\" data-widget_type=\"heading.default\">\n\t\t\t\t<div class=\"elementor-widget-container\">\n\t\t\t\t\t<h2 class=\"elementor-heading-title elementor-size-default\">\u00bfEst\u00e1s buscando una manera conveniente y saludable de alimentar a tu mascota? \u00a1El Faroro Comedero Gato Autom\u00e1tico es la respuesta! Con caracter\u00edsticas innovadoras y un dise\u00f1o pensado para la comodidad de tu perro<\/h2>\t\t\t\t<\/div>\n\t\t\t\t<\/div>\n\t\t\t\t\t<\/div>\n\t\t\t\t<\/div>\n\t\t<div class=\"elementor-element elementor-element-a1ecd5f e-flex e-con-boxed e-con e-parent\" data-id=\"a1ecd5f\" data-element_type=\"container\" data-e-type=\"container\">\n\t\t\t\t\t<div class=\"e-con-inner\">\n\t\t<div class=\"elementor-element elementor-element-da44bc4 e-con-full e-flex e-con e-child\" data-id=\"da44bc4\" data-element_type=\"container\" data-e-type=\"container\">\n\t\t\t\t<div class=\"elementor-element elementor-element-555aec0 elementor-widget elementor-widget-image\" data-id=\"555aec0\" data-element_type=\"widget\" data-e-type=\"widget\" data-widget_type=\"image.default\">\n\t\t\t\t<div class=\"elementor-widget-container\">\n\t\t\t\t\t\t\t\t\t\t\t\t\t\t\t\t<a href=\"https:\/\/amzn.to\/3UjOnpV\" target=\"_blank\">\n\t\t\t\t\t\t\t<img fetchpriority=\"high\" decoding=\"async\" width=\"823\" height=\"1024\" src=\"https:\/\/mundoanimalito.com\/wp-content\/uploads\/2024\/04\/000-2-823x1024.jpg\" class=\"attachment-large size-large wp-image-23592\" alt=\"Faroro 4L Comedero Gato Automatico, Dispensador Comida Perros y Gatos con Grabaci\u00f3n de Voz 30s, Taz\u00f3n para Gatos de Acero Inoxidable y Temporizador, Programable de 1 a 6 Comidas, Blanco\" srcset=\"https:\/\/mundoanimalito.com\/wp-content\/uploads\/2024\/04\/000-2-823x1024.jpg 823w, https:\/\/mundoanimalito.com\/wp-content\/uploads\/2024\/04\/000-2-241x300.jpg 241w, https:\/\/mundoanimalito.com\/wp-content\/uploads\/2024\/04\/000-2-768x956.jpg 768w, https:\/\/mundoanimalito.com\/wp-content\/uploads\/2024\/04\/000-2.jpg 1205w\" sizes=\"(max-width: 823px) 100vw, 823px\" \/>\t\t\t\t\t\t\t\t<\/a>\n\t\t\t\t\t\t\t\t\t\t\t\t\t\t\t<\/div>\n\t\t\t\t<\/div>\n\t\t\t\t<\/div>\n\t\t<div class=\"elementor-element elementor-element-5dca864 e-con-full e-flex e-con e-child\" data-id=\"5dca864\" data-element_type=\"container\" data-e-type=\"container\">\n\t\t\t\t<div class=\"elementor-element elementor-element-480c9bb elementor-widget elementor-widget-text-editor\" data-id=\"480c9bb\" data-element_type=\"widget\" data-e-type=\"widget\" data-widget_type=\"text-editor.default\">\n\t\t\t\t<div class=\"elementor-widget-container\">\n\t\t\t\t\t\t\t\t\t<p>\u2705 <strong>Plan de Alimentaci\u00f3n Personalizado:<\/strong> Con capacidad para organizar de 1 a 6 comidas al d\u00eda, puedes establecer un plan de alimentaci\u00f3n saludable y regular para tu perro, adaptado a sus necesidades espec\u00edficas. \u00a1Ya no tendr\u00e1s que preocuparte por mantener horarios estrictos de alimentaci\u00f3n!<\/p><p>\u00a0<\/p><p>\ud83c\udf7d\ufe0f <strong>Tanque de Almacenamiento Transparente de 4L:<\/strong> Con un tanque de almacenamiento de 4 litros, este dispensador puede contener hasta 9 libras de comida seca, \u00a1suficiente para alimentar a tu perro durante 15-20 d\u00edas! Adem\u00e1s, su dise\u00f1o transparente te permite controlar f\u00e1cilmente la cantidad de comida restante, sin necesidad de abrirlo constantemente.<\/p><p>\u00a0<\/p><p>\ud83d\udd0c <strong>Fuente de Alimentaci\u00f3n Dual para Mayor Seguridad:<\/strong> Equipado con un cable USB antimordidas y la opci\u00f3n de utilizar bater\u00edas alcalinas como respaldo, este comedero garantiza que tu mascota siempre tenga acceso a su comida, incluso durante cortes de energ\u00eda o travesuras de mascotas curiosas.<\/p><p>\u00a0<\/p><p>\ud83e\udd63 <strong>Comida Siempre Fresca y Limpia:<\/strong> Con un recipiente de acero inoxidable y un dise\u00f1o herm\u00e9tico, este comedero asegura que cada bocado de comida est\u00e9 fresco y crujiente. Adem\u00e1s, su dise\u00f1o extra\u00edble facilita la limpieza, \u00a1manteniendo a tu mascota limpia y feliz en todo momento!<\/p><p>\u00a0<\/p><p>\ud83c\udf99\ufe0f <strong>Grabaci\u00f3n Personalizada de 30s:<\/strong> \u00a1Con la funci\u00f3n de grabaci\u00f3n de voz de 30 segundos, puedes grabar un mensaje personalizado para recordarle a tu mascota que es hora de comer! \u00a1Imagina lo feliz y seguro que se sentir\u00e1 tu mascota al escuchar tu voz familiar antes de cada comida!<\/p><p>\u00a0<\/p><p>No dejes pasar esta oportunidad de simplificar la alimentaci\u00f3n de tu mascota y garantizar su bienestar con el Faroro Comedero Perro Autom\u00e1tico. \u00a1Haz clic ahora y br\u00edndale a tu perro una experiencia de alimentaci\u00f3n c\u00f3moda y feliz todos los d\u00edas!<\/p>\t\t\t\t\t\t\t\t<\/div>\n\t\t\t\t<\/div>\n\t\t\t\t<div class=\"elementor-element elementor-element-a19cae4 elementor-align-right elementor-widget elementor-widget-button\" data-id=\"a19cae4\" data-element_type=\"widget\" data-e-type=\"widget\" data-widget_type=\"button.default\">\n\t\t\t\t<div class=\"elementor-widget-container\">\n\t\t\t\t\t\t\t\t\t<div class=\"elementor-button-wrapper\">\n\t\t\t\t\t<a class=\"elementor-button elementor-button-link elementor-size-sm\" href=\"https:\/\/amzn.to\/3UjOnpV\" target=\"_blank\">\n\t\t\t\t\t\t<span class=\"elementor-button-content-wrapper\">\n\t\t\t\t\t\t\t\t\t<span class=\"elementor-button-text\">Compra ahora en Amazon<\/span>\n\t\t\t\t\t<\/span>\n\t\t\t\t\t<\/a>\n\t\t\t\t<\/div>\n\t\t\t\t\t\t\t\t<\/div>\n\t\t\t\t<\/div>\n\t\t\t\t<\/div>\n\t\t\t\t\t<\/div>\n\t\t\t\t<\/div>\n\t\t<div class=\"elementor-element elementor-element-d0e9804 e-flex e-con-boxed e-con e-parent\" data-id=\"d0e9804\" data-element_type=\"container\" data-e-type=\"container\">\n\t\t\t\t\t<div class=\"e-con-inner\">\n\t\t\t\t<div class=\"elementor-element elementor-element-ee18464 elementor-arrows-position-inside elementor-pagination-position-outside elementor-widget elementor-widget-image-carousel\" data-id=\"ee18464\" data-element_type=\"widget\" data-e-type=\"widget\" data-settings=\"{&quot;slides_to_show&quot;:&quot;1&quot;,&quot;navigation&quot;:&quot;both&quot;,&quot;autoplay&quot;:&quot;yes&quot;,&quot;pause_on_hover&quot;:&quot;yes&quot;,&quot;pause_on_interaction&quot;:&quot;yes&quot;,&quot;autoplay_speed&quot;:5000,&quot;infinite&quot;:&quot;yes&quot;,&quot;effect&quot;:&quot;slide&quot;,&quot;speed&quot;:500}\" data-widget_type=\"image-carousel.default\">\n\t\t\t\t<div class=\"elementor-widget-container\">\n\t\t\t\t\t\t\t<div class=\"elementor-image-carousel-wrapper swiper\" role=\"region\" aria-roledescription=\"carousel\" aria-label=\"Carrusel de im\u00e1genes\" dir=\"ltr\">\n\t\t\t<div class=\"elementor-image-carousel swiper-wrapper\" aria-live=\"off\">\n\t\t\t\t\t\t\t\t<div class=\"swiper-slide\" role=\"group\" aria-roledescription=\"slide\" aria-label=\"1 de 5\"><figure class=\"swiper-slide-inner\"><img decoding=\"async\" class=\"swiper-slide-image\" src=\"https:\/\/mundoanimalito.com\/wp-content\/uploads\/2024\/04\/8112GqyZ8CL._AC_SL1500_-768x960.jpg\" alt=\"Faroro 4L Comedero Gato Automatico, Dispensador Comida Perros y Gatos con Grabaci\u00f3n de Voz 30s, Taz\u00f3n para Gatos de Acero Inoxidable y Temporizador, Programable de 1 a 6 Comidas, Blanco\" \/><\/figure><\/div><div class=\"swiper-slide\" role=\"group\" aria-roledescription=\"slide\" aria-label=\"2 de 5\"><figure class=\"swiper-slide-inner\"><img decoding=\"async\" class=\"swiper-slide-image\" src=\"https:\/\/mundoanimalito.com\/wp-content\/uploads\/2024\/04\/81GDIYLWcYL._AC_SL1500_-768x960.jpg\" alt=\"Faroro 4L Comedero Gato Automatico, Dispensador Comida Perros y Gatos con Grabaci\u00f3n de Voz 30s, Taz\u00f3n para Gatos de Acero Inoxidable y Temporizador, Programable de 1 a 6 Comidas, Blanco\" \/><\/figure><\/div><div class=\"swiper-slide\" role=\"group\" aria-roledescription=\"slide\" aria-label=\"3 de 5\"><figure class=\"swiper-slide-inner\"><img decoding=\"async\" class=\"swiper-slide-image\" src=\"https:\/\/mundoanimalito.com\/wp-content\/uploads\/2024\/04\/8137Q6-EbL._AC_SL1500_-768x960.jpg\" alt=\"Faroro 4L Comedero Gato Automatico, Dispensador Comida Perros y Gatos con Grabaci\u00f3n de Voz 30s, Taz\u00f3n para Gatos de Acero Inoxidable y Temporizador, Programable de 1 a 6 Comidas, Blanco\" \/><\/figure><\/div><div class=\"swiper-slide\" role=\"group\" aria-roledescription=\"slide\" aria-label=\"4 de 5\"><figure class=\"swiper-slide-inner\"><img decoding=\"async\" class=\"swiper-slide-image\" src=\"https:\/\/mundoanimalito.com\/wp-content\/uploads\/2024\/04\/91ZM3hDoHL._AC_SL1500_-768x960.jpg\" alt=\"Faroro 4L Comedero Gato Automatico, Dispensador Comida Perros y Gatos con Grabaci\u00f3n de Voz 30s, Taz\u00f3n para Gatos de Acero Inoxidable y Temporizador, Programable de 1 a 6 Comidas, Blanco\" \/><\/figure><\/div><div class=\"swiper-slide\" role=\"group\" aria-roledescription=\"slide\" aria-label=\"5 de 5\"><figure class=\"swiper-slide-inner\"><img decoding=\"async\" class=\"swiper-slide-image\" src=\"https:\/\/mundoanimalito.com\/wp-content\/uploads\/2024\/04\/81GPhbaxqeL._AC_SL1500_-768x960.jpg\" alt=\"Faroro 4L Comedero Gato Automatico, Dispensador Comida Perros y Gatos con Grabaci\u00f3n de Voz 30s, Taz\u00f3n para Gatos de Acero Inoxidable y Temporizador, Programable de 1 a 6 Comidas, Blanco\" \/><\/figure><\/div>\t\t\t<\/div>\n\t\t\t\t\t\t\t\t\t\t\t\t<div class=\"elementor-swiper-button elementor-swiper-button-prev\" role=\"button\" tabindex=\"0\">\n\t\t\t\t\t\t<i aria-hidden=\"true\" class=\"eicon-chevron-left\"><\/i>\t\t\t\t\t<\/div>\n\t\t\t\t\t<div class=\"elementor-swiper-button elementor-swiper-button-next\" role=\"button\" tabindex=\"0\">\n\t\t\t\t\t\t<i aria-hidden=\"true\" class=\"eicon-chevron-right\"><\/i>\t\t\t\t\t<\/div>\n\t\t\t\t\n\t\t\t\t\t\t\t\t\t<div class=\"swiper-pagination\"><\/div>\n\t\t\t\t\t\t\t\t\t<\/div>\n\t\t\t\t\t\t<\/div>\n\t\t\t\t<\/div>\n\t\t\t\t\t<\/div>\n\t\t\t\t<\/div>\n\t\t<div class=\"elementor-element elementor-element-ab8f634 e-flex e-con-boxed e-con e-parent\" data-id=\"ab8f634\" data-element_type=\"container\" data-e-type=\"container\">\n\t\t\t\t\t<div class=\"e-con-inner\">\n\t\t\t\t<div class=\"elementor-element elementor-element-8898880 elementor-align-right elementor-widget elementor-widget-button\" data-id=\"8898880\" data-element_type=\"widget\" data-e-type=\"widget\" data-widget_type=\"button.default\">\n\t\t\t\t<div class=\"elementor-widget-container\">\n\t\t\t\t\t\t\t\t\t<div class=\"elementor-button-wrapper\">\n\t\t\t\t\t<a class=\"elementor-button elementor-button-link elementor-size-sm\" href=\"https:\/\/amzn.to\/3UjOnpV\" target=\"_blank\">\n\t\t\t\t\t\t<span class=\"elementor-button-content-wrapper\">\n\t\t\t\t\t\t\t\t\t<span class=\"elementor-button-text\">Compra ahora en Amazon<\/span>\n\t\t\t\t\t<\/span>\n\t\t\t\t\t<\/a>\n\t\t\t\t<\/div>\n\t\t\t\t\t\t\t\t<\/div>\n\t\t\t\t<\/div>\n\t\t\t\t\t<\/div>\n\t\t\t\t<\/div>\n\t\t\t\t<\/div>\n\t\t","protected":false},"excerpt":{"rendered":"<p>\u00bfEst\u00e1s buscando una manera conveniente y saludable de alimentar a tu mascota? \u00a1El Faroro Comedero Gato Autom\u00e1tico es la respuesta! Con caracter\u00edsticas innovadoras y un dise\u00f1o pensado para la comodidad de tu perro \u2705 Plan de Alimentaci\u00f3n Personalizado: Con capacidad para organizar de 1 a 6 comidas al d\u00eda, puedes establecer un plan de alimentaci\u00f3n [&hellip;]<\/p>\n","protected":false},"author":1,"featured_media":0,"parent":0,"menu_order":0,"comment_status":"closed","ping_status":"closed","template":"","meta":{"site-sidebar-layout":"no-sidebar","site-content-layout":"page-builder","ast-site-content-layout":"full-width-container","site-content-style":"default","site-sidebar-style":"default","ast-global-header-display":"","ast-banner-title-visibility":"","ast-main-header-display":"","ast-hfb-above-header-display":"","ast-hfb-below-header-display":"","ast-hfb-mobile-header-display":"","site-post-title":"disabled","ast-breadcrumbs-content":"","ast-featured-img":"disabled","footer-sml-layout":"","ast-disable-related-posts":"","theme-transparent-header-meta":"","adv-header-id-meta":"","stick-header-meta":"","header-above-stick-meta":"","header-main-stick-meta":"","header-below-stick-meta":"","astra-migrate-meta-layouts":"set","ast-page-background-enabled":"default","ast-page-background-meta":{"desktop":{"background-color":"var(--ast-global-color-4)","background-image":"","background-repeat":"repeat","background-position":"center center","background-size":"auto","background-attachment":"scroll","background-type":"","background-media":"","overlay-type":"","overlay-color":"","overlay-opacity":"","overlay-gradient":""},"tablet":{"background-color":"","background-image":"","background-repeat":"repeat","background-position":"center center","background-size":"auto","background-attachment":"scroll","background-type":"","background-media":"","overlay-type":"","overlay-color":"","overlay-opacity":"","overlay-gradient":""},"mobile":{"background-color":"","background-image":"","background-repeat":"repeat","background-position":"center center","background-size":"auto","background-attachment":"scroll","background-type":"","background-media":"","overlay-type":"","overlay-color":"","overlay-opacity":"","overlay-gradient":""}},"ast-content-background-meta":{"desktop":{"background-color":"var(--ast-global-color-5)","background-image":"","background-repeat":"repeat","background-position":"center center","background-size":"auto","background-attachment":"scroll","background-type":"","background-media":"","overlay-type":"","overlay-color":"","overlay-opacity":"","overlay-gradient":""},"tablet":{"background-color":"var(--ast-global-color-5)","background-image":"","background-repeat":"repeat","background-position":"center center","background-size":"auto","background-attachment":"scroll","background-type":"","background-media":"","overlay-type":"","overlay-color":"","overlay-opacity":"","overlay-gradient":""},"mobile":{"background-color":"var(--ast-global-color-5)","background-image":"","background-repeat":"repeat","background-position":"center center","background-size":"auto","background-attachment":"scroll","background-type":"","background-media":"","overlay-type":"","overlay-color":"","overlay-opacity":"","overlay-gradient":""}},"footnotes":""},"class_list":["post-23608","page","type-page","status-publish","hentry"],"yoast_head":"<!-- This site is optimized with the Yoast SEO plugin v27.5 - https:\/\/yoast.com\/product\/yoast-seo-wordpress\/ -->\n<title>Faroro 4L Comedero Gato Autom\u00e1tico | Mundo Animalito<\/title>\n<meta name=\"description\" content=\"Faroro 4L Comedero Gato Automatico, Dispensador Comida Perros y Gatos con Grabaci\u00f3n de Voz 30s, Taz\u00f3n para Gatos de Acero Inoxidable y Temporizador, Programable de 1 a 6 Comidas, Blanco\" \/>\n<meta name=\"robots\" content=\"index, follow, max-snippet:-1, max-image-preview:large, max-video-preview:-1\" \/>\n<link rel=\"canonical\" href=\"https:\/\/mundoanimalito.com\/index.php\/faroro-4l-comedero-gato-automatico\/\" \/>\n<meta property=\"og:locale\" content=\"es_ES\" \/>\n<meta property=\"og:type\" content=\"article\" \/>\n<meta property=\"og:title\" content=\"Faroro 4L Comedero Gato Autom\u00e1tico | Mundo Animalito\" \/>\n<meta property=\"og:description\" content=\"Faroro 4L Comedero Gato Automatico, Dispensador Comida Perros y Gatos con Grabaci\u00f3n de Voz 30s, Taz\u00f3n para Gatos de Acero Inoxidable y Temporizador, Programable de 1 a 6 Comidas, Blanco\" \/>\n<meta property=\"og:url\" content=\"https:\/\/mundoanimalito.com\/index.php\/faroro-4l-comedero-gato-automatico\/\" \/>\n<meta property=\"og:site_name\" content=\"Mundo Animalito\" \/>\n<meta property=\"article:publisher\" content=\"https:\/\/www.facebook.com\/mundoanimalito77\" \/>\n<meta property=\"article:modified_time\" content=\"2024-09-04T22:34:58+00:00\" \/>\n<meta property=\"og:image\" content=\"https:\/\/mundoanimalito.com\/wp-content\/uploads\/2024\/04\/000-2-823x1024.jpg\" \/>\n<meta name=\"twitter:card\" content=\"summary_large_image\" \/>\n<meta name=\"twitter:label1\" content=\"Tiempo de lectura\" \/>\n\t<meta name=\"twitter:data1\" content=\"3 minutos\" \/>\n<script type=\"application\/ld+json\" class=\"yoast-schema-graph\">{\"@context\":\"https:\\\/\\\/schema.org\",\"@graph\":[{\"@type\":\"WebPage\",\"@id\":\"https:\\\/\\\/mundoanimalito.com\\\/index.php\\\/faroro-4l-comedero-gato-automatico\\\/\",\"url\":\"https:\\\/\\\/mundoanimalito.com\\\/index.php\\\/faroro-4l-comedero-gato-automatico\\\/\",\"name\":\"Faroro 4L Comedero Gato Autom\u00e1tico | Mundo Animalito\",\"isPartOf\":{\"@id\":\"https:\\\/\\\/mundoanimalito.com\\\/#website\"},\"primaryImageOfPage\":{\"@id\":\"https:\\\/\\\/mundoanimalito.com\\\/index.php\\\/faroro-4l-comedero-gato-automatico\\\/#primaryimage\"},\"image\":{\"@id\":\"https:\\\/\\\/mundoanimalito.com\\\/index.php\\\/faroro-4l-comedero-gato-automatico\\\/#primaryimage\"},\"thumbnailUrl\":\"https:\\\/\\\/mundoanimalito.com\\\/wp-content\\\/uploads\\\/2024\\\/04\\\/000-2-823x1024.jpg\",\"datePublished\":\"2024-04-16T23:34:04+00:00\",\"dateModified\":\"2024-09-04T22:34:58+00:00\",\"description\":\"Faroro 4L Comedero Gato Automatico, Dispensador Comida Perros y Gatos con Grabaci\u00f3n de Voz 30s, Taz\u00f3n para Gatos de Acero Inoxidable y Temporizador, Programable de 1 a 6 Comidas, Blanco\",\"breadcrumb\":{\"@id\":\"https:\\\/\\\/mundoanimalito.com\\\/index.php\\\/faroro-4l-comedero-gato-automatico\\\/#breadcrumb\"},\"inLanguage\":\"es\",\"potentialAction\":[{\"@type\":\"ReadAction\",\"target\":[\"https:\\\/\\\/mundoanimalito.com\\\/index.php\\\/faroro-4l-comedero-gato-automatico\\\/\"]}]},{\"@type\":\"ImageObject\",\"inLanguage\":\"es\",\"@id\":\"https:\\\/\\\/mundoanimalito.com\\\/index.php\\\/faroro-4l-comedero-gato-automatico\\\/#primaryimage\",\"url\":\"https:\\\/\\\/mundoanimalito.com\\\/wp-content\\\/uploads\\\/2024\\\/04\\\/000-2.jpg\",\"contentUrl\":\"https:\\\/\\\/mundoanimalito.com\\\/wp-content\\\/uploads\\\/2024\\\/04\\\/000-2.jpg\",\"width\":1205,\"height\":1500,\"caption\":\"Faroro 4L Comedero Gato Automatico, Dispensador Comida Perros y Gatos con Grabaci\u00f3n de Voz 30s, Taz\u00f3n para Gatos de Acero Inoxidable y Temporizador, Programable de 1 a 6 Comidas, Blanco\"},{\"@type\":\"BreadcrumbList\",\"@id\":\"https:\\\/\\\/mundoanimalito.com\\\/index.php\\\/faroro-4l-comedero-gato-automatico\\\/#breadcrumb\",\"itemListElement\":[{\"@type\":\"ListItem\",\"position\":1,\"name\":\"Portada\",\"item\":\"https:\\\/\\\/mundoanimalito.com\\\/\"},{\"@type\":\"ListItem\",\"position\":2,\"name\":\"Faroro 4L Comedero Gato Automatico\"}]},{\"@type\":\"WebSite\",\"@id\":\"https:\\\/\\\/mundoanimalito.com\\\/#website\",\"url\":\"https:\\\/\\\/mundoanimalito.com\\\/\",\"name\":\"Mundo Animalito\",\"description\":\"Datos y curiosidades de los animales, encuentra ac\u00e1 todo para tu mascota\",\"publisher\":{\"@id\":\"https:\\\/\\\/mundoanimalito.com\\\/#organization\"},\"potentialAction\":[{\"@type\":\"SearchAction\",\"target\":{\"@type\":\"EntryPoint\",\"urlTemplate\":\"https:\\\/\\\/mundoanimalito.com\\\/?s={search_term_string}\"},\"query-input\":{\"@type\":\"PropertyValueSpecification\",\"valueRequired\":true,\"valueName\":\"search_term_string\"}}],\"inLanguage\":\"es\"},{\"@type\":\"Organization\",\"@id\":\"https:\\\/\\\/mundoanimalito.com\\\/#organization\",\"name\":\"Mundo Animalito\",\"url\":\"https:\\\/\\\/mundoanimalito.com\\\/\",\"logo\":{\"@type\":\"ImageObject\",\"inLanguage\":\"es\",\"@id\":\"https:\\\/\\\/mundoanimalito.com\\\/#\\\/schema\\\/logo\\\/image\\\/\",\"url\":\"https:\\\/\\\/mundoanimalito.com\\\/wp-content\\\/uploads\\\/2023\\\/10\\\/cropped-cropped-LOGO-OFICIAL-ULTIMA-VERSION-1.jpg\",\"contentUrl\":\"https:\\\/\\\/mundoanimalito.com\\\/wp-content\\\/uploads\\\/2023\\\/10\\\/cropped-cropped-LOGO-OFICIAL-ULTIMA-VERSION-1.jpg\",\"width\":374,\"height\":425,\"caption\":\"Mundo Animalito\"},\"image\":{\"@id\":\"https:\\\/\\\/mundoanimalito.com\\\/#\\\/schema\\\/logo\\\/image\\\/\"},\"sameAs\":[\"https:\\\/\\\/www.facebook.com\\\/mundoanimalito77\",\"https:\\\/\\\/www.instagram.com\\\/mundoanimalito77\\\/\",\"https:\\\/\\\/www.tiktok.com\\\/@mundoanimalito77\",\"https:\\\/\\\/www.youtube.com\\\/channel\\\/UCLo2JhNUNtHVraDt5aHadew\"]}]}<\/script>\n<!-- \/ Yoast SEO plugin. -->","yoast_head_json":{"title":"Faroro 4L Comedero Gato Autom\u00e1tico | Mundo Animalito","description":"Faroro 4L Comedero Gato Automatico, Dispensador Comida Perros y Gatos con Grabaci\u00f3n de Voz 30s, Taz\u00f3n para Gatos de Acero Inoxidable y Temporizador, Programable de 1 a 6 Comidas, Blanco","robots":{"index":"index","follow":"follow","max-snippet":"max-snippet:-1","max-image-preview":"max-image-preview:large","max-video-preview":"max-video-preview:-1"},"canonical":"https:\/\/mundoanimalito.com\/index.php\/faroro-4l-comedero-gato-automatico\/","og_locale":"es_ES","og_type":"article","og_title":"Faroro 4L Comedero Gato Autom\u00e1tico | Mundo Animalito","og_description":"Faroro 4L Comedero Gato Automatico, Dispensador Comida Perros y Gatos con Grabaci\u00f3n de Voz 30s, Taz\u00f3n para Gatos de Acero Inoxidable y Temporizador, Programable de 1 a 6 Comidas, Blanco","og_url":"https:\/\/mundoanimalito.com\/index.php\/faroro-4l-comedero-gato-automatico\/","og_site_name":"Mundo Animalito","article_publisher":"https:\/\/www.facebook.com\/mundoanimalito77","article_modified_time":"2024-09-04T22:34:58+00:00","og_image":[{"url":"https:\/\/mundoanimalito.com\/wp-content\/uploads\/2024\/04\/000-2-823x1024.jpg","type":"","width":"","height":""}],"twitter_card":"summary_large_image","twitter_misc":{"Tiempo de lectura":"3 minutos"},"schema":{"@context":"https:\/\/schema.org","@graph":[{"@type":"WebPage","@id":"https:\/\/mundoanimalito.com\/index.php\/faroro-4l-comedero-gato-automatico\/","url":"https:\/\/mundoanimalito.com\/index.php\/faroro-4l-comedero-gato-automatico\/","name":"Faroro 4L Comedero Gato Autom\u00e1tico | Mundo Animalito","isPartOf":{"@id":"https:\/\/mundoanimalito.com\/#website"},"primaryImageOfPage":{"@id":"https:\/\/mundoanimalito.com\/index.php\/faroro-4l-comedero-gato-automatico\/#primaryimage"},"image":{"@id":"https:\/\/mundoanimalito.com\/index.php\/faroro-4l-comedero-gato-automatico\/#primaryimage"},"thumbnailUrl":"https:\/\/mundoanimalito.com\/wp-content\/uploads\/2024\/04\/000-2-823x1024.jpg","datePublished":"2024-04-16T23:34:04+00:00","dateModified":"2024-09-04T22:34:58+00:00","description":"Faroro 4L Comedero Gato Automatico, Dispensador Comida Perros y Gatos con Grabaci\u00f3n de Voz 30s, Taz\u00f3n para Gatos de Acero Inoxidable y Temporizador, Programable de 1 a 6 Comidas, Blanco","breadcrumb":{"@id":"https:\/\/mundoanimalito.com\/index.php\/faroro-4l-comedero-gato-automatico\/#breadcrumb"},"inLanguage":"es","potentialAction":[{"@type":"ReadAction","target":["https:\/\/mundoanimalito.com\/index.php\/faroro-4l-comedero-gato-automatico\/"]}]},{"@type":"ImageObject","inLanguage":"es","@id":"https:\/\/mundoanimalito.com\/index.php\/faroro-4l-comedero-gato-automatico\/#primaryimage","url":"https:\/\/mundoanimalito.com\/wp-content\/uploads\/2024\/04\/000-2.jpg","contentUrl":"https:\/\/mundoanimalito.com\/wp-content\/uploads\/2024\/04\/000-2.jpg","width":1205,"height":1500,"caption":"Faroro 4L Comedero Gato Automatico, Dispensador Comida Perros y Gatos con Grabaci\u00f3n de Voz 30s, Taz\u00f3n para Gatos de Acero Inoxidable y Temporizador, Programable de 1 a 6 Comidas, Blanco"},{"@type":"BreadcrumbList","@id":"https:\/\/mundoanimalito.com\/index.php\/faroro-4l-comedero-gato-automatico\/#breadcrumb","itemListElement":[{"@type":"ListItem","position":1,"name":"Portada","item":"https:\/\/mundoanimalito.com\/"},{"@type":"ListItem","position":2,"name":"Faroro 4L Comedero Gato Automatico"}]},{"@type":"WebSite","@id":"https:\/\/mundoanimalito.com\/#website","url":"https:\/\/mundoanimalito.com\/","name":"Mundo Animalito","description":"Datos y curiosidades de los animales, encuentra ac\u00e1 todo para tu mascota","publisher":{"@id":"https:\/\/mundoanimalito.com\/#organization"},"potentialAction":[{"@type":"SearchAction","target":{"@type":"EntryPoint","urlTemplate":"https:\/\/mundoanimalito.com\/?s={search_term_string}"},"query-input":{"@type":"PropertyValueSpecification","valueRequired":true,"valueName":"search_term_string"}}],"inLanguage":"es"},{"@type":"Organization","@id":"https:\/\/mundoanimalito.com\/#organization","name":"Mundo Animalito","url":"https:\/\/mundoanimalito.com\/","logo":{"@type":"ImageObject","inLanguage":"es","@id":"https:\/\/mundoanimalito.com\/#\/schema\/logo\/image\/","url":"https:\/\/mundoanimalito.com\/wp-content\/uploads\/2023\/10\/cropped-cropped-LOGO-OFICIAL-ULTIMA-VERSION-1.jpg","contentUrl":"https:\/\/mundoanimalito.com\/wp-content\/uploads\/2023\/10\/cropped-cropped-LOGO-OFICIAL-ULTIMA-VERSION-1.jpg","width":374,"height":425,"caption":"Mundo Animalito"},"image":{"@id":"https:\/\/mundoanimalito.com\/#\/schema\/logo\/image\/"},"sameAs":["https:\/\/www.facebook.com\/mundoanimalito77","https:\/\/www.instagram.com\/mundoanimalito77\/","https:\/\/www.tiktok.com\/@mundoanimalito77","https:\/\/www.youtube.com\/channel\/UCLo2JhNUNtHVraDt5aHadew"]}]}},"_links":{"self":[{"href":"https:\/\/mundoanimalito.com\/index.php\/wp-json\/wp\/v2\/pages\/23608","targetHints":{"allow":["GET"]}}],"collection":[{"href":"https:\/\/mundoanimalito.com\/index.php\/wp-json\/wp\/v2\/pages"}],"about":[{"href":"https:\/\/mundoanimalito.com\/index.php\/wp-json\/wp\/v2\/types\/page"}],"author":[{"embeddable":true,"href":"https:\/\/mundoanimalito.com\/index.php\/wp-json\/wp\/v2\/users\/1"}],"replies":[{"embeddable":true,"href":"https:\/\/mundoanimalito.com\/index.php\/wp-json\/wp\/v2\/comments?post=23608"}],"version-history":[{"count":0,"href":"https:\/\/mundoanimalito.com\/index.php\/wp-json\/wp\/v2\/pages\/23608\/revisions"}],"wp:attachment":[{"href":"https:\/\/mundoanimalito.com\/index.php\/wp-json\/wp\/v2\/media?parent=23608"}],"curies":[{"name":"wp","href":"https:\/\/api.w.org\/{rel}","templated":true}]}}