{"id":20816,"date":"2024-04-09T18:44:24","date_gmt":"2024-04-09T23:44:24","guid":{"rendered":"https:\/\/mundoanimalito.com\/?page_id=20816"},"modified":"2024-09-21T15:12:39","modified_gmt":"2024-09-21T20:12:39","slug":"selectos-rollitos-de-bacalao-snack-masticable-de-primera-calidad-para-perros-70g","status":"publish","type":"page","link":"https:\/\/mundoanimalito.com\/index.php\/selectos-rollitos-de-bacalao-snack-masticable-de-primera-calidad-para-perros-70g\/","title":{"rendered":"Selectos rollitos de Bacalao &#8211; Snack masticable de Primera Calidad para Perros, 70g"},"content":{"rendered":"\t\t<div data-elementor-type=\"wp-page\" data-elementor-id=\"20816\" class=\"elementor elementor-20816\" data-elementor-post-type=\"page\">\n\t\t\t\t<div class=\"elementor-element elementor-element-fda145f e-flex e-con-boxed e-con e-parent\" data-id=\"fda145f\" data-element_type=\"container\" data-e-type=\"container\">\n\t\t\t\t\t<div class=\"e-con-inner\">\n\t\t\t\t<div class=\"elementor-element elementor-element-61b9ca0 elementor-invisible elementor-widget elementor-widget-heading\" data-id=\"61b9ca0\" data-element_type=\"widget\" data-e-type=\"widget\" data-settings=\"{&quot;_animation&quot;:&quot;fadeInDown&quot;}\" data-widget_type=\"heading.default\">\n\t\t\t\t<div class=\"elementor-widget-container\">\n\t\t\t\t\t<h2 class=\"elementor-heading-title elementor-size-default\">\u00bfEst\u00e1s buscando un premio delicioso y saludable para consentir a tu fiel compa\u00f1ero de cuatro patas? \u00a1Los Selectos Rollitos de Bacalao son la elecci\u00f3n perfecta para tu perro!<\/h2>\t\t\t\t<\/div>\n\t\t\t\t<\/div>\n\t\t\t\t\t<\/div>\n\t\t\t\t<\/div>\n\t\t<div class=\"elementor-element elementor-element-f5bd1ad e-flex e-con-boxed e-con e-parent\" data-id=\"f5bd1ad\" data-element_type=\"container\" data-e-type=\"container\">\n\t\t\t\t\t<div class=\"e-con-inner\">\n\t\t<div class=\"elementor-element elementor-element-da01589 e-con-full e-flex e-con e-child\" data-id=\"da01589\" data-element_type=\"container\" data-e-type=\"container\">\n\t\t\t\t<div class=\"elementor-element elementor-element-e67cbf0 elementor-widget elementor-widget-image\" data-id=\"e67cbf0\" data-element_type=\"widget\" data-e-type=\"widget\" data-widget_type=\"image.default\">\n\t\t\t\t<div class=\"elementor-widget-container\">\n\t\t\t\t\t\t\t\t\t\t\t\t\t\t\t\t<a href=\"https:\/\/amzn.to\/49v73Yc\" target=\"_blank\">\n\t\t\t\t\t\t\t<img fetchpriority=\"high\" decoding=\"async\" width=\"729\" height=\"1024\" src=\"https:\/\/mundoanimalito.com\/wp-content\/uploads\/2024\/04\/71RaxsXgVgL._AC_SL1500_-729x1024.jpg\" class=\"attachment-large size-large wp-image-20800\" alt=\"Selectos rollitos de Bacalao - Snack masticable de Primera Calidad para Perros, 70g\" srcset=\"https:\/\/mundoanimalito.com\/wp-content\/uploads\/2024\/04\/71RaxsXgVgL._AC_SL1500_-729x1024.jpg 729w, https:\/\/mundoanimalito.com\/wp-content\/uploads\/2024\/04\/71RaxsXgVgL._AC_SL1500_-214x300.jpg 214w, https:\/\/mundoanimalito.com\/wp-content\/uploads\/2024\/04\/71RaxsXgVgL._AC_SL1500_-768x1079.jpg 768w, https:\/\/mundoanimalito.com\/wp-content\/uploads\/2024\/04\/71RaxsXgVgL._AC_SL1500_.jpg 1068w\" sizes=\"(max-width: 729px) 100vw, 729px\" \/>\t\t\t\t\t\t\t\t<\/a>\n\t\t\t\t\t\t\t\t\t\t\t\t\t\t\t<\/div>\n\t\t\t\t<\/div>\n\t\t\t\t<\/div>\n\t\t<div class=\"elementor-element elementor-element-2cda0e0 e-con-full e-flex e-con e-child\" data-id=\"2cda0e0\" data-element_type=\"container\" data-e-type=\"container\">\n\t\t\t\t<div class=\"elementor-element elementor-element-237e3ef elementor-widget elementor-widget-text-editor\" data-id=\"237e3ef\" data-element_type=\"widget\" data-e-type=\"widget\" data-widget_type=\"text-editor.default\">\n\t\t\t\t<div class=\"elementor-widget-container\">\n\t\t\t\t\t\t\t\t\t<p>\ud83d\udc1f <strong>Hecho con Ingredientes Naturales:<\/strong> Producidos en Alemania, estos rollitos est\u00e1n elaborados con un 99,5 % de bacalao, una fuente natural de prote\u00ednas de alta calidad. Sin cereales, sin az\u00facar y sin aditivos qu\u00edmicos, garantizando la m\u00e1xima calidad y compatibilidad para tu mascota.<\/p><p>\u00a0<\/p><p>\ud83e\uddb7 <strong>Favorece la Masticaci\u00f3n Natural:<\/strong> Los rollitos de bacalao de SnackOmio son ideales para promover la masticaci\u00f3n natural, lo que ayuda a mantener la salud dental de tu perro y a satisfacer su instinto de masticaci\u00f3n.<\/p><p>\u00a0<\/p><p>\ud83c\udf3f <strong>Snack Natural y Respetuoso:<\/strong> Desecados al aire de manera respetuosa, estos snacks conservan su frescura y sabor natural. Libre de cereales y aditivos artificiales, brindan a tu perro una opci\u00f3n saludable y deliciosa.<\/p><p>\u00a0<\/p><p>\ud83d\udd12 <strong>Envase Recerrable:<\/strong> Gracias al envase recerrable, los rollitos de bacalao se mantienen frescos por m\u00e1s tiempo, asegurando que tu perro siempre disfrute de un premio sabroso y crujiente.<\/p><p>\u00a0<\/p><p>\u00a1Dale a tu perro el placer de disfrutar de los Selectos Rollitos de Bacalao y m\u00edralo disfrutar de cada bocado! Aseg\u00farate de tener siempre estos deliciosos snacks a mano para premiar a tu fiel amigo y mantenerlo feliz y saludable.<\/p>\t\t\t\t\t\t\t\t<\/div>\n\t\t\t\t<\/div>\n\t\t\t\t<div class=\"elementor-element elementor-element-bc76ff4 elementor-align-right elementor-widget elementor-widget-button\" data-id=\"bc76ff4\" data-element_type=\"widget\" data-e-type=\"widget\" data-widget_type=\"button.default\">\n\t\t\t\t<div class=\"elementor-widget-container\">\n\t\t\t\t\t\t\t\t\t<div class=\"elementor-button-wrapper\">\n\t\t\t\t\t<a class=\"elementor-button elementor-button-link elementor-size-sm\" href=\"https:\/\/amzn.to\/49v73Yc\" target=\"_blank\">\n\t\t\t\t\t\t<span class=\"elementor-button-content-wrapper\">\n\t\t\t\t\t\t\t\t\t<span class=\"elementor-button-text\">Compra ahora en Amazon<\/span>\n\t\t\t\t\t<\/span>\n\t\t\t\t\t<\/a>\n\t\t\t\t<\/div>\n\t\t\t\t\t\t\t\t<\/div>\n\t\t\t\t<\/div>\n\t\t\t\t<\/div>\n\t\t\t\t\t<\/div>\n\t\t\t\t<\/div>\n\t\t<div class=\"elementor-element elementor-element-832145a e-flex e-con-boxed e-con e-parent\" data-id=\"832145a\" data-element_type=\"container\" data-e-type=\"container\">\n\t\t\t\t\t<div class=\"e-con-inner\">\n\t\t\t\t<div class=\"elementor-element elementor-element-2b3a19f elementor-arrows-position-inside elementor-pagination-position-outside elementor-widget elementor-widget-image-carousel\" data-id=\"2b3a19f\" data-element_type=\"widget\" data-e-type=\"widget\" data-settings=\"{&quot;slides_to_show&quot;:&quot;1&quot;,&quot;navigation&quot;:&quot;both&quot;,&quot;autoplay&quot;:&quot;yes&quot;,&quot;pause_on_hover&quot;:&quot;yes&quot;,&quot;pause_on_interaction&quot;:&quot;yes&quot;,&quot;autoplay_speed&quot;:5000,&quot;infinite&quot;:&quot;yes&quot;,&quot;effect&quot;:&quot;slide&quot;,&quot;speed&quot;:500}\" data-widget_type=\"image-carousel.default\">\n\t\t\t\t<div class=\"elementor-widget-container\">\n\t\t\t\t\t\t\t<div class=\"elementor-image-carousel-wrapper swiper\" role=\"region\" aria-roledescription=\"carousel\" aria-label=\"Carrusel de im\u00e1genes\" dir=\"ltr\">\n\t\t\t<div class=\"elementor-image-carousel swiper-wrapper\" aria-live=\"off\">\n\t\t\t\t\t\t\t\t<div class=\"swiper-slide\" role=\"group\" aria-roledescription=\"slide\" aria-label=\"1 de 2\"><figure class=\"swiper-slide-inner\"><img decoding=\"async\" class=\"swiper-slide-image\" src=\"https:\/\/mundoanimalito.com\/wp-content\/uploads\/2024\/04\/71Av7-KtBPL._AC_SL1500_-1017x1024.jpg\" alt=\"Selectos rollitos de Bacalao - Snack masticable de Primera Calidad para Perros, 70g\" \/><\/figure><\/div><div class=\"swiper-slide\" role=\"group\" aria-roledescription=\"slide\" aria-label=\"2 de 2\"><figure class=\"swiper-slide-inner\"><img decoding=\"async\" class=\"swiper-slide-image\" src=\"https:\/\/mundoanimalito.com\/wp-content\/uploads\/2024\/04\/31j30XsOPbL._AC_.jpg\" alt=\"Selectos rollitos de Bacalao - Snack masticable de Primera Calidad para Perros, 70g\" \/><\/figure><\/div>\t\t\t<\/div>\n\t\t\t\t\t\t\t\t\t\t\t\t<div class=\"elementor-swiper-button elementor-swiper-button-prev\" role=\"button\" tabindex=\"0\">\n\t\t\t\t\t\t<i aria-hidden=\"true\" class=\"eicon-chevron-left\"><\/i>\t\t\t\t\t<\/div>\n\t\t\t\t\t<div class=\"elementor-swiper-button elementor-swiper-button-next\" role=\"button\" tabindex=\"0\">\n\t\t\t\t\t\t<i aria-hidden=\"true\" class=\"eicon-chevron-right\"><\/i>\t\t\t\t\t<\/div>\n\t\t\t\t\n\t\t\t\t\t\t\t\t\t<div class=\"swiper-pagination\"><\/div>\n\t\t\t\t\t\t\t\t\t<\/div>\n\t\t\t\t\t\t<\/div>\n\t\t\t\t<\/div>\n\t\t\t\t\t<\/div>\n\t\t\t\t<\/div>\n\t\t<div class=\"elementor-element elementor-element-f0869d0 e-flex e-con-boxed e-con e-parent\" data-id=\"f0869d0\" data-element_type=\"container\" data-e-type=\"container\">\n\t\t\t\t\t<div class=\"e-con-inner\">\n\t\t\t\t<div class=\"elementor-element elementor-element-55ca32e elementor-align-right elementor-widget elementor-widget-button\" data-id=\"55ca32e\" data-element_type=\"widget\" data-e-type=\"widget\" data-widget_type=\"button.default\">\n\t\t\t\t<div class=\"elementor-widget-container\">\n\t\t\t\t\t\t\t\t\t<div class=\"elementor-button-wrapper\">\n\t\t\t\t\t<a class=\"elementor-button elementor-button-link elementor-size-sm\" href=\"https:\/\/amzn.to\/49v73Yc\" target=\"_blank\">\n\t\t\t\t\t\t<span class=\"elementor-button-content-wrapper\">\n\t\t\t\t\t\t\t\t\t<span class=\"elementor-button-text\">Compra ahora en Amazon<\/span>\n\t\t\t\t\t<\/span>\n\t\t\t\t\t<\/a>\n\t\t\t\t<\/div>\n\t\t\t\t\t\t\t\t<\/div>\n\t\t\t\t<\/div>\n\t\t\t\t\t<\/div>\n\t\t\t\t<\/div>\n\t\t\t\t<\/div>\n\t\t","protected":false},"excerpt":{"rendered":"<p>\u00bfEst\u00e1s buscando un premio delicioso y saludable para consentir a tu fiel compa\u00f1ero de cuatro patas? \u00a1Los Selectos Rollitos de Bacalao son la elecci\u00f3n perfecta para tu perro! \ud83d\udc1f Hecho con Ingredientes Naturales: Producidos en Alemania, estos rollitos est\u00e1n elaborados con un 99,5 % de bacalao, una fuente natural de prote\u00ednas de alta calidad. Sin [&hellip;]<\/p>\n","protected":false},"author":1,"featured_media":0,"parent":0,"menu_order":0,"comment_status":"closed","ping_status":"closed","template":"","meta":{"site-sidebar-layout":"no-sidebar","site-content-layout":"page-builder","ast-site-content-layout":"full-width-container","site-content-style":"default","site-sidebar-style":"default","ast-global-header-display":"","ast-banner-title-visibility":"","ast-main-header-display":"","ast-hfb-above-header-display":"","ast-hfb-below-header-display":"","ast-hfb-mobile-header-display":"","site-post-title":"disabled","ast-breadcrumbs-content":"","ast-featured-img":"disabled","footer-sml-layout":"","ast-disable-related-posts":"","theme-transparent-header-meta":"","adv-header-id-meta":"","stick-header-meta":"","header-above-stick-meta":"","header-main-stick-meta":"","header-below-stick-meta":"","astra-migrate-meta-layouts":"set","ast-page-background-enabled":"default","ast-page-background-meta":{"desktop":{"background-color":"var(--ast-global-color-4)","background-image":"","background-repeat":"repeat","background-position":"center center","background-size":"auto","background-attachment":"scroll","background-type":"","background-media":"","overlay-type":"","overlay-color":"","overlay-opacity":"","overlay-gradient":""},"tablet":{"background-color":"","background-image":"","background-repeat":"repeat","background-position":"center center","background-size":"auto","background-attachment":"scroll","background-type":"","background-media":"","overlay-type":"","overlay-color":"","overlay-opacity":"","overlay-gradient":""},"mobile":{"background-color":"","background-image":"","background-repeat":"repeat","background-position":"center center","background-size":"auto","background-attachment":"scroll","background-type":"","background-media":"","overlay-type":"","overlay-color":"","overlay-opacity":"","overlay-gradient":""}},"ast-content-background-meta":{"desktop":{"background-color":"var(--ast-global-color-5)","background-image":"","background-repeat":"repeat","background-position":"center center","background-size":"auto","background-attachment":"scroll","background-type":"","background-media":"","overlay-type":"","overlay-color":"","overlay-opacity":"","overlay-gradient":""},"tablet":{"background-color":"var(--ast-global-color-5)","background-image":"","background-repeat":"repeat","background-position":"center center","background-size":"auto","background-attachment":"scroll","background-type":"","background-media":"","overlay-type":"","overlay-color":"","overlay-opacity":"","overlay-gradient":""},"mobile":{"background-color":"var(--ast-global-color-5)","background-image":"","background-repeat":"repeat","background-position":"center center","background-size":"auto","background-attachment":"scroll","background-type":"","background-media":"","overlay-type":"","overlay-color":"","overlay-opacity":"","overlay-gradient":""}},"footnotes":""},"class_list":["post-20816","page","type-page","status-publish","hentry"],"yoast_head":"<!-- This site is optimized with the Yoast SEO plugin v27.5 - https:\/\/yoast.com\/product\/yoast-seo-wordpress\/ -->\n<title>SnackOMio - Snack premium para perros | Mundo Animalito<\/title>\n<meta name=\"description\" content=\"\u00bfEst\u00e1s buscando un premio delicioso y saludable para consentir a tu fiel compa\u00f1ero de cuatro patas? \u00a1Los Selectos Rollitos de Bacalao son la elecci\u00f3n perfecta para tu perro!\" \/>\n<meta name=\"robots\" content=\"index, follow, max-snippet:-1, max-image-preview:large, max-video-preview:-1\" \/>\n<link rel=\"canonical\" href=\"https:\/\/mundoanimalito.com\/index.php\/selectos-rollitos-de-bacalao-snack-masticable-de-primera-calidad-para-perros-70g\/\" \/>\n<meta property=\"og:locale\" content=\"es_ES\" \/>\n<meta property=\"og:type\" content=\"article\" \/>\n<meta property=\"og:title\" content=\"SnackOMio - Snack premium para perros | Mundo Animalito\" \/>\n<meta property=\"og:description\" content=\"\u00bfEst\u00e1s buscando un premio delicioso y saludable para consentir a tu fiel compa\u00f1ero de cuatro patas? \u00a1Los Selectos Rollitos de Bacalao son la elecci\u00f3n perfecta para tu perro!\" \/>\n<meta property=\"og:url\" content=\"https:\/\/mundoanimalito.com\/index.php\/selectos-rollitos-de-bacalao-snack-masticable-de-primera-calidad-para-perros-70g\/\" \/>\n<meta property=\"og:site_name\" content=\"Mundo Animalito\" \/>\n<meta property=\"article:publisher\" content=\"https:\/\/www.facebook.com\/mundoanimalito77\" \/>\n<meta property=\"article:modified_time\" content=\"2024-09-21T20:12:39+00:00\" \/>\n<meta property=\"og:image\" content=\"https:\/\/mundoanimalito.com\/wp-content\/uploads\/2024\/04\/71RaxsXgVgL._AC_SL1500_-729x1024.jpg\" \/>\n<meta name=\"twitter:card\" content=\"summary_large_image\" \/>\n<meta name=\"twitter:label1\" content=\"Tiempo de lectura\" \/>\n\t<meta name=\"twitter:data1\" content=\"2 minutos\" \/>\n<script type=\"application\/ld+json\" class=\"yoast-schema-graph\">{\"@context\":\"https:\\\/\\\/schema.org\",\"@graph\":[{\"@type\":\"WebPage\",\"@id\":\"https:\\\/\\\/mundoanimalito.com\\\/index.php\\\/selectos-rollitos-de-bacalao-snack-masticable-de-primera-calidad-para-perros-70g\\\/\",\"url\":\"https:\\\/\\\/mundoanimalito.com\\\/index.php\\\/selectos-rollitos-de-bacalao-snack-masticable-de-primera-calidad-para-perros-70g\\\/\",\"name\":\"SnackOMio - Snack premium para perros | Mundo Animalito\",\"isPartOf\":{\"@id\":\"https:\\\/\\\/mundoanimalito.com\\\/#website\"},\"primaryImageOfPage\":{\"@id\":\"https:\\\/\\\/mundoanimalito.com\\\/index.php\\\/selectos-rollitos-de-bacalao-snack-masticable-de-primera-calidad-para-perros-70g\\\/#primaryimage\"},\"image\":{\"@id\":\"https:\\\/\\\/mundoanimalito.com\\\/index.php\\\/selectos-rollitos-de-bacalao-snack-masticable-de-primera-calidad-para-perros-70g\\\/#primaryimage\"},\"thumbnailUrl\":\"https:\\\/\\\/mundoanimalito.com\\\/wp-content\\\/uploads\\\/2024\\\/04\\\/71RaxsXgVgL._AC_SL1500_-729x1024.jpg\",\"datePublished\":\"2024-04-09T23:44:24+00:00\",\"dateModified\":\"2024-09-21T20:12:39+00:00\",\"description\":\"\u00bfEst\u00e1s buscando un premio delicioso y saludable para consentir a tu fiel compa\u00f1ero de cuatro patas? \u00a1Los Selectos Rollitos de Bacalao son la elecci\u00f3n perfecta para tu perro!\",\"breadcrumb\":{\"@id\":\"https:\\\/\\\/mundoanimalito.com\\\/index.php\\\/selectos-rollitos-de-bacalao-snack-masticable-de-primera-calidad-para-perros-70g\\\/#breadcrumb\"},\"inLanguage\":\"es\",\"potentialAction\":[{\"@type\":\"ReadAction\",\"target\":[\"https:\\\/\\\/mundoanimalito.com\\\/index.php\\\/selectos-rollitos-de-bacalao-snack-masticable-de-primera-calidad-para-perros-70g\\\/\"]}]},{\"@type\":\"ImageObject\",\"inLanguage\":\"es\",\"@id\":\"https:\\\/\\\/mundoanimalito.com\\\/index.php\\\/selectos-rollitos-de-bacalao-snack-masticable-de-primera-calidad-para-perros-70g\\\/#primaryimage\",\"url\":\"https:\\\/\\\/mundoanimalito.com\\\/wp-content\\\/uploads\\\/2024\\\/04\\\/71RaxsXgVgL._AC_SL1500_.jpg\",\"contentUrl\":\"https:\\\/\\\/mundoanimalito.com\\\/wp-content\\\/uploads\\\/2024\\\/04\\\/71RaxsXgVgL._AC_SL1500_.jpg\",\"width\":1068,\"height\":1500,\"caption\":\"Selectos rollitos de Bacalao - Snack masticable de Primera Calidad para Perros, 70g\"},{\"@type\":\"BreadcrumbList\",\"@id\":\"https:\\\/\\\/mundoanimalito.com\\\/index.php\\\/selectos-rollitos-de-bacalao-snack-masticable-de-primera-calidad-para-perros-70g\\\/#breadcrumb\",\"itemListElement\":[{\"@type\":\"ListItem\",\"position\":1,\"name\":\"Portada\",\"item\":\"https:\\\/\\\/mundoanimalito.com\\\/\"},{\"@type\":\"ListItem\",\"position\":2,\"name\":\"Selectos rollitos de Bacalao &#8211; Snack masticable de Primera Calidad para Perros, 70g\"}]},{\"@type\":\"WebSite\",\"@id\":\"https:\\\/\\\/mundoanimalito.com\\\/#website\",\"url\":\"https:\\\/\\\/mundoanimalito.com\\\/\",\"name\":\"Mundo Animalito\",\"description\":\"Datos y curiosidades de los animales, encuentra ac\u00e1 todo para tu mascota\",\"publisher\":{\"@id\":\"https:\\\/\\\/mundoanimalito.com\\\/#organization\"},\"potentialAction\":[{\"@type\":\"SearchAction\",\"target\":{\"@type\":\"EntryPoint\",\"urlTemplate\":\"https:\\\/\\\/mundoanimalito.com\\\/?s={search_term_string}\"},\"query-input\":{\"@type\":\"PropertyValueSpecification\",\"valueRequired\":true,\"valueName\":\"search_term_string\"}}],\"inLanguage\":\"es\"},{\"@type\":\"Organization\",\"@id\":\"https:\\\/\\\/mundoanimalito.com\\\/#organization\",\"name\":\"Mundo Animalito\",\"url\":\"https:\\\/\\\/mundoanimalito.com\\\/\",\"logo\":{\"@type\":\"ImageObject\",\"inLanguage\":\"es\",\"@id\":\"https:\\\/\\\/mundoanimalito.com\\\/#\\\/schema\\\/logo\\\/image\\\/\",\"url\":\"https:\\\/\\\/mundoanimalito.com\\\/wp-content\\\/uploads\\\/2023\\\/10\\\/cropped-cropped-LOGO-OFICIAL-ULTIMA-VERSION-1.jpg\",\"contentUrl\":\"https:\\\/\\\/mundoanimalito.com\\\/wp-content\\\/uploads\\\/2023\\\/10\\\/cropped-cropped-LOGO-OFICIAL-ULTIMA-VERSION-1.jpg\",\"width\":374,\"height\":425,\"caption\":\"Mundo Animalito\"},\"image\":{\"@id\":\"https:\\\/\\\/mundoanimalito.com\\\/#\\\/schema\\\/logo\\\/image\\\/\"},\"sameAs\":[\"https:\\\/\\\/www.facebook.com\\\/mundoanimalito77\",\"https:\\\/\\\/www.instagram.com\\\/mundoanimalito77\\\/\",\"https:\\\/\\\/www.tiktok.com\\\/@mundoanimalito77\",\"https:\\\/\\\/www.youtube.com\\\/channel\\\/UCLo2JhNUNtHVraDt5aHadew\"]}]}<\/script>\n<!-- \/ Yoast SEO plugin. -->","yoast_head_json":{"title":"SnackOMio - Snack premium para perros | Mundo Animalito","description":"\u00bfEst\u00e1s buscando un premio delicioso y saludable para consentir a tu fiel compa\u00f1ero de cuatro patas? \u00a1Los Selectos Rollitos de Bacalao son la elecci\u00f3n perfecta para tu perro!","robots":{"index":"index","follow":"follow","max-snippet":"max-snippet:-1","max-image-preview":"max-image-preview:large","max-video-preview":"max-video-preview:-1"},"canonical":"https:\/\/mundoanimalito.com\/index.php\/selectos-rollitos-de-bacalao-snack-masticable-de-primera-calidad-para-perros-70g\/","og_locale":"es_ES","og_type":"article","og_title":"SnackOMio - Snack premium para perros | Mundo Animalito","og_description":"\u00bfEst\u00e1s buscando un premio delicioso y saludable para consentir a tu fiel compa\u00f1ero de cuatro patas? \u00a1Los Selectos Rollitos de Bacalao son la elecci\u00f3n perfecta para tu perro!","og_url":"https:\/\/mundoanimalito.com\/index.php\/selectos-rollitos-de-bacalao-snack-masticable-de-primera-calidad-para-perros-70g\/","og_site_name":"Mundo Animalito","article_publisher":"https:\/\/www.facebook.com\/mundoanimalito77","article_modified_time":"2024-09-21T20:12:39+00:00","og_image":[{"url":"https:\/\/mundoanimalito.com\/wp-content\/uploads\/2024\/04\/71RaxsXgVgL._AC_SL1500_-729x1024.jpg","type":"","width":"","height":""}],"twitter_card":"summary_large_image","twitter_misc":{"Tiempo de lectura":"2 minutos"},"schema":{"@context":"https:\/\/schema.org","@graph":[{"@type":"WebPage","@id":"https:\/\/mundoanimalito.com\/index.php\/selectos-rollitos-de-bacalao-snack-masticable-de-primera-calidad-para-perros-70g\/","url":"https:\/\/mundoanimalito.com\/index.php\/selectos-rollitos-de-bacalao-snack-masticable-de-primera-calidad-para-perros-70g\/","name":"SnackOMio - Snack premium para perros | Mundo Animalito","isPartOf":{"@id":"https:\/\/mundoanimalito.com\/#website"},"primaryImageOfPage":{"@id":"https:\/\/mundoanimalito.com\/index.php\/selectos-rollitos-de-bacalao-snack-masticable-de-primera-calidad-para-perros-70g\/#primaryimage"},"image":{"@id":"https:\/\/mundoanimalito.com\/index.php\/selectos-rollitos-de-bacalao-snack-masticable-de-primera-calidad-para-perros-70g\/#primaryimage"},"thumbnailUrl":"https:\/\/mundoanimalito.com\/wp-content\/uploads\/2024\/04\/71RaxsXgVgL._AC_SL1500_-729x1024.jpg","datePublished":"2024-04-09T23:44:24+00:00","dateModified":"2024-09-21T20:12:39+00:00","description":"\u00bfEst\u00e1s buscando un premio delicioso y saludable para consentir a tu fiel compa\u00f1ero de cuatro patas? \u00a1Los Selectos Rollitos de Bacalao son la elecci\u00f3n perfecta para tu perro!","breadcrumb":{"@id":"https:\/\/mundoanimalito.com\/index.php\/selectos-rollitos-de-bacalao-snack-masticable-de-primera-calidad-para-perros-70g\/#breadcrumb"},"inLanguage":"es","potentialAction":[{"@type":"ReadAction","target":["https:\/\/mundoanimalito.com\/index.php\/selectos-rollitos-de-bacalao-snack-masticable-de-primera-calidad-para-perros-70g\/"]}]},{"@type":"ImageObject","inLanguage":"es","@id":"https:\/\/mundoanimalito.com\/index.php\/selectos-rollitos-de-bacalao-snack-masticable-de-primera-calidad-para-perros-70g\/#primaryimage","url":"https:\/\/mundoanimalito.com\/wp-content\/uploads\/2024\/04\/71RaxsXgVgL._AC_SL1500_.jpg","contentUrl":"https:\/\/mundoanimalito.com\/wp-content\/uploads\/2024\/04\/71RaxsXgVgL._AC_SL1500_.jpg","width":1068,"height":1500,"caption":"Selectos rollitos de Bacalao - Snack masticable de Primera Calidad para Perros, 70g"},{"@type":"BreadcrumbList","@id":"https:\/\/mundoanimalito.com\/index.php\/selectos-rollitos-de-bacalao-snack-masticable-de-primera-calidad-para-perros-70g\/#breadcrumb","itemListElement":[{"@type":"ListItem","position":1,"name":"Portada","item":"https:\/\/mundoanimalito.com\/"},{"@type":"ListItem","position":2,"name":"Selectos rollitos de Bacalao &#8211; Snack masticable de Primera Calidad para Perros, 70g"}]},{"@type":"WebSite","@id":"https:\/\/mundoanimalito.com\/#website","url":"https:\/\/mundoanimalito.com\/","name":"Mundo Animalito","description":"Datos y curiosidades de los animales, encuentra ac\u00e1 todo para tu mascota","publisher":{"@id":"https:\/\/mundoanimalito.com\/#organization"},"potentialAction":[{"@type":"SearchAction","target":{"@type":"EntryPoint","urlTemplate":"https:\/\/mundoanimalito.com\/?s={search_term_string}"},"query-input":{"@type":"PropertyValueSpecification","valueRequired":true,"valueName":"search_term_string"}}],"inLanguage":"es"},{"@type":"Organization","@id":"https:\/\/mundoanimalito.com\/#organization","name":"Mundo Animalito","url":"https:\/\/mundoanimalito.com\/","logo":{"@type":"ImageObject","inLanguage":"es","@id":"https:\/\/mundoanimalito.com\/#\/schema\/logo\/image\/","url":"https:\/\/mundoanimalito.com\/wp-content\/uploads\/2023\/10\/cropped-cropped-LOGO-OFICIAL-ULTIMA-VERSION-1.jpg","contentUrl":"https:\/\/mundoanimalito.com\/wp-content\/uploads\/2023\/10\/cropped-cropped-LOGO-OFICIAL-ULTIMA-VERSION-1.jpg","width":374,"height":425,"caption":"Mundo Animalito"},"image":{"@id":"https:\/\/mundoanimalito.com\/#\/schema\/logo\/image\/"},"sameAs":["https:\/\/www.facebook.com\/mundoanimalito77","https:\/\/www.instagram.com\/mundoanimalito77\/","https:\/\/www.tiktok.com\/@mundoanimalito77","https:\/\/www.youtube.com\/channel\/UCLo2JhNUNtHVraDt5aHadew"]}]}},"_links":{"self":[{"href":"https:\/\/mundoanimalito.com\/index.php\/wp-json\/wp\/v2\/pages\/20816","targetHints":{"allow":["GET"]}}],"collection":[{"href":"https:\/\/mundoanimalito.com\/index.php\/wp-json\/wp\/v2\/pages"}],"about":[{"href":"https:\/\/mundoanimalito.com\/index.php\/wp-json\/wp\/v2\/types\/page"}],"author":[{"embeddable":true,"href":"https:\/\/mundoanimalito.com\/index.php\/wp-json\/wp\/v2\/users\/1"}],"replies":[{"embeddable":true,"href":"https:\/\/mundoanimalito.com\/index.php\/wp-json\/wp\/v2\/comments?post=20816"}],"version-history":[{"count":0,"href":"https:\/\/mundoanimalito.com\/index.php\/wp-json\/wp\/v2\/pages\/20816\/revisions"}],"wp:attachment":[{"href":"https:\/\/mundoanimalito.com\/index.php\/wp-json\/wp\/v2\/media?parent=20816"}],"curies":[{"name":"wp","href":"https:\/\/api.w.org\/{rel}","templated":true}]}}