{"id":16196,"date":"2024-03-19T11:35:00","date_gmt":"2024-03-19T16:35:00","guid":{"rendered":"https:\/\/mundoanimalito.com\/?page_id=16196"},"modified":"2024-09-03T11:44:11","modified_gmt":"2024-09-03T16:44:11","slug":"advance-mini-sensitive-salmon","status":"publish","type":"page","link":"https:\/\/mundoanimalito.com\/index.php\/advance-mini-sensitive-salmon\/","title":{"rendered":"Advance Mini Sensitive Salmon"},"content":{"rendered":"\t\t<div data-elementor-type=\"wp-page\" data-elementor-id=\"16196\" class=\"elementor elementor-16196\" data-elementor-post-type=\"page\">\n\t\t\t\t<div class=\"elementor-element elementor-element-b1c9498 e-flex e-con-boxed e-con e-parent\" data-id=\"b1c9498\" data-element_type=\"container\" data-e-type=\"container\">\n\t\t\t\t\t<div class=\"e-con-inner\">\n\t\t\t\t<div class=\"elementor-element elementor-element-7ce161d elementor-invisible elementor-widget elementor-widget-heading\" data-id=\"7ce161d\" data-element_type=\"widget\" data-e-type=\"widget\" data-settings=\"{&quot;_animation&quot;:&quot;fadeInDown&quot;}\" data-widget_type=\"heading.default\">\n\t\t\t\t<div class=\"elementor-widget-container\">\n\t\t\t\t\t<h2 class=\"elementor-heading-title elementor-size-default\">\u00bfTu peludo amigo tiene sensibilidades digestivas? \u00a1No te preocupes m\u00e1s! Con Advance Mini Sensitive Salmon, est\u00e1s brindando a tu perro la soluci\u00f3n perfecta<\/h2>\t\t\t\t<\/div>\n\t\t\t\t<\/div>\n\t\t\t\t\t<\/div>\n\t\t\t\t<\/div>\n\t\t<div class=\"elementor-element elementor-element-25bcde5 e-flex e-con-boxed e-con e-parent\" data-id=\"25bcde5\" data-element_type=\"container\" data-e-type=\"container\">\n\t\t\t\t\t<div class=\"e-con-inner\">\n\t\t<div class=\"elementor-element elementor-element-0d11793 e-con-full e-flex e-con e-child\" data-id=\"0d11793\" data-element_type=\"container\" data-e-type=\"container\">\n\t\t\t\t<div class=\"elementor-element elementor-element-c06789c elementor-widget elementor-widget-image\" data-id=\"c06789c\" data-element_type=\"widget\" data-e-type=\"widget\" data-widget_type=\"image.default\">\n\t\t\t\t<div class=\"elementor-widget-container\">\n\t\t\t\t\t\t\t\t\t\t\t\t\t\t\t\t<a href=\"https:\/\/amzn.to\/48WxN3G\">\n\t\t\t\t\t\t\t<img fetchpriority=\"high\" decoding=\"async\" width=\"751\" height=\"1024\" src=\"https:\/\/mundoanimalito.com\/wp-content\/uploads\/2024\/03\/711BEa5KLDL._AC_SL1500_-751x1024.jpg\" class=\"attachment-large size-large wp-image-16180\" alt=\"Advance Mini Sensitive Salmon, Pienso para Perros de Razas Peque\u00f1as con Sensibilidades Digestivas con Salm\u00f3n, 3kg\" srcset=\"https:\/\/mundoanimalito.com\/wp-content\/uploads\/2024\/03\/711BEa5KLDL._AC_SL1500_-751x1024.jpg 751w, https:\/\/mundoanimalito.com\/wp-content\/uploads\/2024\/03\/711BEa5KLDL._AC_SL1500_-220x300.jpg 220w, https:\/\/mundoanimalito.com\/wp-content\/uploads\/2024\/03\/711BEa5KLDL._AC_SL1500_-768x1047.jpg 768w, https:\/\/mundoanimalito.com\/wp-content\/uploads\/2024\/03\/711BEa5KLDL._AC_SL1500_.jpg 1100w\" sizes=\"(max-width: 751px) 100vw, 751px\" \/>\t\t\t\t\t\t\t\t<\/a>\n\t\t\t\t\t\t\t\t\t\t\t\t\t\t\t<\/div>\n\t\t\t\t<\/div>\n\t\t\t\t<\/div>\n\t\t<div class=\"elementor-element elementor-element-5bbf9ce e-con-full e-flex e-con e-child\" data-id=\"5bbf9ce\" data-element_type=\"container\" data-e-type=\"container\">\n\t\t\t\t<div class=\"elementor-element elementor-element-752ae66 elementor-widget elementor-widget-text-editor\" data-id=\"752ae66\" data-element_type=\"widget\" data-e-type=\"widget\" data-widget_type=\"text-editor.default\">\n\t\t\t\t<div class=\"elementor-widget-container\">\n\t\t\t\t\t\t\t\t\t<p>\ud83d\udc1f <strong>Salud digestiva:<\/strong> Formulado con salm\u00f3n como \u00fanica fuente de prote\u00edna animal, este pienso es suave para el est\u00f3mago de tu perro, proporcionando una nutrici\u00f3n completa y equilibrada sin gluten, soja ni huevo, lo que lo hace ideal para perros con sensibilidades digestivas.<\/p><p>\u00a0<\/p><p>\ud83c\udf7d\ufe0f <strong>F\u00e1cil digesti\u00f3n:<\/strong> El arroz, un ingrediente altamente digestible, junto con la inulina, favorece una digesti\u00f3n saludable, asegurando que tu perro pueda disfrutar de su comida sin molestias digestivas.<\/p><p>\u00a0<\/p><p>\ud83d\udc15 <strong>Cuidado de la piel y el pelaje:<\/strong> Enriquecido con \u00e1cidos grasos omega 3 y omega 6, biotina y zinc, este pienso promueve una piel sana y un pelaje brillante, para que tu perro luzca radiante en todo momento.<\/p><p>\u00a0<\/p><p>Con Advance Mini Sensitive Salmon, no solo est\u00e1s cuidando la salud digestiva de tu mascota, sino que tambi\u00e9n est\u00e1s garantizando que reciba todos los nutrientes necesarios para una vida activa y saludable. \u00a1Dale a tu perro el cuidado que se merece con Advance! \ud83c\udf1f<\/p>\t\t\t\t\t\t\t\t<\/div>\n\t\t\t\t<\/div>\n\t\t\t\t<div class=\"elementor-element elementor-element-acef8ed elementor-align-right elementor-widget elementor-widget-button\" data-id=\"acef8ed\" data-element_type=\"widget\" data-e-type=\"widget\" data-widget_type=\"button.default\">\n\t\t\t\t<div class=\"elementor-widget-container\">\n\t\t\t\t\t\t\t\t\t<div class=\"elementor-button-wrapper\">\n\t\t\t\t\t<a class=\"elementor-button elementor-button-link elementor-size-sm\" href=\"https:\/\/amzn.to\/48WxN3G\">\n\t\t\t\t\t\t<span class=\"elementor-button-content-wrapper\">\n\t\t\t\t\t\t\t\t\t<span class=\"elementor-button-text\">Compra ahora en Amazon<\/span>\n\t\t\t\t\t<\/span>\n\t\t\t\t\t<\/a>\n\t\t\t\t<\/div>\n\t\t\t\t\t\t\t\t<\/div>\n\t\t\t\t<\/div>\n\t\t\t\t<\/div>\n\t\t\t\t\t<\/div>\n\t\t\t\t<\/div>\n\t\t<div class=\"elementor-element elementor-element-de8aff0 e-flex e-con-boxed e-con e-parent\" data-id=\"de8aff0\" data-element_type=\"container\" data-e-type=\"container\">\n\t\t\t\t\t<div class=\"e-con-inner\">\n\t\t\t\t<div class=\"elementor-element elementor-element-4dd2749 elementor-widget__width-initial elementor-arrows-position-inside elementor-pagination-position-outside elementor-widget elementor-widget-image-carousel\" data-id=\"4dd2749\" data-element_type=\"widget\" data-e-type=\"widget\" data-settings=\"{&quot;slides_to_show&quot;:&quot;1&quot;,&quot;navigation&quot;:&quot;both&quot;,&quot;autoplay&quot;:&quot;yes&quot;,&quot;pause_on_hover&quot;:&quot;yes&quot;,&quot;pause_on_interaction&quot;:&quot;yes&quot;,&quot;autoplay_speed&quot;:5000,&quot;infinite&quot;:&quot;yes&quot;,&quot;effect&quot;:&quot;slide&quot;,&quot;speed&quot;:500}\" data-widget_type=\"image-carousel.default\">\n\t\t\t\t<div class=\"elementor-widget-container\">\n\t\t\t\t\t\t\t<div class=\"elementor-image-carousel-wrapper swiper\" role=\"region\" aria-roledescription=\"carousel\" aria-label=\"Carrusel de im\u00e1genes\" dir=\"ltr\">\n\t\t\t<div class=\"elementor-image-carousel swiper-wrapper\" aria-live=\"off\">\n\t\t\t\t\t\t\t\t<div class=\"swiper-slide\" role=\"group\" aria-roledescription=\"slide\" aria-label=\"1 de 5\"><figure class=\"swiper-slide-inner\"><img decoding=\"async\" class=\"swiper-slide-image\" src=\"https:\/\/mundoanimalito.com\/wp-content\/uploads\/2024\/03\/71R9iDazRPL._AC_SL1500_-768x803.jpg\" alt=\"Advance Mini Sensitive Salmon, Pienso para Perros de Razas Peque\u00f1as con Sensibilidades Digestivas con Salm\u00f3n, 3kg\" \/><\/figure><\/div><div class=\"swiper-slide\" role=\"group\" aria-roledescription=\"slide\" aria-label=\"2 de 5\"><figure class=\"swiper-slide-inner\"><img decoding=\"async\" class=\"swiper-slide-image\" src=\"https:\/\/mundoanimalito.com\/wp-content\/uploads\/2024\/03\/712itOQlP2L._AC_SL1500_-768x713.jpg\" alt=\"Advance Mini Sensitive Salmon, Pienso para Perros de Razas Peque\u00f1as con Sensibilidades Digestivas con Salm\u00f3n, 3kg\" \/><\/figure><\/div><div class=\"swiper-slide\" role=\"group\" aria-roledescription=\"slide\" aria-label=\"3 de 5\"><figure class=\"swiper-slide-inner\"><img decoding=\"async\" class=\"swiper-slide-image\" src=\"https:\/\/mundoanimalito.com\/wp-content\/uploads\/2024\/03\/81HpQWVfGL._AC_SL1500_-768x1211.jpg\" alt=\"Advance Mini Sensitive Salmon, Pienso para Perros de Razas Peque\u00f1as con Sensibilidades Digestivas con Salm\u00f3n, 3kg\" \/><\/figure><\/div><div class=\"swiper-slide\" role=\"group\" aria-roledescription=\"slide\" aria-label=\"4 de 5\"><figure class=\"swiper-slide-inner\"><img decoding=\"async\" class=\"swiper-slide-image\" src=\"https:\/\/mundoanimalito.com\/wp-content\/uploads\/2024\/03\/71Inf6VRBzL._AC_SL1500_-768x768.jpg\" alt=\"Advance Mini Sensitive Salmon, Pienso para Perros de Razas Peque\u00f1as con Sensibilidades Digestivas con Salm\u00f3n, 3kg\" \/><\/figure><\/div><div class=\"swiper-slide\" role=\"group\" aria-roledescription=\"slide\" aria-label=\"5 de 5\"><figure class=\"swiper-slide-inner\"><img decoding=\"async\" class=\"swiper-slide-image\" src=\"https:\/\/mundoanimalito.com\/wp-content\/uploads\/2024\/03\/71B042mB31L._AC_SL1250_-768x335.jpg\" alt=\"Advance Mini Sensitive Salmon, Pienso para Perros de Razas Peque\u00f1as con Sensibilidades Digestivas con Salm\u00f3n, 3kg\" \/><\/figure><\/div>\t\t\t<\/div>\n\t\t\t\t\t\t\t\t\t\t\t\t<div class=\"elementor-swiper-button elementor-swiper-button-prev\" role=\"button\" tabindex=\"0\">\n\t\t\t\t\t\t<i aria-hidden=\"true\" class=\"eicon-chevron-left\"><\/i>\t\t\t\t\t<\/div>\n\t\t\t\t\t<div class=\"elementor-swiper-button elementor-swiper-button-next\" role=\"button\" tabindex=\"0\">\n\t\t\t\t\t\t<i aria-hidden=\"true\" class=\"eicon-chevron-right\"><\/i>\t\t\t\t\t<\/div>\n\t\t\t\t\n\t\t\t\t\t\t\t\t\t<div class=\"swiper-pagination\"><\/div>\n\t\t\t\t\t\t\t\t\t<\/div>\n\t\t\t\t\t\t<\/div>\n\t\t\t\t<\/div>\n\t\t\t\t\t<\/div>\n\t\t\t\t<\/div>\n\t\t<div class=\"elementor-element elementor-element-a3b07d5 e-flex e-con-boxed e-con e-parent\" data-id=\"a3b07d5\" data-element_type=\"container\" data-e-type=\"container\">\n\t\t\t\t\t<div class=\"e-con-inner\">\n\t\t\t\t<div class=\"elementor-element elementor-element-5eac6bb elementor-align-right elementor-widget elementor-widget-button\" data-id=\"5eac6bb\" data-element_type=\"widget\" data-e-type=\"widget\" data-widget_type=\"button.default\">\n\t\t\t\t<div class=\"elementor-widget-container\">\n\t\t\t\t\t\t\t\t\t<div class=\"elementor-button-wrapper\">\n\t\t\t\t\t<a class=\"elementor-button elementor-button-link elementor-size-sm\" href=\"https:\/\/amzn.to\/48WxN3G\">\n\t\t\t\t\t\t<span class=\"elementor-button-content-wrapper\">\n\t\t\t\t\t\t\t\t\t<span class=\"elementor-button-text\">Compra ahora en Amazon<\/span>\n\t\t\t\t\t<\/span>\n\t\t\t\t\t<\/a>\n\t\t\t\t<\/div>\n\t\t\t\t\t\t\t\t<\/div>\n\t\t\t\t<\/div>\n\t\t\t\t\t<\/div>\n\t\t\t\t<\/div>\n\t\t\t\t<\/div>\n\t\t","protected":false},"excerpt":{"rendered":"<p>\u00bfTu peludo amigo tiene sensibilidades digestivas? \u00a1No te preocupes m\u00e1s! Con Advance Mini Sensitive Salmon, est\u00e1s brindando a tu perro la soluci\u00f3n perfecta \ud83d\udc1f Salud digestiva: Formulado con salm\u00f3n como \u00fanica fuente de prote\u00edna animal, este pienso es suave para el est\u00f3mago de tu perro, proporcionando una nutrici\u00f3n completa y equilibrada sin gluten, soja ni [&hellip;]<\/p>\n","protected":false},"author":1,"featured_media":0,"parent":0,"menu_order":0,"comment_status":"closed","ping_status":"closed","template":"","meta":{"site-sidebar-layout":"no-sidebar","site-content-layout":"page-builder","ast-site-content-layout":"full-width-container","site-content-style":"default","site-sidebar-style":"default","ast-global-header-display":"","ast-banner-title-visibility":"","ast-main-header-display":"","ast-hfb-above-header-display":"","ast-hfb-below-header-display":"","ast-hfb-mobile-header-display":"","site-post-title":"disabled","ast-breadcrumbs-content":"","ast-featured-img":"disabled","footer-sml-layout":"","ast-disable-related-posts":"","theme-transparent-header-meta":"","adv-header-id-meta":"","stick-header-meta":"","header-above-stick-meta":"","header-main-stick-meta":"","header-below-stick-meta":"","astra-migrate-meta-layouts":"set","ast-page-background-enabled":"default","ast-page-background-meta":{"desktop":{"background-color":"var(--ast-global-color-4)","background-image":"","background-repeat":"repeat","background-position":"center center","background-size":"auto","background-attachment":"scroll","background-type":"","background-media":"","overlay-type":"","overlay-color":"","overlay-opacity":"","overlay-gradient":""},"tablet":{"background-color":"","background-image":"","background-repeat":"repeat","background-position":"center center","background-size":"auto","background-attachment":"scroll","background-type":"","background-media":"","overlay-type":"","overlay-color":"","overlay-opacity":"","overlay-gradient":""},"mobile":{"background-color":"","background-image":"","background-repeat":"repeat","background-position":"center center","background-size":"auto","background-attachment":"scroll","background-type":"","background-media":"","overlay-type":"","overlay-color":"","overlay-opacity":"","overlay-gradient":""}},"ast-content-background-meta":{"desktop":{"background-color":"var(--ast-global-color-5)","background-image":"","background-repeat":"repeat","background-position":"center center","background-size":"auto","background-attachment":"scroll","background-type":"","background-media":"","overlay-type":"","overlay-color":"","overlay-opacity":"","overlay-gradient":""},"tablet":{"background-color":"var(--ast-global-color-5)","background-image":"","background-repeat":"repeat","background-position":"center center","background-size":"auto","background-attachment":"scroll","background-type":"","background-media":"","overlay-type":"","overlay-color":"","overlay-opacity":"","overlay-gradient":""},"mobile":{"background-color":"var(--ast-global-color-5)","background-image":"","background-repeat":"repeat","background-position":"center center","background-size":"auto","background-attachment":"scroll","background-type":"","background-media":"","overlay-type":"","overlay-color":"","overlay-opacity":"","overlay-gradient":""}},"footnotes":""},"class_list":["post-16196","page","type-page","status-publish","hentry"],"yoast_head":"<!-- This site is optimized with the Yoast SEO plugin v27.4 - https:\/\/yoast.com\/product\/yoast-seo-wordpress\/ -->\n<title>Pienso para Perros Peque\u00f1o | Mundo Animalito<\/title>\n<meta name=\"description\" content=\"Advance Mini Sensitive Salmon, Pienso para Perros de Razas Peque\u00f1as con Sensibilidades Digestivas con Salm\u00f3n, 3kg, \u00bfTu peludo amigo tiene sensibilidades digestivas? \u00a1No te preocupes m\u00e1s! Con Advance Mini Sensitive Salmon, est\u00e1s brindando a tu perro la soluci\u00f3n perfecta\" \/>\n<meta name=\"robots\" content=\"index, follow, max-snippet:-1, max-image-preview:large, max-video-preview:-1\" \/>\n<link rel=\"canonical\" href=\"https:\/\/mundoanimalito.com\/index.php\/advance-mini-sensitive-salmon\/\" \/>\n<meta property=\"og:locale\" content=\"es_ES\" \/>\n<meta property=\"og:type\" content=\"article\" \/>\n<meta property=\"og:title\" content=\"Pienso para Perros Peque\u00f1o | Mundo Animalito\" \/>\n<meta property=\"og:description\" content=\"Advance Mini Sensitive Salmon, Pienso para Perros de Razas Peque\u00f1as con Sensibilidades Digestivas con Salm\u00f3n, 3kg, \u00bfTu peludo amigo tiene sensibilidades digestivas? \u00a1No te preocupes m\u00e1s! Con Advance Mini Sensitive Salmon, est\u00e1s brindando a tu perro la soluci\u00f3n perfecta\" \/>\n<meta property=\"og:url\" content=\"https:\/\/mundoanimalito.com\/index.php\/advance-mini-sensitive-salmon\/\" \/>\n<meta property=\"og:site_name\" content=\"Mundo Animalito\" \/>\n<meta property=\"article:publisher\" content=\"https:\/\/www.facebook.com\/mundoanimalito77\" \/>\n<meta property=\"article:modified_time\" content=\"2024-09-03T16:44:11+00:00\" \/>\n<meta property=\"og:image\" content=\"https:\/\/mundoanimalito.com\/wp-content\/uploads\/2024\/03\/711BEa5KLDL._AC_SL1500_-751x1024.jpg\" \/>\n<meta name=\"twitter:card\" content=\"summary_large_image\" \/>\n<meta name=\"twitter:label1\" content=\"Tiempo de lectura\" \/>\n\t<meta name=\"twitter:data1\" content=\"3 minutos\" \/>\n<script type=\"application\/ld+json\" class=\"yoast-schema-graph\">{\"@context\":\"https:\\\/\\\/schema.org\",\"@graph\":[{\"@type\":\"WebPage\",\"@id\":\"https:\\\/\\\/mundoanimalito.com\\\/index.php\\\/advance-mini-sensitive-salmon\\\/\",\"url\":\"https:\\\/\\\/mundoanimalito.com\\\/index.php\\\/advance-mini-sensitive-salmon\\\/\",\"name\":\"Pienso para Perros Peque\u00f1o | Mundo Animalito\",\"isPartOf\":{\"@id\":\"https:\\\/\\\/mundoanimalito.com\\\/#website\"},\"primaryImageOfPage\":{\"@id\":\"https:\\\/\\\/mundoanimalito.com\\\/index.php\\\/advance-mini-sensitive-salmon\\\/#primaryimage\"},\"image\":{\"@id\":\"https:\\\/\\\/mundoanimalito.com\\\/index.php\\\/advance-mini-sensitive-salmon\\\/#primaryimage\"},\"thumbnailUrl\":\"https:\\\/\\\/mundoanimalito.com\\\/wp-content\\\/uploads\\\/2024\\\/03\\\/711BEa5KLDL._AC_SL1500_-751x1024.jpg\",\"datePublished\":\"2024-03-19T16:35:00+00:00\",\"dateModified\":\"2024-09-03T16:44:11+00:00\",\"description\":\"Advance Mini Sensitive Salmon, Pienso para Perros de Razas Peque\u00f1as con Sensibilidades Digestivas con Salm\u00f3n, 3kg, \u00bfTu peludo amigo tiene sensibilidades digestivas? \u00a1No te preocupes m\u00e1s! Con Advance Mini Sensitive Salmon, est\u00e1s brindando a tu perro la soluci\u00f3n perfecta\",\"breadcrumb\":{\"@id\":\"https:\\\/\\\/mundoanimalito.com\\\/index.php\\\/advance-mini-sensitive-salmon\\\/#breadcrumb\"},\"inLanguage\":\"es\",\"potentialAction\":[{\"@type\":\"ReadAction\",\"target\":[\"https:\\\/\\\/mundoanimalito.com\\\/index.php\\\/advance-mini-sensitive-salmon\\\/\"]}]},{\"@type\":\"ImageObject\",\"inLanguage\":\"es\",\"@id\":\"https:\\\/\\\/mundoanimalito.com\\\/index.php\\\/advance-mini-sensitive-salmon\\\/#primaryimage\",\"url\":\"https:\\\/\\\/mundoanimalito.com\\\/wp-content\\\/uploads\\\/2024\\\/03\\\/711BEa5KLDL._AC_SL1500_.jpg\",\"contentUrl\":\"https:\\\/\\\/mundoanimalito.com\\\/wp-content\\\/uploads\\\/2024\\\/03\\\/711BEa5KLDL._AC_SL1500_.jpg\",\"width\":1100,\"height\":1500,\"caption\":\"Advance Mini Sensitive Salmon, Pienso para Perros de Razas Peque\u00f1as con Sensibilidades Digestivas con Salm\u00f3n, 3kg\"},{\"@type\":\"BreadcrumbList\",\"@id\":\"https:\\\/\\\/mundoanimalito.com\\\/index.php\\\/advance-mini-sensitive-salmon\\\/#breadcrumb\",\"itemListElement\":[{\"@type\":\"ListItem\",\"position\":1,\"name\":\"Portada\",\"item\":\"https:\\\/\\\/mundoanimalito.com\\\/\"},{\"@type\":\"ListItem\",\"position\":2,\"name\":\"Advance Mini Sensitive Salmon\"}]},{\"@type\":\"WebSite\",\"@id\":\"https:\\\/\\\/mundoanimalito.com\\\/#website\",\"url\":\"https:\\\/\\\/mundoanimalito.com\\\/\",\"name\":\"Mundo Animalito\",\"description\":\"Datos y curiosidades de los animales, encuentra ac\u00e1 todo para tu mascota\",\"publisher\":{\"@id\":\"https:\\\/\\\/mundoanimalito.com\\\/#organization\"},\"potentialAction\":[{\"@type\":\"SearchAction\",\"target\":{\"@type\":\"EntryPoint\",\"urlTemplate\":\"https:\\\/\\\/mundoanimalito.com\\\/?s={search_term_string}\"},\"query-input\":{\"@type\":\"PropertyValueSpecification\",\"valueRequired\":true,\"valueName\":\"search_term_string\"}}],\"inLanguage\":\"es\"},{\"@type\":\"Organization\",\"@id\":\"https:\\\/\\\/mundoanimalito.com\\\/#organization\",\"name\":\"Mundo Animalito\",\"url\":\"https:\\\/\\\/mundoanimalito.com\\\/\",\"logo\":{\"@type\":\"ImageObject\",\"inLanguage\":\"es\",\"@id\":\"https:\\\/\\\/mundoanimalito.com\\\/#\\\/schema\\\/logo\\\/image\\\/\",\"url\":\"https:\\\/\\\/mundoanimalito.com\\\/wp-content\\\/uploads\\\/2023\\\/10\\\/cropped-cropped-LOGO-OFICIAL-ULTIMA-VERSION-1.jpg\",\"contentUrl\":\"https:\\\/\\\/mundoanimalito.com\\\/wp-content\\\/uploads\\\/2023\\\/10\\\/cropped-cropped-LOGO-OFICIAL-ULTIMA-VERSION-1.jpg\",\"width\":374,\"height\":425,\"caption\":\"Mundo Animalito\"},\"image\":{\"@id\":\"https:\\\/\\\/mundoanimalito.com\\\/#\\\/schema\\\/logo\\\/image\\\/\"},\"sameAs\":[\"https:\\\/\\\/www.facebook.com\\\/mundoanimalito77\",\"https:\\\/\\\/www.instagram.com\\\/mundoanimalito77\\\/\",\"https:\\\/\\\/www.tiktok.com\\\/@mundoanimalito77\",\"https:\\\/\\\/www.youtube.com\\\/channel\\\/UCLo2JhNUNtHVraDt5aHadew\"]}]}<\/script>\n<!-- \/ Yoast SEO plugin. -->","yoast_head_json":{"title":"Pienso para Perros Peque\u00f1o | Mundo Animalito","description":"Advance Mini Sensitive Salmon, Pienso para Perros de Razas Peque\u00f1as con Sensibilidades Digestivas con Salm\u00f3n, 3kg, \u00bfTu peludo amigo tiene sensibilidades digestivas? \u00a1No te preocupes m\u00e1s! Con Advance Mini Sensitive Salmon, est\u00e1s brindando a tu perro la soluci\u00f3n perfecta","robots":{"index":"index","follow":"follow","max-snippet":"max-snippet:-1","max-image-preview":"max-image-preview:large","max-video-preview":"max-video-preview:-1"},"canonical":"https:\/\/mundoanimalito.com\/index.php\/advance-mini-sensitive-salmon\/","og_locale":"es_ES","og_type":"article","og_title":"Pienso para Perros Peque\u00f1o | Mundo Animalito","og_description":"Advance Mini Sensitive Salmon, Pienso para Perros de Razas Peque\u00f1as con Sensibilidades Digestivas con Salm\u00f3n, 3kg, \u00bfTu peludo amigo tiene sensibilidades digestivas? \u00a1No te preocupes m\u00e1s! Con Advance Mini Sensitive Salmon, est\u00e1s brindando a tu perro la soluci\u00f3n perfecta","og_url":"https:\/\/mundoanimalito.com\/index.php\/advance-mini-sensitive-salmon\/","og_site_name":"Mundo Animalito","article_publisher":"https:\/\/www.facebook.com\/mundoanimalito77","article_modified_time":"2024-09-03T16:44:11+00:00","og_image":[{"url":"https:\/\/mundoanimalito.com\/wp-content\/uploads\/2024\/03\/711BEa5KLDL._AC_SL1500_-751x1024.jpg","type":"","width":"","height":""}],"twitter_card":"summary_large_image","twitter_misc":{"Tiempo de lectura":"3 minutos"},"schema":{"@context":"https:\/\/schema.org","@graph":[{"@type":"WebPage","@id":"https:\/\/mundoanimalito.com\/index.php\/advance-mini-sensitive-salmon\/","url":"https:\/\/mundoanimalito.com\/index.php\/advance-mini-sensitive-salmon\/","name":"Pienso para Perros Peque\u00f1o | Mundo Animalito","isPartOf":{"@id":"https:\/\/mundoanimalito.com\/#website"},"primaryImageOfPage":{"@id":"https:\/\/mundoanimalito.com\/index.php\/advance-mini-sensitive-salmon\/#primaryimage"},"image":{"@id":"https:\/\/mundoanimalito.com\/index.php\/advance-mini-sensitive-salmon\/#primaryimage"},"thumbnailUrl":"https:\/\/mundoanimalito.com\/wp-content\/uploads\/2024\/03\/711BEa5KLDL._AC_SL1500_-751x1024.jpg","datePublished":"2024-03-19T16:35:00+00:00","dateModified":"2024-09-03T16:44:11+00:00","description":"Advance Mini Sensitive Salmon, Pienso para Perros de Razas Peque\u00f1as con Sensibilidades Digestivas con Salm\u00f3n, 3kg, \u00bfTu peludo amigo tiene sensibilidades digestivas? \u00a1No te preocupes m\u00e1s! Con Advance Mini Sensitive Salmon, est\u00e1s brindando a tu perro la soluci\u00f3n perfecta","breadcrumb":{"@id":"https:\/\/mundoanimalito.com\/index.php\/advance-mini-sensitive-salmon\/#breadcrumb"},"inLanguage":"es","potentialAction":[{"@type":"ReadAction","target":["https:\/\/mundoanimalito.com\/index.php\/advance-mini-sensitive-salmon\/"]}]},{"@type":"ImageObject","inLanguage":"es","@id":"https:\/\/mundoanimalito.com\/index.php\/advance-mini-sensitive-salmon\/#primaryimage","url":"https:\/\/mundoanimalito.com\/wp-content\/uploads\/2024\/03\/711BEa5KLDL._AC_SL1500_.jpg","contentUrl":"https:\/\/mundoanimalito.com\/wp-content\/uploads\/2024\/03\/711BEa5KLDL._AC_SL1500_.jpg","width":1100,"height":1500,"caption":"Advance Mini Sensitive Salmon, Pienso para Perros de Razas Peque\u00f1as con Sensibilidades Digestivas con Salm\u00f3n, 3kg"},{"@type":"BreadcrumbList","@id":"https:\/\/mundoanimalito.com\/index.php\/advance-mini-sensitive-salmon\/#breadcrumb","itemListElement":[{"@type":"ListItem","position":1,"name":"Portada","item":"https:\/\/mundoanimalito.com\/"},{"@type":"ListItem","position":2,"name":"Advance Mini Sensitive Salmon"}]},{"@type":"WebSite","@id":"https:\/\/mundoanimalito.com\/#website","url":"https:\/\/mundoanimalito.com\/","name":"Mundo Animalito","description":"Datos y curiosidades de los animales, encuentra ac\u00e1 todo para tu mascota","publisher":{"@id":"https:\/\/mundoanimalito.com\/#organization"},"potentialAction":[{"@type":"SearchAction","target":{"@type":"EntryPoint","urlTemplate":"https:\/\/mundoanimalito.com\/?s={search_term_string}"},"query-input":{"@type":"PropertyValueSpecification","valueRequired":true,"valueName":"search_term_string"}}],"inLanguage":"es"},{"@type":"Organization","@id":"https:\/\/mundoanimalito.com\/#organization","name":"Mundo Animalito","url":"https:\/\/mundoanimalito.com\/","logo":{"@type":"ImageObject","inLanguage":"es","@id":"https:\/\/mundoanimalito.com\/#\/schema\/logo\/image\/","url":"https:\/\/mundoanimalito.com\/wp-content\/uploads\/2023\/10\/cropped-cropped-LOGO-OFICIAL-ULTIMA-VERSION-1.jpg","contentUrl":"https:\/\/mundoanimalito.com\/wp-content\/uploads\/2023\/10\/cropped-cropped-LOGO-OFICIAL-ULTIMA-VERSION-1.jpg","width":374,"height":425,"caption":"Mundo Animalito"},"image":{"@id":"https:\/\/mundoanimalito.com\/#\/schema\/logo\/image\/"},"sameAs":["https:\/\/www.facebook.com\/mundoanimalito77","https:\/\/www.instagram.com\/mundoanimalito77\/","https:\/\/www.tiktok.com\/@mundoanimalito77","https:\/\/www.youtube.com\/channel\/UCLo2JhNUNtHVraDt5aHadew"]}]}},"_links":{"self":[{"href":"https:\/\/mundoanimalito.com\/index.php\/wp-json\/wp\/v2\/pages\/16196","targetHints":{"allow":["GET"]}}],"collection":[{"href":"https:\/\/mundoanimalito.com\/index.php\/wp-json\/wp\/v2\/pages"}],"about":[{"href":"https:\/\/mundoanimalito.com\/index.php\/wp-json\/wp\/v2\/types\/page"}],"author":[{"embeddable":true,"href":"https:\/\/mundoanimalito.com\/index.php\/wp-json\/wp\/v2\/users\/1"}],"replies":[{"embeddable":true,"href":"https:\/\/mundoanimalito.com\/index.php\/wp-json\/wp\/v2\/comments?post=16196"}],"version-history":[{"count":0,"href":"https:\/\/mundoanimalito.com\/index.php\/wp-json\/wp\/v2\/pages\/16196\/revisions"}],"wp:attachment":[{"href":"https:\/\/mundoanimalito.com\/index.php\/wp-json\/wp\/v2\/media?parent=16196"}],"curies":[{"name":"wp","href":"https:\/\/api.w.org\/{rel}","templated":true}]}}