{"id":14981,"date":"2024-03-11T11:38:14","date_gmt":"2024-03-11T16:38:14","guid":{"rendered":"https:\/\/mundoanimalito.com\/?page_id=14981"},"modified":"2024-09-04T17:07:29","modified_gmt":"2024-09-04T22:07:29","slug":"edgar-cooper-pienso","status":"publish","type":"page","link":"https:\/\/mundoanimalito.com\/index.php\/edgar-cooper-pienso\/","title":{"rendered":"Edgar &#038; Cooper pienso"},"content":{"rendered":"\t\t<div data-elementor-type=\"wp-page\" data-elementor-id=\"14981\" class=\"elementor elementor-14981\" data-elementor-post-type=\"page\">\n\t\t\t\t<div class=\"elementor-element elementor-element-d6fed28 e-flex e-con-boxed e-con e-parent\" data-id=\"d6fed28\" data-element_type=\"container\" data-e-type=\"container\">\n\t\t\t\t\t<div class=\"e-con-inner\">\n\t\t\t\t<div class=\"elementor-element elementor-element-ae80b7e elementor-invisible elementor-widget elementor-widget-heading\" data-id=\"ae80b7e\" data-element_type=\"widget\" data-e-type=\"widget\" data-settings=\"{&quot;_animation&quot;:&quot;fadeInDown&quot;}\" data-widget_type=\"heading.default\">\n\t\t\t\t<div class=\"elementor-widget-container\">\n\t\t\t\t\t<h2 class=\"elementor-heading-title elementor-size-default\">La Revoluci\u00f3n en la Alimentaci\u00f3n de tu Perro con Edgard &amp; Cooper Pienso para Perros Adultos, una Experiencia Nutricional Sin Cereales!<\/h2>\t\t\t\t<\/div>\n\t\t\t\t<\/div>\n\t\t\t\t\t<\/div>\n\t\t\t\t<\/div>\n\t\t<div class=\"elementor-element elementor-element-a0c965f e-flex e-con-boxed e-con e-parent\" data-id=\"a0c965f\" data-element_type=\"container\" data-e-type=\"container\">\n\t\t\t\t\t<div class=\"e-con-inner\">\n\t\t<div class=\"elementor-element elementor-element-6a576aa e-con-full e-flex e-con e-child\" data-id=\"6a576aa\" data-element_type=\"container\" data-e-type=\"container\">\n\t\t\t\t<div class=\"elementor-element elementor-element-de00f7b elementor-widget elementor-widget-image\" data-id=\"de00f7b\" data-element_type=\"widget\" data-e-type=\"widget\" data-widget_type=\"image.default\">\n\t\t\t\t<div class=\"elementor-widget-container\">\n\t\t\t\t\t\t\t\t\t\t\t\t\t\t\t\t<a href=\"https:\/\/amzn.to\/4a8TwGE\">\n\t\t\t\t\t\t\t<img fetchpriority=\"high\" decoding=\"async\" width=\"795\" height=\"1024\" src=\"https:\/\/mundoanimalito.com\/wp-content\/uploads\/2024\/03\/71-YZYKDJnL._AC_SL1500_-795x1024.jpg\" class=\"attachment-large size-large wp-image-14962\" alt=\"Edgard &amp; Cooper Pienso Perros Adultos Comida Seca Natural Sin Cereales, F\u00e1cil de digerir, Alimentaci\u00f3n Sana Sabrosa y equilibrada (Pollo, 2.5 kg (Paquete de 1))\" srcset=\"https:\/\/mundoanimalito.com\/wp-content\/uploads\/2024\/03\/71-YZYKDJnL._AC_SL1500_-795x1024.jpg 795w, https:\/\/mundoanimalito.com\/wp-content\/uploads\/2024\/03\/71-YZYKDJnL._AC_SL1500_-233x300.jpg 233w, https:\/\/mundoanimalito.com\/wp-content\/uploads\/2024\/03\/71-YZYKDJnL._AC_SL1500_-768x989.jpg 768w, https:\/\/mundoanimalito.com\/wp-content\/uploads\/2024\/03\/71-YZYKDJnL._AC_SL1500_.jpg 1165w\" sizes=\"(max-width: 795px) 100vw, 795px\" \/>\t\t\t\t\t\t\t\t<\/a>\n\t\t\t\t\t\t\t\t\t\t\t\t\t\t\t<\/div>\n\t\t\t\t<\/div>\n\t\t\t\t<\/div>\n\t\t<div class=\"elementor-element elementor-element-ab6a18c e-con-full e-flex e-con e-child\" data-id=\"ab6a18c\" data-element_type=\"container\" data-e-type=\"container\">\n\t\t\t\t<div class=\"elementor-element elementor-element-61cd2e6 elementor-widget elementor-widget-text-editor\" data-id=\"61cd2e6\" data-element_type=\"widget\" data-e-type=\"widget\" data-widget_type=\"text-editor.default\">\n\t\t\t\t<div class=\"elementor-widget-container\">\n\t\t\t\t\t\t\t\t\t<p>\ud83c\udf3f <strong>Nutrici\u00f3n Natural para un Perro Saludable: <\/strong>Nuestra receta bien equilibrada es como tener a un entrenador personal para tu perro. Desarrollada por expertos universitarios, garantizamos la m\u00e1xima nutrici\u00f3n con ingredientes naturales. \u00a1Dale a tu perro la alimentaci\u00f3n que se merece para una vida plena!<\/p><p>\u00a0<\/p><p>\ud83c\udf0d <strong>Sostenibilidad que Marca la Diferencia <\/strong>En Edgard &amp; Cooper, amamos la naturaleza y nos esforzamos por ser la marca de alimentos para mascotas m\u00e1s sostenible. Nuestros envases papel FSC respetuosos con el medio ambiente son solo un paso hacia nuestro compromiso con un futuro m\u00e1s verde.<\/p><p>\u00a0<\/p><p>\ud83d\udc9a <strong>Compromiso con el Bienestar Animal: <\/strong>Creamos un mundo donde todos los perros sean felices. A trav\u00e9s de la Fundaci\u00f3n Edgard &amp; Cooper, donamos un 1% de nuestras ventas a organizaciones ben\u00e9ficas para garantizar que ning\u00fan perro viva una vida dif\u00edcil e innecesariamente corta. \u00a1\u00danete a nosotros en esta noble causa!<\/p><p>\u00a0<\/p><p>\ud83e\udd69 <strong>Carne Fresca y Beneficios \u00danicos: <\/strong>Nuestro pienso para perros ofrece carne fresca, sabrosa y llena de beneficios. Sin harina de carne ni carne congelada, garantizamos una fuente de prote\u00ednas de alta calidad que tu perro adorar\u00e1.<\/p><p>\u00a0<\/p><p>\ud83d\udeab <strong>F\u00e1cil Digesti\u00f3n sin Cereales ni Gluten: <\/strong>Dise\u00f1ado para una f\u00e1cil digesti\u00f3n, nuestro pienso es libre de cereales y gluten. Una opci\u00f3n saludable que cuida el sistema digestivo de tu perro.<\/p>\t\t\t\t\t\t\t\t<\/div>\n\t\t\t\t<\/div>\n\t\t\t\t<\/div>\n\t\t\t\t\t<\/div>\n\t\t\t\t<\/div>\n\t\t<div class=\"elementor-element elementor-element-f28f197 e-flex e-con-boxed e-con e-parent\" data-id=\"f28f197\" data-element_type=\"container\" data-e-type=\"container\">\n\t\t\t\t\t<div class=\"e-con-inner\">\n\t\t\t\t<div class=\"elementor-element elementor-element-18bebed elementor-widget elementor-widget-text-editor\" data-id=\"18bebed\" data-element_type=\"widget\" data-e-type=\"widget\" data-widget_type=\"text-editor.default\">\n\t\t\t\t<div class=\"elementor-widget-container\">\n\t\t\t\t\t\t\t\t\t<p>\ud83c\udf4f <strong>C\u00f3ctel S\u00faper Sano de Ingredientes Naturales: <\/strong>Con una mezcla saludable de frutas, verduras y hierbas frescas, proporcionamos a tu perro nutrientes esenciales para un estilo de vida activo y vibrante.<\/p><p>\u00a0<\/p><p>\ud83c\udde9\ud83c\uddea <strong>Hecho en Alemania para tu Tranquilidad: <\/strong>Con orgullo, nuestro pienso es fabricado en Alemania, cumpliendo con est\u00e1ndares de calidad y seguridad para garantizar la mejor nutrici\u00f3n para tu perro.<\/p><p>\u00a0<\/p><p>Haz clic ahora para ofrecer a tu perro una experiencia alimentaria \u00fanica y saludable. Compra Edgard &amp; Cooper y \u00fanete a nosotros en el viaje hacia una alimentaci\u00f3n m\u00e1s natural y sostenible.<\/p>\t\t\t\t\t\t\t\t<\/div>\n\t\t\t\t<\/div>\n\t\t\t\t\t<\/div>\n\t\t\t\t<\/div>\n\t\t<div class=\"elementor-element elementor-element-48bb501 e-flex e-con-boxed e-con e-parent\" data-id=\"48bb501\" data-element_type=\"container\" data-e-type=\"container\">\n\t\t\t\t\t<div class=\"e-con-inner\">\n\t\t\t\t<div class=\"elementor-element elementor-element-f4401e2 elementor-align-right elementor-widget elementor-widget-button\" data-id=\"f4401e2\" data-element_type=\"widget\" data-e-type=\"widget\" data-widget_type=\"button.default\">\n\t\t\t\t<div class=\"elementor-widget-container\">\n\t\t\t\t\t\t\t\t\t<div class=\"elementor-button-wrapper\">\n\t\t\t\t\t<a class=\"elementor-button elementor-button-link elementor-size-sm\" href=\"https:\/\/amzn.to\/3Tuc1Qm\">\n\t\t\t\t\t\t<span class=\"elementor-button-content-wrapper\">\n\t\t\t\t\t\t\t\t\t<span class=\"elementor-button-text\">Compra ahora en Amazon<\/span>\n\t\t\t\t\t<\/span>\n\t\t\t\t\t<\/a>\n\t\t\t\t<\/div>\n\t\t\t\t\t\t\t\t<\/div>\n\t\t\t\t<\/div>\n\t\t\t\t\t<\/div>\n\t\t\t\t<\/div>\n\t\t<div class=\"elementor-element elementor-element-4cd5e06 e-flex e-con-boxed e-con e-parent\" data-id=\"4cd5e06\" data-element_type=\"container\" data-e-type=\"container\">\n\t\t\t\t\t<div class=\"e-con-inner\">\n\t\t\t\t<div class=\"elementor-element elementor-element-02d742d elementor-widget__width-initial elementor-arrows-position-inside elementor-pagination-position-outside elementor-widget elementor-widget-image-carousel\" data-id=\"02d742d\" data-element_type=\"widget\" data-e-type=\"widget\" data-settings=\"{&quot;slides_to_show&quot;:&quot;1&quot;,&quot;navigation&quot;:&quot;both&quot;,&quot;autoplay&quot;:&quot;yes&quot;,&quot;pause_on_hover&quot;:&quot;yes&quot;,&quot;pause_on_interaction&quot;:&quot;yes&quot;,&quot;autoplay_speed&quot;:5000,&quot;infinite&quot;:&quot;yes&quot;,&quot;effect&quot;:&quot;slide&quot;,&quot;speed&quot;:500}\" data-widget_type=\"image-carousel.default\">\n\t\t\t\t<div class=\"elementor-widget-container\">\n\t\t\t\t\t\t\t<div class=\"elementor-image-carousel-wrapper swiper\" role=\"region\" aria-roledescription=\"carousel\" aria-label=\"Carrusel de im\u00e1genes\" dir=\"ltr\">\n\t\t\t<div class=\"elementor-image-carousel swiper-wrapper\" aria-live=\"off\">\n\t\t\t\t\t\t\t\t<div class=\"swiper-slide\" role=\"group\" aria-roledescription=\"slide\" aria-label=\"1 de 5\"><figure class=\"swiper-slide-inner\"><img decoding=\"async\" class=\"swiper-slide-image\" src=\"https:\/\/mundoanimalito.com\/wp-content\/uploads\/2024\/03\/515NOV7kQnL._AC_.jpg\" alt=\"Edgard &amp; Cooper Pienso Perros Adultos Comida Seca Natural Sin Cereales, F\u00e1cil de digerir, Alimentaci\u00f3n Sana Sabrosa y equilibrada (Pollo, 2.5 kg (Paquete de 1))\" \/><\/figure><\/div><div class=\"swiper-slide\" role=\"group\" aria-roledescription=\"slide\" aria-label=\"2 de 5\"><figure class=\"swiper-slide-inner\"><img decoding=\"async\" class=\"swiper-slide-image\" src=\"https:\/\/mundoanimalito.com\/wp-content\/uploads\/2024\/03\/618HdT6ISpL._AC_SL1080_-768x753.jpg\" alt=\"Edgard &amp; Cooper Pienso Perros Adultos Comida Seca Natural Sin Cereales, F\u00e1cil de digerir, Alimentaci\u00f3n Sana Sabrosa y equilibrada (Pollo, 2.5 kg (Paquete de 1))\" \/><\/figure><\/div><div class=\"swiper-slide\" role=\"group\" aria-roledescription=\"slide\" aria-label=\"3 de 5\"><figure class=\"swiper-slide-inner\"><img decoding=\"async\" class=\"swiper-slide-image\" src=\"https:\/\/mundoanimalito.com\/wp-content\/uploads\/2024\/03\/51jv4K0Ha2L._AC_SL1080_-768x768.jpg\" alt=\"Edgard &amp; Cooper Pienso Perros Adultos Comida Seca Natural Sin Cereales, F\u00e1cil de digerir, Alimentaci\u00f3n Sana Sabrosa y equilibrada (Pollo, 2.5 kg (Paquete de 1))\" \/><\/figure><\/div><div class=\"swiper-slide\" role=\"group\" aria-roledescription=\"slide\" aria-label=\"4 de 5\"><figure class=\"swiper-slide-inner\"><img decoding=\"async\" class=\"swiper-slide-image\" src=\"https:\/\/mundoanimalito.com\/wp-content\/uploads\/2024\/03\/61fpFB6Ig2L._AC_SL1000_-768x768.jpg\" alt=\"Edgard &amp; Cooper Pienso Perros Adultos Comida Seca Natural Sin Cereales, F\u00e1cil de digerir, Alimentaci\u00f3n Sana Sabrosa y equilibrada (Pollo, 2.5 kg (Paquete de 1))\" \/><\/figure><\/div><div class=\"swiper-slide\" role=\"group\" aria-roledescription=\"slide\" aria-label=\"5 de 5\"><figure class=\"swiper-slide-inner\"><img decoding=\"async\" class=\"swiper-slide-image\" src=\"https:\/\/mundoanimalito.com\/wp-content\/uploads\/2024\/03\/416YwmY4XSL._AC_.jpg\" alt=\"Edgard &amp; Cooper Pienso Perros Adultos Comida Seca Natural Sin Cereales, F\u00e1cil de digerir, Alimentaci\u00f3n Sana Sabrosa y equilibrada (Pollo, 2.5 kg (Paquete de 1))\" \/><\/figure><\/div>\t\t\t<\/div>\n\t\t\t\t\t\t\t\t\t\t\t\t<div class=\"elementor-swiper-button elementor-swiper-button-prev\" role=\"button\" tabindex=\"0\">\n\t\t\t\t\t\t<i aria-hidden=\"true\" class=\"eicon-chevron-left\"><\/i>\t\t\t\t\t<\/div>\n\t\t\t\t\t<div class=\"elementor-swiper-button elementor-swiper-button-next\" role=\"button\" tabindex=\"0\">\n\t\t\t\t\t\t<i aria-hidden=\"true\" class=\"eicon-chevron-right\"><\/i>\t\t\t\t\t<\/div>\n\t\t\t\t\n\t\t\t\t\t\t\t\t\t<div class=\"swiper-pagination\"><\/div>\n\t\t\t\t\t\t\t\t\t<\/div>\n\t\t\t\t\t\t<\/div>\n\t\t\t\t<\/div>\n\t\t\t\t\t<\/div>\n\t\t\t\t<\/div>\n\t\t<div class=\"elementor-element elementor-element-e5eb468 e-flex e-con-boxed e-con e-parent\" data-id=\"e5eb468\" data-element_type=\"container\" data-e-type=\"container\">\n\t\t\t\t\t<div class=\"e-con-inner\">\n\t\t\t\t<div class=\"elementor-element elementor-element-55f685b elementor-widget elementor-widget-button\" data-id=\"55f685b\" data-element_type=\"widget\" data-e-type=\"widget\" data-widget_type=\"button.default\">\n\t\t\t\t<div class=\"elementor-widget-container\">\n\t\t\t\t\t\t\t\t\t<div class=\"elementor-button-wrapper\">\n\t\t\t\t\t<a class=\"elementor-button elementor-button-link elementor-size-sm\" href=\"https:\/\/amzn.to\/3Tuc1Qm\">\n\t\t\t\t\t\t<span class=\"elementor-button-content-wrapper\">\n\t\t\t\t\t\t\t\t\t<span class=\"elementor-button-text\">Compra ahora en Amazon<\/span>\n\t\t\t\t\t<\/span>\n\t\t\t\t\t<\/a>\n\t\t\t\t<\/div>\n\t\t\t\t\t\t\t\t<\/div>\n\t\t\t\t<\/div>\n\t\t\t\t\t<\/div>\n\t\t\t\t<\/div>\n\t\t\t\t<\/div>\n\t\t","protected":false},"excerpt":{"rendered":"<p>La Revoluci\u00f3n en la Alimentaci\u00f3n de tu Perro con Edgard &#038; Cooper Pienso para Perros Adultos, una Experiencia Nutricional Sin Cereales! \ud83c\udf3f Nutrici\u00f3n Natural para un Perro Saludable: Nuestra receta bien equilibrada es como tener a un entrenador personal para tu perro. Desarrollada por expertos universitarios, garantizamos la m\u00e1xima nutrici\u00f3n con ingredientes naturales. \u00a1Dale a [&hellip;]<\/p>\n","protected":false},"author":1,"featured_media":0,"parent":0,"menu_order":0,"comment_status":"closed","ping_status":"closed","template":"","meta":{"site-sidebar-layout":"no-sidebar","site-content-layout":"page-builder","ast-site-content-layout":"full-width-container","site-content-style":"default","site-sidebar-style":"default","ast-global-header-display":"","ast-banner-title-visibility":"","ast-main-header-display":"","ast-hfb-above-header-display":"","ast-hfb-below-header-display":"","ast-hfb-mobile-header-display":"","site-post-title":"disabled","ast-breadcrumbs-content":"","ast-featured-img":"disabled","footer-sml-layout":"","ast-disable-related-posts":"","theme-transparent-header-meta":"","adv-header-id-meta":"","stick-header-meta":"","header-above-stick-meta":"","header-main-stick-meta":"","header-below-stick-meta":"","astra-migrate-meta-layouts":"set","ast-page-background-enabled":"default","ast-page-background-meta":{"desktop":{"background-color":"var(--ast-global-color-4)","background-image":"","background-repeat":"repeat","background-position":"center center","background-size":"auto","background-attachment":"scroll","background-type":"","background-media":"","overlay-type":"","overlay-color":"","overlay-opacity":"","overlay-gradient":""},"tablet":{"background-color":"","background-image":"","background-repeat":"repeat","background-position":"center center","background-size":"auto","background-attachment":"scroll","background-type":"","background-media":"","overlay-type":"","overlay-color":"","overlay-opacity":"","overlay-gradient":""},"mobile":{"background-color":"","background-image":"","background-repeat":"repeat","background-position":"center center","background-size":"auto","background-attachment":"scroll","background-type":"","background-media":"","overlay-type":"","overlay-color":"","overlay-opacity":"","overlay-gradient":""}},"ast-content-background-meta":{"desktop":{"background-color":"var(--ast-global-color-5)","background-image":"","background-repeat":"repeat","background-position":"center center","background-size":"auto","background-attachment":"scroll","background-type":"","background-media":"","overlay-type":"","overlay-color":"","overlay-opacity":"","overlay-gradient":""},"tablet":{"background-color":"var(--ast-global-color-5)","background-image":"","background-repeat":"repeat","background-position":"center center","background-size":"auto","background-attachment":"scroll","background-type":"","background-media":"","overlay-type":"","overlay-color":"","overlay-opacity":"","overlay-gradient":""},"mobile":{"background-color":"var(--ast-global-color-5)","background-image":"","background-repeat":"repeat","background-position":"center center","background-size":"auto","background-attachment":"scroll","background-type":"","background-media":"","overlay-type":"","overlay-color":"","overlay-opacity":"","overlay-gradient":""}},"footnotes":""},"class_list":["post-14981","page","type-page","status-publish","hentry"],"yoast_head":"<!-- This site is optimized with the Yoast SEO plugin v27.5 - https:\/\/yoast.com\/product\/yoast-seo-wordpress\/ -->\n<title>Edgard &amp; Cooper Pienso para Perros, Adultos | Mundo Animalito<\/title>\n<meta name=\"description\" content=\"Edgard &amp; Cooper Pienso para Perros, Adultos, (Pollo, 2.5kg), Alimento seco Natural sin Cereales, Carne Fresca y sin az\u00facares a\u00f1adidos, prote\u00edna de Calidad\" \/>\n<meta name=\"robots\" content=\"index, follow, max-snippet:-1, max-image-preview:large, max-video-preview:-1\" \/>\n<link rel=\"canonical\" href=\"https:\/\/mundoanimalito.com\/index.php\/edgar-cooper-pienso\/\" \/>\n<meta property=\"og:locale\" content=\"es_ES\" \/>\n<meta property=\"og:type\" content=\"article\" \/>\n<meta property=\"og:title\" content=\"Edgard &amp; Cooper Pienso para Perros, Adultos | Mundo Animalito\" \/>\n<meta property=\"og:description\" content=\"Edgard &amp; Cooper Pienso para Perros, Adultos, (Pollo, 2.5kg), Alimento seco Natural sin Cereales, Carne Fresca y sin az\u00facares a\u00f1adidos, prote\u00edna de Calidad\" \/>\n<meta property=\"og:url\" content=\"https:\/\/mundoanimalito.com\/index.php\/edgar-cooper-pienso\/\" \/>\n<meta property=\"og:site_name\" content=\"Mundo Animalito\" \/>\n<meta property=\"article:publisher\" content=\"https:\/\/www.facebook.com\/mundoanimalito77\" \/>\n<meta property=\"article:modified_time\" content=\"2024-09-04T22:07:29+00:00\" \/>\n<meta property=\"og:image\" content=\"https:\/\/mundoanimalito.com\/wp-content\/uploads\/2024\/03\/71-YZYKDJnL._AC_SL1500_-795x1024.jpg\" \/>\n<meta name=\"twitter:card\" content=\"summary_large_image\" \/>\n<meta name=\"twitter:label1\" content=\"Tiempo de lectura\" \/>\n\t<meta name=\"twitter:data1\" content=\"3 minutos\" \/>\n<script type=\"application\/ld+json\" class=\"yoast-schema-graph\">{\"@context\":\"https:\\\/\\\/schema.org\",\"@graph\":[{\"@type\":\"WebPage\",\"@id\":\"https:\\\/\\\/mundoanimalito.com\\\/index.php\\\/edgar-cooper-pienso\\\/\",\"url\":\"https:\\\/\\\/mundoanimalito.com\\\/index.php\\\/edgar-cooper-pienso\\\/\",\"name\":\"Edgard & Cooper Pienso para Perros, Adultos | Mundo Animalito\",\"isPartOf\":{\"@id\":\"https:\\\/\\\/mundoanimalito.com\\\/#website\"},\"primaryImageOfPage\":{\"@id\":\"https:\\\/\\\/mundoanimalito.com\\\/index.php\\\/edgar-cooper-pienso\\\/#primaryimage\"},\"image\":{\"@id\":\"https:\\\/\\\/mundoanimalito.com\\\/index.php\\\/edgar-cooper-pienso\\\/#primaryimage\"},\"thumbnailUrl\":\"https:\\\/\\\/mundoanimalito.com\\\/wp-content\\\/uploads\\\/2024\\\/03\\\/71-YZYKDJnL._AC_SL1500_-795x1024.jpg\",\"datePublished\":\"2024-03-11T16:38:14+00:00\",\"dateModified\":\"2024-09-04T22:07:29+00:00\",\"description\":\"Edgard & Cooper Pienso para Perros, Adultos, (Pollo, 2.5kg), Alimento seco Natural sin Cereales, Carne Fresca y sin az\u00facares a\u00f1adidos, prote\u00edna de Calidad\",\"breadcrumb\":{\"@id\":\"https:\\\/\\\/mundoanimalito.com\\\/index.php\\\/edgar-cooper-pienso\\\/#breadcrumb\"},\"inLanguage\":\"es\",\"potentialAction\":[{\"@type\":\"ReadAction\",\"target\":[\"https:\\\/\\\/mundoanimalito.com\\\/index.php\\\/edgar-cooper-pienso\\\/\"]}]},{\"@type\":\"ImageObject\",\"inLanguage\":\"es\",\"@id\":\"https:\\\/\\\/mundoanimalito.com\\\/index.php\\\/edgar-cooper-pienso\\\/#primaryimage\",\"url\":\"https:\\\/\\\/mundoanimalito.com\\\/wp-content\\\/uploads\\\/2024\\\/03\\\/71-YZYKDJnL._AC_SL1500_.jpg\",\"contentUrl\":\"https:\\\/\\\/mundoanimalito.com\\\/wp-content\\\/uploads\\\/2024\\\/03\\\/71-YZYKDJnL._AC_SL1500_.jpg\",\"width\":1165,\"height\":1500,\"caption\":\"Edgard & Cooper Pienso Perros Adultos Comida Seca Natural Sin Cereales, F\u00e1cil de digerir, Alimentaci\u00f3n Sana Sabrosa y equilibrada (Pollo, 2.5 kg (Paquete de 1))\"},{\"@type\":\"BreadcrumbList\",\"@id\":\"https:\\\/\\\/mundoanimalito.com\\\/index.php\\\/edgar-cooper-pienso\\\/#breadcrumb\",\"itemListElement\":[{\"@type\":\"ListItem\",\"position\":1,\"name\":\"Portada\",\"item\":\"https:\\\/\\\/mundoanimalito.com\\\/\"},{\"@type\":\"ListItem\",\"position\":2,\"name\":\"Edgar &#038; Cooper pienso\"}]},{\"@type\":\"WebSite\",\"@id\":\"https:\\\/\\\/mundoanimalito.com\\\/#website\",\"url\":\"https:\\\/\\\/mundoanimalito.com\\\/\",\"name\":\"Mundo Animalito\",\"description\":\"Datos y curiosidades de los animales, encuentra ac\u00e1 todo para tu mascota\",\"publisher\":{\"@id\":\"https:\\\/\\\/mundoanimalito.com\\\/#organization\"},\"potentialAction\":[{\"@type\":\"SearchAction\",\"target\":{\"@type\":\"EntryPoint\",\"urlTemplate\":\"https:\\\/\\\/mundoanimalito.com\\\/?s={search_term_string}\"},\"query-input\":{\"@type\":\"PropertyValueSpecification\",\"valueRequired\":true,\"valueName\":\"search_term_string\"}}],\"inLanguage\":\"es\"},{\"@type\":\"Organization\",\"@id\":\"https:\\\/\\\/mundoanimalito.com\\\/#organization\",\"name\":\"Mundo Animalito\",\"url\":\"https:\\\/\\\/mundoanimalito.com\\\/\",\"logo\":{\"@type\":\"ImageObject\",\"inLanguage\":\"es\",\"@id\":\"https:\\\/\\\/mundoanimalito.com\\\/#\\\/schema\\\/logo\\\/image\\\/\",\"url\":\"https:\\\/\\\/mundoanimalito.com\\\/wp-content\\\/uploads\\\/2023\\\/10\\\/cropped-cropped-LOGO-OFICIAL-ULTIMA-VERSION-1.jpg\",\"contentUrl\":\"https:\\\/\\\/mundoanimalito.com\\\/wp-content\\\/uploads\\\/2023\\\/10\\\/cropped-cropped-LOGO-OFICIAL-ULTIMA-VERSION-1.jpg\",\"width\":374,\"height\":425,\"caption\":\"Mundo Animalito\"},\"image\":{\"@id\":\"https:\\\/\\\/mundoanimalito.com\\\/#\\\/schema\\\/logo\\\/image\\\/\"},\"sameAs\":[\"https:\\\/\\\/www.facebook.com\\\/mundoanimalito77\",\"https:\\\/\\\/www.instagram.com\\\/mundoanimalito77\\\/\",\"https:\\\/\\\/www.tiktok.com\\\/@mundoanimalito77\",\"https:\\\/\\\/www.youtube.com\\\/channel\\\/UCLo2JhNUNtHVraDt5aHadew\"]}]}<\/script>\n<!-- \/ Yoast SEO plugin. -->","yoast_head_json":{"title":"Edgard & Cooper Pienso para Perros, Adultos | Mundo Animalito","description":"Edgard & Cooper Pienso para Perros, Adultos, (Pollo, 2.5kg), Alimento seco Natural sin Cereales, Carne Fresca y sin az\u00facares a\u00f1adidos, prote\u00edna de Calidad","robots":{"index":"index","follow":"follow","max-snippet":"max-snippet:-1","max-image-preview":"max-image-preview:large","max-video-preview":"max-video-preview:-1"},"canonical":"https:\/\/mundoanimalito.com\/index.php\/edgar-cooper-pienso\/","og_locale":"es_ES","og_type":"article","og_title":"Edgard & Cooper Pienso para Perros, Adultos | Mundo Animalito","og_description":"Edgard & Cooper Pienso para Perros, Adultos, (Pollo, 2.5kg), Alimento seco Natural sin Cereales, Carne Fresca y sin az\u00facares a\u00f1adidos, prote\u00edna de Calidad","og_url":"https:\/\/mundoanimalito.com\/index.php\/edgar-cooper-pienso\/","og_site_name":"Mundo Animalito","article_publisher":"https:\/\/www.facebook.com\/mundoanimalito77","article_modified_time":"2024-09-04T22:07:29+00:00","og_image":[{"url":"https:\/\/mundoanimalito.com\/wp-content\/uploads\/2024\/03\/71-YZYKDJnL._AC_SL1500_-795x1024.jpg","type":"","width":"","height":""}],"twitter_card":"summary_large_image","twitter_misc":{"Tiempo de lectura":"3 minutos"},"schema":{"@context":"https:\/\/schema.org","@graph":[{"@type":"WebPage","@id":"https:\/\/mundoanimalito.com\/index.php\/edgar-cooper-pienso\/","url":"https:\/\/mundoanimalito.com\/index.php\/edgar-cooper-pienso\/","name":"Edgard & Cooper Pienso para Perros, Adultos | Mundo Animalito","isPartOf":{"@id":"https:\/\/mundoanimalito.com\/#website"},"primaryImageOfPage":{"@id":"https:\/\/mundoanimalito.com\/index.php\/edgar-cooper-pienso\/#primaryimage"},"image":{"@id":"https:\/\/mundoanimalito.com\/index.php\/edgar-cooper-pienso\/#primaryimage"},"thumbnailUrl":"https:\/\/mundoanimalito.com\/wp-content\/uploads\/2024\/03\/71-YZYKDJnL._AC_SL1500_-795x1024.jpg","datePublished":"2024-03-11T16:38:14+00:00","dateModified":"2024-09-04T22:07:29+00:00","description":"Edgard & Cooper Pienso para Perros, Adultos, (Pollo, 2.5kg), Alimento seco Natural sin Cereales, Carne Fresca y sin az\u00facares a\u00f1adidos, prote\u00edna de Calidad","breadcrumb":{"@id":"https:\/\/mundoanimalito.com\/index.php\/edgar-cooper-pienso\/#breadcrumb"},"inLanguage":"es","potentialAction":[{"@type":"ReadAction","target":["https:\/\/mundoanimalito.com\/index.php\/edgar-cooper-pienso\/"]}]},{"@type":"ImageObject","inLanguage":"es","@id":"https:\/\/mundoanimalito.com\/index.php\/edgar-cooper-pienso\/#primaryimage","url":"https:\/\/mundoanimalito.com\/wp-content\/uploads\/2024\/03\/71-YZYKDJnL._AC_SL1500_.jpg","contentUrl":"https:\/\/mundoanimalito.com\/wp-content\/uploads\/2024\/03\/71-YZYKDJnL._AC_SL1500_.jpg","width":1165,"height":1500,"caption":"Edgard & Cooper Pienso Perros Adultos Comida Seca Natural Sin Cereales, F\u00e1cil de digerir, Alimentaci\u00f3n Sana Sabrosa y equilibrada (Pollo, 2.5 kg (Paquete de 1))"},{"@type":"BreadcrumbList","@id":"https:\/\/mundoanimalito.com\/index.php\/edgar-cooper-pienso\/#breadcrumb","itemListElement":[{"@type":"ListItem","position":1,"name":"Portada","item":"https:\/\/mundoanimalito.com\/"},{"@type":"ListItem","position":2,"name":"Edgar &#038; Cooper pienso"}]},{"@type":"WebSite","@id":"https:\/\/mundoanimalito.com\/#website","url":"https:\/\/mundoanimalito.com\/","name":"Mundo Animalito","description":"Datos y curiosidades de los animales, encuentra ac\u00e1 todo para tu mascota","publisher":{"@id":"https:\/\/mundoanimalito.com\/#organization"},"potentialAction":[{"@type":"SearchAction","target":{"@type":"EntryPoint","urlTemplate":"https:\/\/mundoanimalito.com\/?s={search_term_string}"},"query-input":{"@type":"PropertyValueSpecification","valueRequired":true,"valueName":"search_term_string"}}],"inLanguage":"es"},{"@type":"Organization","@id":"https:\/\/mundoanimalito.com\/#organization","name":"Mundo Animalito","url":"https:\/\/mundoanimalito.com\/","logo":{"@type":"ImageObject","inLanguage":"es","@id":"https:\/\/mundoanimalito.com\/#\/schema\/logo\/image\/","url":"https:\/\/mundoanimalito.com\/wp-content\/uploads\/2023\/10\/cropped-cropped-LOGO-OFICIAL-ULTIMA-VERSION-1.jpg","contentUrl":"https:\/\/mundoanimalito.com\/wp-content\/uploads\/2023\/10\/cropped-cropped-LOGO-OFICIAL-ULTIMA-VERSION-1.jpg","width":374,"height":425,"caption":"Mundo Animalito"},"image":{"@id":"https:\/\/mundoanimalito.com\/#\/schema\/logo\/image\/"},"sameAs":["https:\/\/www.facebook.com\/mundoanimalito77","https:\/\/www.instagram.com\/mundoanimalito77\/","https:\/\/www.tiktok.com\/@mundoanimalito77","https:\/\/www.youtube.com\/channel\/UCLo2JhNUNtHVraDt5aHadew"]}]}},"_links":{"self":[{"href":"https:\/\/mundoanimalito.com\/index.php\/wp-json\/wp\/v2\/pages\/14981","targetHints":{"allow":["GET"]}}],"collection":[{"href":"https:\/\/mundoanimalito.com\/index.php\/wp-json\/wp\/v2\/pages"}],"about":[{"href":"https:\/\/mundoanimalito.com\/index.php\/wp-json\/wp\/v2\/types\/page"}],"author":[{"embeddable":true,"href":"https:\/\/mundoanimalito.com\/index.php\/wp-json\/wp\/v2\/users\/1"}],"replies":[{"embeddable":true,"href":"https:\/\/mundoanimalito.com\/index.php\/wp-json\/wp\/v2\/comments?post=14981"}],"version-history":[{"count":0,"href":"https:\/\/mundoanimalito.com\/index.php\/wp-json\/wp\/v2\/pages\/14981\/revisions"}],"wp:attachment":[{"href":"https:\/\/mundoanimalito.com\/index.php\/wp-json\/wp\/v2\/media?parent=14981"}],"curies":[{"name":"wp","href":"https:\/\/api.w.org\/{rel}","templated":true}]}}